-- --------------------------------------------------------
-- Server OS:                    Win64
-- HeidiSQL Version:             10.2.0.5599
-- --------------------------------------------------------


-- Dumping structure for table iposolution.accounts
CREATE TABLE IF NOT EXISTS `accounts` (
  `HeadCode` int(50) NOT NULL,
  `HeadName` varchar(100) NOT NULL,
  `PHeadName` varchar(50) NOT NULL,
  `HeadLevel` int(11) NOT NULL,
  `IsActive` tinyint(1) NOT NULL,
  `IsTransaction` tinyint(1) NOT NULL,
  `IsGL` tinyint(1) NOT NULL,
  `HeadType` char(1) NOT NULL,
  `IsBudget` tinyint(1) DEFAULT NULL,
  `IsDepreciation` tinyint(1) DEFAULT NULL,
  `customer_id` int(11) DEFAULT NULL,
  `supplier_id` int(11) DEFAULT NULL,
  `DepreciationRate` decimal(18,2) DEFAULT NULL,
  `createdBy` varchar(50) DEFAULT NULL,
  `created_at` datetime DEFAULT CURRENT_TIMESTAMP,
  `updatedBy` varchar(50) DEFAULT NULL,
  `updated_at` datetime DEFAULT CURRENT_TIMESTAMP
) ENGINE=InnoDB DEFAULT CHARSET=utf8;

-- Dumping data for table iposolution.accounts: ~10 rows (approximately)
INSERT INTO `accounts` (`HeadCode`, `HeadName`, `PHeadName`, `HeadLevel`, `IsActive`, `IsTransaction`, `IsGL`, `HeadType`, `IsBudget`, `IsDepreciation`, `customer_id`, `supplier_id`, `DepreciationRate`, `createdBy`, `created_at`, `updatedBy`, `updated_at`) VALUES
	(301, 'Asset', 'Income', 1, 1, 0, 0, 'I', 0, 0, NULL, NULL, 1.00, NULL, '2021-10-13 21:43:01', NULL, '2021-10-13 21:50:56'),
	(1, 'Assets', 'COA', 0, 1, 0, 0, 'A', 0, 0, NULL, NULL, 0.00, '', '2019-09-05 00:00:00', '', '2021-10-13 21:47:01'),
	(10101, 'Currentt', 'Test2Asset 4', 2, 1, 0, 0, 'A', NULL, NULL, NULL, NULL, NULL, NULL, '2021-10-13 22:04:42', NULL, '2021-10-14 15:28:18'),
	(2, 'Equity', 'COA', 0, 1, 0, 0, 'L', 0, 0, NULL, NULL, 0.00, '', '2019-09-05 00:00:00', '', '2021-10-13 21:21:14'),
	(4, 'Expence', 'COA', 0, 1, 0, 0, 'E', 0, 0, NULL, NULL, 0.00, '', '2019-09-05 00:00:00', '', '2021-10-13 21:21:14'),
	(3, 'Income', 'COA', 0, 1, 0, 0, 'I', 0, 0, NULL, NULL, 0.00, '', '2019-09-05 00:00:00', '', '2021-10-13 21:21:14'),
	(5, 'Liabilities', 'COA', 0, 1, 0, 0, 'L', 0, 0, NULL, NULL, 0.00, 'admin', '2013-07-04 12:32:07', 'admin', '2021-10-13 21:21:14'),
	(30101, 'PreviosAsstes', 'Income', 2, 1, 0, 0, 'I', 0, 0, NULL, NULL, 1.00, NULL, '2021-10-13 21:43:09', NULL, '2021-10-13 21:47:42'),
	(1010101, 'Test2Asse', 'Currentt', 3, 1, 0, 0, 'A', NULL, NULL, NULL, NULL, NULL, NULL, '2021-10-13 22:04:55', NULL, '2021-10-13 22:04:55'),
	(101, 'Test2Asset 4', 'Assets', 1, 1, 0, 0, 'A', NULL, NULL, NULL, NULL, NULL, NULL, '2021-10-13 21:52:08', NULL, '2021-10-14 15:28:18'),
	(1010102, 'Non Current Assets55', 'Currentt', 3, 1, 0, 0, 'A', NULL, NULL, NULL, NULL, NULL, NULL, '2021-10-14 15:28:39', NULL, '2021-10-14 15:28:39');

-- Dumping structure for table iposolution.activity_logs
CREATE TABLE IF NOT EXISTS `activity_logs` (
  `id` int(10) unsigned NOT NULL AUTO_INCREMENT,
  `module_type` varchar(100) DEFAULT NULL,
  `module_id` int(11) DEFAULT NULL,
  `member_id` int(11) DEFAULT NULL,
  `summary` varchar(150) DEFAULT NULL,
  `text` varchar(255) DEFAULT NULL,
  `action` varchar(100) DEFAULT NULL,
  `created_by` int(11) DEFAULT NULL,
  `updated_by` int(11) DEFAULT NULL,
  `created_at` timestamp NULL DEFAULT NULL,
  `updated_at` timestamp NULL DEFAULT NULL,
  PRIMARY KEY (`id`) USING BTREE
) ENGINE=InnoDB AUTO_INCREMENT=181 DEFAULT CHARSET=utf8;

-- Dumping data for table iposolution.activity_logs: ~164 rows (approximately)
INSERT INTO `activity_logs` (`id`, `module_type`, `module_id`, `member_id`, `summary`, `text`, `action`, `created_by`, `updated_by`, `created_at`, `updated_at`) VALUES
	(1, 'user', 5325, NULL, 'User', 'User Updated', 'Updated', 1, NULL, '2021-08-19 09:34:40', '2021-08-19 09:34:40'),
	(2, 'user', 5325, NULL, 'User', 'User Updated', 'Updated', 1, NULL, '2021-08-19 09:34:51', '2021-08-19 09:34:51'),
	(3, 'user', 5325, NULL, 'User', 'User Updated', 'Updated', 1, NULL, '2021-08-19 09:36:31', '2021-08-19 09:36:31'),
	(4, 'user', 1611, NULL, 'User', 'Member Updated', 'Updated', 1, NULL, '2021-08-19 10:49:29', '2021-08-19 10:49:29'),
	(5, 'user', 1611, NULL, 'User', 'Member Updated', 'Updated', 1, NULL, '2021-08-19 10:51:15', '2021-08-19 10:51:15'),
	(6, 'user', 1611, NULL, 'User', 'Member Updated', 'Updated', 1, NULL, '2021-08-19 10:51:43', '2021-08-19 10:51:43'),
	(7, 'user', 1611, NULL, 'User', 'Member Updated', 'Updated', 1, NULL, '2021-08-19 11:07:55', '2021-08-19 11:07:55'),
	(8, 'user', 1611, NULL, 'User', 'Member Updated', 'Updated', 1, NULL, '2021-08-19 11:12:04', '2021-08-19 11:12:04'),
	(9, 'user', 1611, NULL, 'User', 'Member Updated', 'Updated', 1, NULL, '2021-08-16 11:12:19', '2021-08-19 11:12:19'),
	(10, 'union', 183, NULL, 'Union', 'Union Created', 'Created', 1, NULL, '2021-08-18 13:14:15', '2021-08-19 13:14:15'),
	(11, 'word', 1, NULL, 'Word', 'Word Created', 'Created', 1, NULL, '2021-08-18 13:14:46', '2021-08-19 13:14:46'),
	(12, 'role', 3, NULL, 'Role', 'Role Updated', 'Updated', 1, NULL, '2021-08-17 14:46:39', '2021-08-19 14:46:39'),
	(13, 'user', 5325, NULL, 'User', 'Member Updated', 'Updated', 1, NULL, '2021-08-19 15:42:40', '2021-08-19 15:42:40'),
	(14, 'user', 5325, NULL, 'User', 'Member Updated', 'Updated', 1, NULL, '2021-08-19 15:42:56', '2021-08-19 15:42:56'),
	(15, 'user', 5325, NULL, 'User', 'Member Updated', 'Updated', 1, NULL, '2021-08-19 15:43:13', '2021-08-19 15:43:13'),
	(16, 'member_phone', 3, 402, 'Member Phone', 'Added a phone number', 'Created', 1, NULL, '2021-08-21 05:58:01', '2021-08-21 05:58:01'),
	(17, 'member_phone', 4, 402, 'Member Phone', 'Added a phone number', 'Created', 1, NULL, '2021-08-21 06:43:38', '2021-08-21 06:43:38'),
	(18, 'groupuserremark', 9, NULL, 'GroupUserRemark', 'GroupUserRemark Updated', 'Updated', 1, NULL, '2021-08-21 14:50:20', '2021-08-21 14:50:20'),
	(19, 'group', 74, NULL, 'Group', 'Group Created', 'Created', 1, NULL, '2021-08-21 16:25:21', '2021-08-21 16:25:21'),
	(20, 'group', 73, NULL, 'Group', 'Group Updated', 'Created', 1, NULL, '2021-08-21 16:33:49', '2021-08-21 16:33:49'),
	(21, 'group', 72, NULL, 'Group', 'Group Updated', 'Created', 1, NULL, '2021-08-21 16:34:12', '2021-08-21 16:34:12'),
	(22, 'group', 72, NULL, 'Group', 'Group Updated', 'Created', 1, NULL, '2021-08-21 16:34:20', '2021-08-21 16:34:20'),
	(23, 'permission', 452, NULL, 'Permission', 'Permission Created', 'Created', 5805, NULL, '2021-08-21 17:23:37', '2021-08-21 17:23:37'),
	(24, 'member_phone', 5, 4073, 'Member Phone', 'Added a phone number', 'Created', 1, NULL, '2021-08-22 12:29:23', '2021-08-22 12:29:23'),
	(25, 'groupuser', 8, NULL, 'Group User', 'Group User Assign', 'Assign', 1, NULL, '2021-08-22 13:03:41', '2021-08-22 13:03:41'),
	(26, 'groupuser', 9, NULL, 'Group User', 'Group User Assign', 'Assign', 1, NULL, '2021-08-22 13:03:44', '2021-08-22 13:03:44'),
	(27, 'groupuser', 10, NULL, 'Group User', 'Group User Assign', 'Assign', 1, NULL, '2021-08-22 13:03:48', '2021-08-22 13:03:48'),
	(28, 'groupuser', 11, NULL, 'Group User', 'Group User Assign', 'Assign', 1, NULL, '2021-08-22 13:05:40', '2021-08-22 13:05:40'),
	(29, 'admin_phone', 6, 1, 'Admin Phone', 'Added a phone number', 'Created', 1, NULL, '2021-08-22 17:00:48', '2021-08-22 17:00:48'),
	(30, 'groupuserremark', 10, NULL, 'Group User Remark', 'Group User Remark Updated', 'Updated', 1, NULL, '2021-08-26 14:12:18', '2021-08-26 14:12:18'),
	(31, 'groupuserremark', 11, NULL, 'Group User Remark', 'Group User Remark Updated', 'Updated', 1, NULL, '2021-08-26 14:12:52', '2021-08-26 14:12:52'),
	(32, 'groupuserremark', 12, NULL, 'Group User Remark', 'Group User Remark Updated', 'Updated', 1, NULL, '2021-08-26 14:15:48', '2021-08-26 14:15:48'),
	(33, 'groupuserremark', 13, NULL, 'Group User Remark', 'Group User Remark Updated', 'Updated', 1, NULL, '2021-08-26 14:16:00', '2021-08-26 14:16:00'),
	(34, 'groupuserremark', 14, NULL, 'Group User Remark', 'Group User Remark Updated', 'Updated', 1, NULL, '2021-08-26 14:22:53', '2021-08-26 14:22:53'),
	(35, 'groupuserremark', 15, NULL, 'Group User Remark', 'Group User Remark Updated', 'Updated', 1, NULL, '2021-08-26 14:24:46', '2021-08-26 14:24:46'),
	(36, 'groupuserremark', 16, NULL, 'Group User Remark', 'Group User Remark Updated', 'Updated', 1, NULL, '2021-08-26 14:35:07', '2021-08-26 14:35:07'),
	(37, 'groupuserremark', 17, NULL, 'Group User Remark', 'Group User Remark Updated', 'Updated', 1, NULL, '2021-08-26 14:35:40', '2021-08-26 14:35:40'),
	(38, 'groupuserremark', 18, NULL, 'Group User Remark', 'Group User Remark Updated', 'Updated', 1, NULL, '2021-08-26 14:35:47', '2021-08-26 14:35:47'),
	(39, 'groupuserremark', 19, NULL, 'Group User Remark', 'Group User Remark Updated', 'Updated', 1, NULL, '2021-08-26 14:35:47', '2021-08-26 14:35:47'),
	(40, 'groupuserremark', 20, NULL, 'Group User Remark', 'Group User Remark Updated', 'Updated', 1, NULL, '2021-08-26 14:35:57', '2021-08-26 14:35:57'),
	(41, 'groupuserremark', 22, NULL, 'Group User Remark', 'Group User Remark Updated', 'Updated', 1, NULL, '2021-08-26 14:35:57', '2021-08-26 14:35:57'),
	(42, 'groupuserremark', 21, NULL, 'Group User Remark', 'Group User Remark Updated', 'Updated', 1, NULL, '2021-08-26 14:35:57', '2021-08-26 14:35:57'),
	(43, 'groupuserremark', 23, NULL, 'Group User Remark', 'Group User Remark Updated', 'Updated', 1, NULL, '2021-08-26 14:35:58', '2021-08-26 14:35:58'),
	(44, 'groupuserremark', 24, NULL, 'Group User Remark', 'Group User Remark Updated', 'Updated', 1, NULL, '2021-08-26 14:36:23', '2021-08-26 14:36:23'),
	(45, 'groupuserremark', 25, NULL, 'Group User Remark', 'Group User Remark Updated', 'Updated', 1, NULL, '2021-08-26 14:36:23', '2021-08-26 14:36:23'),
	(46, 'groupuserremark', 26, NULL, 'Group User Remark', 'Group User Remark Updated', 'Updated', 1, NULL, '2021-08-26 14:36:23', '2021-08-26 14:36:23'),
	(47, 'groupuserremark', 27, NULL, 'Group User Remark', 'Group User Remark Updated', 'Updated', 1, NULL, '2021-08-26 14:36:23', '2021-08-26 14:36:23'),
	(48, 'groupuserremark', 28, NULL, 'Group User Remark', 'Group User Remark Updated', 'Updated', 1, NULL, '2021-08-26 14:36:23', '2021-08-26 14:36:23'),
	(49, 'groupuserremark', 29, NULL, 'Group User Remark', 'Group User Remark Updated', 'Updated', 1, NULL, '2021-08-26 14:36:24', '2021-08-26 14:36:24'),
	(50, 'groupuserremark', 30, NULL, 'Group User Remark', 'Group User Remark Updated', 'Updated', 1, NULL, '2021-08-26 14:36:24', '2021-08-26 14:36:24'),
	(51, 'groupuserremark', 31, NULL, 'Group User Remark', 'Group User Remark Updated', 'Updated', 1, NULL, '2021-08-26 14:36:24', '2021-08-26 14:36:24'),
	(52, 'groupuserremark', 32, NULL, 'Group User Remark', 'Group User Remark Updated', 'Updated', 1, NULL, '2021-08-26 14:37:07', '2021-08-26 14:37:07'),
	(53, 'groupuserremark', 33, NULL, 'Group User Remark', 'Group User Remark Updated', 'Updated', 1, NULL, '2021-08-26 14:37:07', '2021-08-26 14:37:07'),
	(54, 'groupuserremark', 34, NULL, 'Group User Remark', 'Group User Remark Updated', 'Updated', 1, NULL, '2021-08-26 14:37:07', '2021-08-26 14:37:07'),
	(55, 'groupuserremark', 35, NULL, 'Group User Remark', 'Group User Remark Updated', 'Updated', 1, NULL, '2021-08-26 14:37:07', '2021-08-26 14:37:07'),
	(56, 'groupuserremark', 36, NULL, 'Group User Remark', 'Group User Remark Updated', 'Updated', 1, NULL, '2021-08-26 14:37:07', '2021-08-26 14:37:07'),
	(57, 'groupuserremark', 37, NULL, 'Group User Remark', 'Group User Remark Updated', 'Updated', 1, NULL, '2021-08-26 14:37:07', '2021-08-26 14:37:07'),
	(58, 'groupuserremark', 38, NULL, 'Group User Remark', 'Group User Remark Updated', 'Updated', 1, NULL, '2021-08-26 14:37:07', '2021-08-26 14:37:07'),
	(59, 'groupuserremark', 39, NULL, 'Group User Remark', 'Group User Remark Updated', 'Updated', 1, NULL, '2021-08-26 14:37:07', '2021-08-26 14:37:07'),
	(60, 'groupuserremark', 40, NULL, 'Group User Remark', 'Group User Remark Updated', 'Updated', 1, NULL, '2021-08-26 14:37:07', '2021-08-26 14:37:07'),
	(61, 'groupuserremark', 41, NULL, 'Group User Remark', 'Group User Remark Updated', 'Updated', 1, NULL, '2021-08-26 14:37:08', '2021-08-26 14:37:08'),
	(62, 'groupuserremark', 42, NULL, 'Group User Remark', 'Group User Remark Updated', 'Updated', 1, NULL, '2021-08-26 14:37:08', '2021-08-26 14:37:08'),
	(63, 'groupuserremark', 43, NULL, 'Group User Remark', 'Group User Remark Updated', 'Updated', 1, NULL, '2021-08-26 14:37:08', '2021-08-26 14:37:08'),
	(64, 'groupuserremark', 44, NULL, 'Group User Remark', 'Group User Remark Updated', 'Updated', 1, NULL, '2021-08-26 14:37:08', '2021-08-26 14:37:08'),
	(65, 'groupuserremark', 45, NULL, 'Group User Remark', 'Group User Remark Updated', 'Updated', 1, NULL, '2021-08-26 14:37:08', '2021-08-26 14:37:08'),
	(66, 'groupuserremark', 46, NULL, 'Group User Remark', 'Group User Remark Updated', 'Updated', 1, NULL, '2021-08-26 14:37:08', '2021-08-26 14:37:08'),
	(67, 'groupuserremark', 47, NULL, 'Group User Remark', 'Group User Remark Updated', 'Updated', 1, NULL, '2021-08-26 14:37:08', '2021-08-26 14:37:08'),
	(68, 'groupuserremark', 48, NULL, 'Group User Remark', 'Group User Remark Updated', 'Updated', 1, NULL, '2021-08-26 14:37:08', '2021-08-26 14:37:08'),
	(69, 'groupuserremark', 49, NULL, 'Group User Remark', 'Group User Remark Updated', 'Updated', 1, NULL, '2021-08-26 14:38:45', '2021-08-26 14:38:45'),
	(70, 'groupuserremark', 50, NULL, 'Group User Remark', 'Group User Remark Updated', 'Updated', 1, NULL, '2021-08-26 14:38:45', '2021-08-26 14:38:45'),
	(71, 'groupuserremark', 51, NULL, 'Group User Remark', 'Group User Remark Updated', 'Updated', 1, NULL, '2021-08-26 14:38:58', '2021-08-26 14:38:58'),
	(72, 'groupuserremark', 52, NULL, 'Group User Remark', 'Group User Remark Updated', 'Updated', 1, NULL, '2021-08-26 14:38:58', '2021-08-26 14:38:58'),
	(73, 'groupuserremark', 53, NULL, 'Group User Remark', 'Group User Remark Updated', 'Updated', 1, NULL, '2021-08-26 14:38:58', '2021-08-26 14:38:58'),
	(74, 'groupuserremark', 54, NULL, 'Group User Remark', 'Group User Remark Updated', 'Updated', 1, NULL, '2021-08-26 14:38:59', '2021-08-26 14:38:59'),
	(75, 'groupuserremark', 55, NULL, 'Group User Remark', 'Group User Remark Updated', 'Updated', 1, NULL, '2021-08-26 14:42:36', '2021-08-26 14:42:36'),
	(76, 'groupuserremark', 56, NULL, 'Group User Remark', 'Group User Remark Updated', 'Updated', 1, NULL, '2021-08-26 14:42:44', '2021-08-26 14:42:44'),
	(77, 'groupuserremark', 57, NULL, 'Group User Remark', 'Group User Remark Updated', 'Updated', 1, NULL, '2021-08-26 14:42:44', '2021-08-26 14:42:44'),
	(78, 'groupuserremark', 58, NULL, 'Group User Remark', 'Group User Remark Updated', 'Updated', 1, NULL, '2021-08-26 14:51:48', '2021-08-26 14:51:48'),
	(79, 'groupuserremark', 59, NULL, 'Group User Remark', 'Group User Remark Updated', 'Updated', 1, NULL, '2021-08-26 14:52:24', '2021-08-26 14:52:24'),
	(80, 'groupuserremark', 60, NULL, 'Group User Remark', 'Group User Remark Updated', 'Updated', 1, NULL, '2021-08-26 14:53:27', '2021-08-26 14:53:27'),
	(81, 'groupuserremark', 61, NULL, 'Group User Remark', 'Group User Remark Updated', 'Updated', 1, NULL, '2021-08-26 14:53:34', '2021-08-26 14:53:34'),
	(82, 'groupuserremark', 62, NULL, 'Group User Remark', 'Group User Remark Updated', 'Updated', 1, NULL, '2021-08-26 14:53:34', '2021-08-26 14:53:34'),
	(83, 'groupuserremark', 63, NULL, 'Group User Remark', 'Group User Remark Updated', 'Updated', 1, NULL, '2021-08-26 14:55:58', '2021-08-26 14:55:58'),
	(84, 'groupuserremark', 64, NULL, 'Group User Remark', 'Group User Remark Updated', 'Updated', 1, NULL, '2021-08-26 14:56:01', '2021-08-26 14:56:01'),
	(85, 'groupuserremark', 65, NULL, 'Group User Remark', 'Group User Remark Updated', 'Updated', 1, NULL, '2021-08-26 14:56:01', '2021-08-26 14:56:01'),
	(86, 'groupuserremark', 66, NULL, 'Group User Remark', 'Group User Remark Updated', 'Updated', 1, NULL, '2021-08-26 15:00:33', '2021-08-26 15:00:33'),
	(87, 'groupuserremark', 67, NULL, 'Group User Remark', 'Group User Remark Updated', 'Updated', 1, NULL, '2021-08-26 15:00:33', '2021-08-26 15:00:33'),
	(88, 'groupuserremark', 68, NULL, 'Group User Remark', 'Group User Remark Updated', 'Updated', 1, NULL, '2021-08-26 15:02:22', '2021-08-26 15:02:22'),
	(89, 'groupuserremark', 69, NULL, 'Group User Remark', 'Group User Remark Updated', 'Updated', 1, NULL, '2021-08-26 15:02:26', '2021-08-26 15:02:26'),
	(90, 'groupuserremark', 70, NULL, 'Group User Remark', 'Group User Remark Updated', 'Updated', 1, NULL, '2021-08-26 15:02:32', '2021-08-26 15:02:32'),
	(91, 'groupuserremark', 71, NULL, 'Group User Remark', 'Group User Remark Updated', 'Updated', 1, NULL, '2021-08-26 15:02:42', '2021-08-26 15:02:42'),
	(92, 'groupuserremark', 72, NULL, 'Group User Remark', 'Group User Remark Updated', 'Updated', 1, NULL, '2021-08-26 15:02:48', '2021-08-26 15:02:48'),
	(93, 'groupuserremark', 73, NULL, 'Group User Remark', 'Group User Remark Updated', 'Updated', 1, NULL, '2021-08-26 15:02:51', '2021-08-26 15:02:51'),
	(94, 'groupuserremark', 74, NULL, 'Group User Remark', 'Group User Remark Updated', 'Updated', 1, NULL, '2021-08-26 15:02:57', '2021-08-26 15:02:57'),
	(95, 'groupuserremark', 75, NULL, 'Group User Remark', 'Group User Remark Updated', 'Updated', 1, NULL, '2021-08-26 15:03:04', '2021-08-26 15:03:04'),
	(96, 'groupuserremark', 76, NULL, 'Group User Remark', 'Group User Remark Updated', 'Updated', 1, NULL, '2021-08-26 15:15:15', '2021-08-26 15:15:15'),
	(97, 'groupuserremark', 77, NULL, 'Group User Remark', 'Group User Remark Updated', 'Updated', 1, NULL, '2021-08-26 15:28:15', '2021-08-26 15:28:15'),
	(98, 'groupuserremark', 78, NULL, 'Group User Remark', 'Group User Remark Updated', 'Updated', 1, NULL, '2021-08-26 15:30:20', '2021-08-26 15:30:20'),
	(99, 'groupuserremark', 79, NULL, 'Group User Remark', 'Group User Remark Updated', 'Updated', 1, NULL, '2021-08-26 15:39:31', '2021-08-26 15:39:31'),
	(100, 'groupuserremark', 80, NULL, 'Group User Remark', 'Group User Remark Updated', 'Updated', 1, NULL, '2021-08-26 15:40:30', '2021-08-26 15:40:30'),
	(101, 'groupuserremark', 81, NULL, 'Group User Remark', 'Group User Remark Updated', 'Updated', 1, NULL, '2021-08-26 15:40:40', '2021-08-26 15:40:40'),
	(102, 'groupuserremark', 82, NULL, 'Group User Remark', 'Group User Remark Updated', 'Updated', 1, NULL, '2021-08-26 15:40:51', '2021-08-26 15:40:51'),
	(103, 'groupuserremark', 83, NULL, 'Group User Remark', 'Group User Remark Updated', 'Updated', 1, NULL, '2021-08-26 15:42:17', '2021-08-26 15:42:17'),
	(104, 'groupuserremark', 84, NULL, 'Group User Remark', 'Group User Remark Updated', 'Updated', 1, NULL, '2021-08-26 15:43:18', '2021-08-26 15:43:18'),
	(105, 'groupuserremark', 85, NULL, 'Group User Remark', 'Group User Remark Updated', 'Updated', 1, NULL, '2021-08-26 15:44:28', '2021-08-26 15:44:28'),
	(106, 'groupuserremark', 86, NULL, 'Group User Remark', 'Group User Remark Updated', 'Updated', 1, NULL, '2021-08-26 15:47:27', '2021-08-26 15:47:27'),
	(107, 'groupuserremark', 87, NULL, 'Group User Remark', 'Group User Remark Updated', 'Updated', 1, NULL, '2021-08-26 15:53:57', '2021-08-26 15:53:57'),
	(108, 'groupuserremark', 88, NULL, 'Group User Remark', 'Group User Remark Updated', 'Updated', 1, NULL, '2021-08-26 15:54:38', '2021-08-26 15:54:38'),
	(109, 'groupuserremark', 89, NULL, 'Group User Remark', 'Group User Remark Updated', 'Updated', 1, NULL, '2021-08-26 15:55:07', '2021-08-26 15:55:07'),
	(110, 'groupuserremark', 90, NULL, 'Group User Remark', 'Group User Remark Updated', 'Updated', 1, NULL, '2021-08-26 15:56:56', '2021-08-26 15:56:56'),
	(111, 'groupuser', 12, NULL, 'Group User', 'Group User Assign', 'Assign', 1, NULL, '2021-08-26 16:08:05', '2021-08-26 16:08:05'),
	(112, 'groupuser', 13, NULL, 'Group User', 'Group User Assign', 'Assign', 1, NULL, '2021-08-26 16:08:08', '2021-08-26 16:08:08'),
	(113, 'groupuser', 14, NULL, 'Group User', 'Group User Assign', 'Assign', 1, NULL, '2021-08-26 16:08:55', '2021-08-26 16:08:55'),
	(114, 'groupuserremark', 91, NULL, 'Group User Remark', 'Group User Remark Updated', 'Updated', 1, NULL, '2021-08-26 16:10:08', '2021-08-26 16:10:08'),
	(115, 'groupuserremark', 92, NULL, 'Group User Remark', 'Group User Remark Updated', 'Updated', 1, NULL, '2021-08-26 16:10:12', '2021-08-26 16:10:12'),
	(116, 'groupuserremark', 93, NULL, 'Group User Remark', 'Group User Remark Updated', 'Updated', 1, NULL, '2021-08-26 16:10:20', '2021-08-26 16:10:20'),
	(117, 'groupuserremark', 94, NULL, 'Group User Remark', 'Group User Remark Updated', 'Updated', 1, NULL, '2021-08-26 16:10:23', '2021-08-26 16:10:23'),
	(118, 'groupuserremark', 95, NULL, 'Group User Remark', 'Group User Remark Added', 'Updated', 1, NULL, '2021-08-30 16:43:32', '2021-08-30 16:43:32'),
	(119, 'users_social_profiles', 12, NULL, 'Group User Remark', 'Group User Remark Added', 'Updated', 1, NULL, '2021-09-01 08:49:40', '2021-09-01 08:49:40'),
	(120, 'member_phone', 8, 1611, 'Member Phone', 'Added a phone number', 'Created', 1, NULL, '2021-09-08 13:06:54', '2021-09-08 13:06:54'),
	(121, 'member_phone', 10, 1611, 'Member Phone', 'Added a phone number', 'Created', 1, NULL, '2021-09-08 13:23:14', '2021-09-08 13:23:14'),
	(122, 'member_phone', 11, 1611, 'Member Phone', 'Added a phone number', 'Created', 1, NULL, '2021-09-08 13:23:26', '2021-09-08 13:23:26'),
	(123, 'user', 1611, NULL, 'User', 'Member Updated', 'Updated', 1, NULL, '2021-09-09 12:17:08', '2021-09-09 12:17:08'),
	(124, 'teamuser', 1, NULL, 'TeamUser', 'TeamUser Assigned', 'Assign', 1, NULL, '2021-09-09 12:18:38', '2021-09-09 12:18:38'),
	(125, 'groupuserremark', 96, NULL, 'Group User Remark', 'Group User Remark Added', 'Updated', 1, NULL, '2021-09-12 13:11:43', '2021-09-12 13:11:43'),
	(126, 'groupuserremark', 97, NULL, 'Group User Remark', 'Group User Remark Added', 'Updated', 1, NULL, '2021-09-12 13:29:08', '2021-09-12 13:29:08'),
	(127, 'groupuserremark', 98, NULL, 'Group User Remark', 'Group User Remark Added', 'Updated', 1, NULL, '2021-09-12 13:29:19', '2021-09-12 13:29:19'),
	(128, 'groupuserremark', 99, NULL, 'Group User Remark', 'Group User Remark Added', 'Updated', 1, NULL, '2021-09-12 13:30:56', '2021-09-12 13:30:56'),
	(129, 'users_social_profiles', 13, NULL, 'Group User Remark', 'Group User Remark Added', 'Updated', 1, NULL, '2021-09-13 14:20:27', '2021-09-13 14:20:27'),
	(130, 'member_phone', 8, 1611, 'Member Phone', 'Added a phone number', 'Created', 1, NULL, '2021-09-15 13:54:38', '2021-09-15 13:54:38'),
	(131, 'member_phone', 8, 1611, 'Member Phone', 'Added a phone number', 'Created', 1, NULL, '2021-09-15 13:54:43', '2021-09-15 13:54:43'),
	(132, 'admin_phone', 7, 5805, 'Member Phone', 'Added a phone number', 'Created', 1, NULL, '2021-09-15 13:59:05', '2021-09-15 13:59:05'),
	(133, 'admin_phone', 7, 5805, 'Member Phone', 'Added a phone number', 'Created', 1, NULL, '2021-09-15 14:02:38', '2021-09-15 14:02:38'),
	(134, 'admin_phone', 7, 5805, 'Member Phone', 'Added a phone number', 'Created', 1, NULL, '2021-09-15 14:03:00', '2021-09-15 14:03:00'),
	(135, 'admin_phone', 7, 5805, 'Member Phone', 'Added a phone number', 'Created', 1, NULL, '2021-09-15 14:21:58', '2021-09-15 14:21:58'),
	(136, 'AdminPhone', 14, 5805, 'Member Phone', 'Added a phone number', 'Created', 1, NULL, '2021-09-15 14:24:20', '2021-09-15 14:24:20'),
	(137, 'admin_phone', 12, 5805, 'Member Phone', 'Added a phone number', 'Created', 1, NULL, '2021-09-15 14:24:31', '2021-09-15 14:24:31'),
	(138, 'admin_phone', 13, 5805, 'Member Phone', 'Added a phone number', 'Created', 1, NULL, '2021-09-15 14:24:39', '2021-09-15 14:24:39'),
	(139, 'GroupUserRemark', 100, NULL, 'Group User Remark', ' Added A Group User Remark', 'Created', 1, NULL, '2021-09-19 14:59:37', '2021-09-19 14:59:37'),
	(140, 'GroupUserRemark', 101, NULL, 'Group User Remark', ' Added A Group User Remark', 'Created', 1, NULL, '2021-09-20 05:33:02', '2021-09-20 05:33:02'),
	(141, 'GroupUserRemark', 102, NULL, 'Group User Remark', ' Added A Group User Remark', 'Created', 1, NULL, '2021-09-20 05:33:14', '2021-09-20 05:33:14'),
	(142, 'GroupUser', 15, NULL, 'Group User', 'Assign A Group User', 'Assign', 1, NULL, '2021-09-22 06:22:51', '2021-09-22 06:22:51'),
	(143, 'GroupUserRemark', 49, NULL, 'Group User Remark', 'Deleted A Group User Remark', 'Deleted', 1, NULL, '2021-09-22 07:06:34', '2021-09-22 07:06:34'),
	(144, 'GroupUserRemark', 50, NULL, 'Group User Remark', 'Deleted A Group User Remark', 'Deleted', 1, NULL, '2021-09-22 07:06:39', '2021-09-22 07:06:39'),
	(145, 'Purchase', 4, NULL, 'Purchase', 'Created A Purchase', 'Created', 1, NULL, '2021-10-06 12:47:38', '2021-10-06 12:47:38'),
	(146, 'Purchase', 4, NULL, 'Purchase', 'Accepted A Purchase ', 'Status', 1, NULL, '2021-10-08 12:23:47', '2021-10-08 12:23:47'),
	(147, 'Purchase', 5, NULL, 'Purchase', 'Updated A Purchase ', 'Updated', 1, NULL, '2021-10-08 12:24:01', '2021-10-08 12:24:01'),
	(148, 'Purchase', 5, NULL, 'Purchase', 'Canceled A Purchase ', 'Status', 1, NULL, '2021-10-08 12:24:18', '2021-10-08 12:24:18'),
	(149, 'Purchase', 6, NULL, 'Purchase', 'Created A Purchase', 'Created', 1, NULL, '2021-10-14 15:44:09', '2021-10-14 15:44:09'),
	(150, 'Purchase', 6, NULL, 'Purchase', 'Accepted A Purchase ', 'Status', 1, NULL, '2021-10-16 06:59:55', '2021-10-16 06:59:55'),
	(151, 'Product', 7, NULL, 'Product', 'Created a Product', 'Created', 1, NULL, '2021-10-18 13:53:00', '2021-10-18 13:53:00'),
	(152, 'Product', 7, NULL, 'Product', 'Updated a Product', 'Updated', 1, NULL, '2021-10-18 13:57:48', '2021-10-18 13:57:48'),
	(153, 'Product', 6, NULL, 'Product', 'Updated a Product', 'Updated', 1, NULL, '2021-10-18 13:57:56', '2021-10-18 13:57:56'),
	(154, 'Group', 75, NULL, 'Group', ' Created A Group', 'Created', 1, NULL, '2021-10-18 13:58:58', '2021-10-18 13:58:58'),
	(155, 'User', 5805, NULL, 'User', 'Update A User', 'Updated', 1, NULL, '2021-10-18 13:59:14', '2021-10-18 13:59:14'),
	(156, 'User', 5805, NULL, 'User', 'Update A User', 'Updated', 1, NULL, '2021-10-18 14:01:15', '2021-10-18 14:01:15'),
	(157, 'Product', 6, NULL, 'Product', 'Updated a Product', 'Updated', 1, NULL, '2021-10-18 14:01:59', '2021-10-18 14:01:59'),
	(158, 'Purchase', 6, NULL, 'Purchase', 'Accepted A Purchase ', 'Status', 1, NULL, '2021-10-18 14:18:55', '2021-10-18 14:18:55'),
	(159, 'Purchase', 5, NULL, 'Purchase', 'Canceled A Purchase ', 'Status', 1, NULL, '2021-10-18 14:19:38', '2021-10-18 14:19:38'),
	(160, 'Purchase', 7, NULL, 'Purchase', 'Updated A Purchase ', 'Updated', 1, NULL, '2021-10-18 14:21:52', '2021-10-18 14:21:52'),
	(161, 'Purchase', 2, NULL, 'Purchase', 'Accepted A Purchase ', 'Status', 1, NULL, '2021-10-18 14:30:18', '2021-10-18 14:30:18'),
	(162, 'Purchase', 7, NULL, 'Purchase', 'Accepted A Purchase ', 'Status', 1, NULL, '2021-10-18 14:30:51', '2021-10-18 14:30:51'),
	(163, 'Purchase', 8, NULL, 'Purchase', 'Updated A Purchase ', 'Updated', 1, NULL, '2021-10-18 15:00:24', '2021-10-18 15:00:24'),
	(164, 'Purchase', 8, NULL, 'Purchase', 'Updated A Purchase ', 'Updated', 1, NULL, '2021-10-18 15:03:03', '2021-10-18 15:03:03'),
	(165, 'Purchase', 8, NULL, 'Purchase', 'Updated A Purchase ', 'Updated', 1, NULL, '2021-10-20 13:01:46', '2021-10-20 13:01:46'),
	(166, 'Purchase', 8, NULL, 'Purchase', 'Updated A Purchase ', 'Updated', 1, NULL, '2021-10-20 13:01:49', '2021-10-20 13:01:49'),
	(167, 'Purchase', 8, NULL, 'Purchase', 'Updated A Purchase ', 'Updated', 1, NULL, '2021-10-20 13:01:54', '2021-10-20 13:01:54'),
	(168, 'Sells', 1, NULL, 'Sell', 'Created A Sell', 'Created', 1, NULL, '2021-10-20 14:50:23', '2021-10-20 14:50:23'),
	(169, 'MemberPhone', 15, 5803, 'Member Phone', 'Added a phone number', 'Created', 1, NULL, '2021-11-22 07:48:22', '2021-11-22 07:48:22'),
	(170, 'User', 5803, NULL, 'User', 'Updated A Member ', 'Updated', 1, NULL, '2021-11-24 06:42:20', '2021-11-24 06:42:20'),
	(171, 'users_social_profiles', 13, NULL, 'Admin Social', ' Added A Social', 'Created', 1, NULL, '2021-11-25 07:41:26', '2021-11-25 07:41:26'),
	(172, 'GroupUserRemark', 103, NULL, 'Group User Remark', ' Added A Group User Remark', 'Created', 1, NULL, '2021-11-25 08:29:55', '2021-11-25 08:29:55'),
	(173, 'GroupUser', 16, NULL, 'Group User', 'Assign A Group User', 'Assign', 1, NULL, '2021-11-25 09:57:31', '2021-11-25 09:57:31'),
	(174, 'GroupUserRemark', 104, NULL, 'Group User Remark', ' Added A Group User Remark', 'Created', 1, NULL, '2021-11-25 09:57:48', '2021-11-25 09:57:48'),
	(175, 'Group', 74, NULL, 'Group', ' Updated A Group', 'Updated', 1, NULL, '2021-11-28 17:32:20', '2021-11-28 17:32:20'),
	(176, 'ShortRemarks', 1, NULL, 'ShortRemarks', ' Create A Short Remarks', 'Created', 1, NULL, '2021-12-06 13:39:48', '2021-12-06 13:39:48'),
	(177, 'ShortRemarks', 1, NULL, 'ShortRemarks', 'Updated Short Remarks', 'Updated', 1, NULL, '2021-12-06 13:40:14', '2021-12-06 13:40:14'),
	(178, 'ShortRemarks', 2, NULL, 'ShortRemarks', ' Create A Short Remarks', 'Created', 1, NULL, '2021-12-06 13:40:28', '2021-12-06 13:40:28'),
	(179, 'GroupUserRemark', 105, NULL, 'Group User Remark', ' Added A Group User Remark', 'Created', 1, NULL, '2021-12-06 13:42:24', '2021-12-06 13:42:24'),
	(180, 'Group', 72, NULL, 'Group', ' Updated A Group', 'Updated', 1, NULL, '2021-12-06 13:53:07', '2021-12-06 13:53:07');

-- Dumping structure for table iposolution.all_types
CREATE TABLE IF NOT EXISTS `all_types` (
  `id` int(10) unsigned NOT NULL AUTO_INCREMENT,
  `name` varchar(100) NOT NULL,
  `type` varchar(100) NOT NULL,
  `icon` text,
  `created_at` timestamp NOT NULL,
  `updated_at` timestamp NOT NULL,
  PRIMARY KEY (`id`)
) ENGINE=InnoDB AUTO_INCREMENT=8 DEFAULT CHARSET=utf8;

-- Dumping data for table iposolution.all_types: ~6 rows (approximately)
INSERT INTO `all_types` (`id`, `name`, `type`, `icon`, `created_at`, `updated_at`) VALUES
	(1, 'Primary Phone Number', 'phone', NULL, '2021-08-21 11:44:08', '2021-08-21 11:44:09'),
	(2, 'facebook', 'social', NULL, '2021-08-21 11:44:46', '2021-08-21 11:44:47'),
	(3, 'Office Phone Number', 'phone', NULL, '2021-08-21 11:49:14', '2021-08-21 11:49:14'),
	(4, 'Bkash', 'phone_account', 'bkash.png', '2021-08-21 12:26:40', '2021-08-21 12:26:41'),
	(5, 'Imo', 'Phone_account', 'imo.png', '2021-08-21 12:27:01', '2021-08-21 12:27:01'),
	(6, 'youtube', 'social', NULL, '2021-09-13 20:10:07', '2021-09-13 20:10:08'),
	(7, 'NID', 'member_document', NULL, '2021-12-05 18:32:11', '2021-12-05 18:32:14');

-- Dumping structure for table iposolution.designations
CREATE TABLE IF NOT EXISTS `designations` (
  `id` int(10) unsigned NOT NULL AUTO_INCREMENT,
  `name` varchar(100) DEFAULT NULL,
  `created_by` int(11) DEFAULT NULL,
  `updated_by` int(11) DEFAULT NULL,
  `created_at` timestamp NULL DEFAULT NULL,
  `updated_at` timestamp NULL DEFAULT NULL,
  PRIMARY KEY (`id`)
) ENGINE=InnoDB AUTO_INCREMENT=5 DEFAULT CHARSET=utf8;

-- Dumping data for table iposolution.designations: ~4 rows (approximately)
INSERT INTO `designations` (`id`, `name`, `created_by`, `updated_by`, `created_at`, `updated_at`) VALUES
	(1, 'PA', 1, NULL, NULL, NULL),
	(2, 'CA', 1, NULL, NULL, NULL),
	(3, 'MA', 1, NULL, NULL, NULL),
	(4, 'SA', 1, NULL, NULL, NULL);

-- Dumping structure for table iposolution.districts
CREATE TABLE IF NOT EXISTS `districts` (
  `id` int(10) unsigned NOT NULL AUTO_INCREMENT,
  `division_id` int(11) DEFAULT NULL,
  `name_english` varchar(100) DEFAULT NULL,
  `name_bangla` varchar(100) DEFAULT NULL,
  `status` tinyint(4) DEFAULT '1',
  `created_by` int(11) DEFAULT NULL,
  `updated_by` int(11) DEFAULT NULL,
  `created_at` timestamp NULL DEFAULT NULL,
  `updated_at` timestamp NULL DEFAULT NULL,
  PRIMARY KEY (`id`)
) ENGINE=InnoDB AUTO_INCREMENT=66 DEFAULT CHARSET=utf8;

-- Dumping data for table iposolution.districts: ~64 rows (approximately)
INSERT INTO `districts` (`id`, `division_id`, `name_english`, `name_bangla`, `status`, `created_by`, `updated_by`, `created_at`, `updated_at`) VALUES
	(2, 4, 'Barguna', 'বরগুনা', 1, NULL, NULL, '2021-07-30 17:29:34', '2021-07-30 17:29:34'),
	(3, 4, 'Bhola', 'ভোলা', 1, NULL, NULL, '2021-07-30 17:29:34', '2021-07-30 17:29:34'),
	(4, 4, 'Jhalokati', 'ঝালকাঠি', 1, NULL, NULL, '2021-07-30 17:29:34', '2021-07-30 17:29:34'),
	(5, 4, 'Patuakhali', 'পটুয়াখালী', 1, NULL, NULL, '2021-07-30 17:29:34', '2021-07-30 17:29:34'),
	(6, 4, 'Pirojpur', 'পিরোজপুর', 1, NULL, NULL, '2021-07-30 17:29:34', '2021-07-30 17:29:34'),
	(7, 4, 'Barisal', 'বরিশাল', 1, NULL, NULL, '2021-07-30 17:29:34', '2021-07-30 17:29:34'),
	(8, 2, 'Bandarban', 'বান্দরবান', 1, NULL, NULL, '2021-07-30 17:29:34', '2021-07-30 17:29:34'),
	(9, 2, 'Brahmanbaria', 'ব্রাহ্মণবাড়ীয়া', 1, NULL, NULL, '2021-07-30 17:29:34', '2021-07-30 17:29:34'),
	(10, 2, 'Chandpur', 'চাঁদপুর', 1, NULL, NULL, '2021-07-30 17:29:34', '2021-07-30 17:29:34'),
	(11, 2, 'Chittagong', 'চট্টগ্রাম', 1, NULL, NULL, '2021-07-30 17:29:34', '2021-07-30 17:29:34'),
	(12, 2, 'Comilla', 'কুমিল্লা', 1, NULL, NULL, '2021-07-30 17:29:34', '2021-07-30 17:29:34'),
	(13, 2, 'Cox\\\'s Bazar', 'কক্সবাজার', 1, NULL, NULL, '2021-07-30 17:29:34', '2021-07-30 17:29:34'),
	(14, 2, 'Feni', 'ফেনী', 1, NULL, NULL, '2021-07-30 17:29:34', '2021-07-30 17:29:34'),
	(15, 2, 'Khagrachhari', 'খাগড়াছড়ি', 1, NULL, NULL, '2021-07-30 17:29:34', '2021-07-30 17:29:34'),
	(16, 2, 'Lakshmipur', 'লক্ষ্মীপুর', 1, NULL, NULL, '2021-07-30 17:29:34', '2021-07-30 17:29:34'),
	(17, 2, 'Noakhali', 'নোয়াখালী', 1, NULL, NULL, '2021-07-30 17:29:34', '2021-07-30 17:29:34'),
	(18, 2, 'Rangamati', 'রাঙ্গামাটি', 1, NULL, NULL, '2021-07-30 17:29:34', '2021-07-30 17:29:34'),
	(19, 1, 'Dhaka', 'ঢাকা', 1, NULL, NULL, '2021-07-30 17:29:34', '2021-07-30 17:29:34'),
	(20, 1, 'Faridpur', 'ফরিদপুর', 1, NULL, NULL, '2021-07-30 17:29:34', '2021-07-30 17:29:34'),
	(21, 1, 'Gazipur', 'গাজীপুর', 1, NULL, NULL, '2021-07-30 17:29:34', '2021-07-30 17:29:34'),
	(22, 1, 'Gopalganj', 'গোপালগঞ্জ', 1, NULL, NULL, '2021-07-30 17:29:34', '2021-07-30 17:29:34'),
	(23, 1, 'Kishoreganj', 'কিশোরগঞ্জ', 1, NULL, NULL, '2021-07-30 17:29:34', '2021-07-30 17:29:34'),
	(24, 1, 'Madaripur', 'মাদারীপুর', 1, NULL, NULL, '2021-07-30 17:29:34', '2021-07-30 17:29:34'),
	(25, 1, 'Manikganj', 'মানিকগঞ্জ', 1, NULL, NULL, '2021-07-30 17:29:34', '2021-07-30 17:29:34'),
	(26, 1, 'Munshiganj', 'মুন্সীগঞ্জ', 1, NULL, NULL, '2021-07-30 17:29:34', '2021-07-30 17:29:34'),
	(27, 1, 'Narayanganj', 'নারায়ণগঞ্জ', 1, NULL, NULL, '2021-07-30 17:29:34', '2021-07-30 17:29:34'),
	(28, 1, 'Narsingdi', 'নরসিংদী', 1, NULL, NULL, '2021-07-30 17:29:34', '2021-07-30 17:29:34'),
	(29, 1, 'Rajbari', 'রাজবাড়ী', 1, NULL, NULL, '2021-07-30 17:29:34', '2021-07-30 17:29:34'),
	(30, 1, 'Shariatpur', 'শরীয়তপুর', 1, NULL, NULL, '2021-07-30 17:29:34', '2021-07-30 17:29:34'),
	(31, 1, 'Tangail', 'টাঙ্গাইল', 1, NULL, NULL, '2021-07-30 17:29:34', '2021-07-30 17:29:34'),
	(32, 3, 'Bagerhat', 'বাগেরহাট', 1, NULL, NULL, '2021-07-30 17:29:34', '2021-07-30 17:29:34'),
	(33, 3, 'Chuadanga', 'চুয়াডাঙ্গা', 1, NULL, NULL, '2021-07-30 17:29:34', '2021-07-30 17:29:34'),
	(34, 3, 'Jessore', 'যশোর', 1, NULL, NULL, '2021-07-30 17:29:34', '2021-07-30 17:29:34'),
	(35, 3, 'Jhenaidah', 'ঝিনাইদহ', 1, NULL, NULL, '2021-07-30 17:29:34', '2021-07-30 17:29:34'),
	(36, 3, 'Khulna', 'খুলনা', 1, NULL, NULL, '2021-07-30 17:29:34', '2021-07-30 17:29:34'),
	(37, 3, 'Kushtia', 'কুষ্টিয়া', 1, NULL, NULL, '2021-07-30 17:29:34', '2021-07-30 17:29:34'),
	(38, 3, 'Magura', 'মাগুরা', 1, NULL, NULL, '2021-07-30 17:29:34', '2021-07-30 17:29:34'),
	(39, 3, 'Meherpur', 'মেহেরপুর', 1, NULL, NULL, '2021-07-30 17:29:34', '2021-07-30 17:29:34'),
	(40, 3, 'Narail', 'নড়াইল', 1, NULL, NULL, '2021-07-30 17:29:34', '2021-07-30 17:29:34'),
	(41, 3, 'Satkhira', 'সাতক্ষিরা', 1, NULL, NULL, '2021-07-30 17:29:34', '2021-07-30 17:29:34'),
	(42, 5, 'Bogra', 'বগুড়া', 1, NULL, NULL, '2021-07-30 17:29:34', '2021-07-30 17:29:34'),
	(43, 5, 'Joypurhat', 'জয়পুরহাট', 1, NULL, NULL, '2021-07-30 17:29:34', '2021-07-30 17:29:34'),
	(44, 5, 'Naogaon', 'নওগাঁ', 1, NULL, NULL, '2021-07-30 17:29:34', '2021-07-30 17:29:34'),
	(45, 5, 'Natore', 'নাটোর', 1, NULL, NULL, '2021-07-30 17:29:34', '2021-07-30 17:29:34'),
	(46, 5, 'Chapainawabganj', 'নওয়াবগঞ্জ', 1, NULL, NULL, '2021-07-30 17:29:34', '2021-07-30 17:29:34'),
	(47, 5, 'Pabna', 'পাবনা', 1, NULL, NULL, '2021-07-30 17:29:34', '2021-07-30 17:29:34'),
	(48, 5, 'Rajshahi', 'রাজশাহী', 1, NULL, NULL, '2021-07-30 17:29:34', '2021-07-30 17:29:34'),
	(49, 5, 'Sirajgonj', 'সিরাজগঞ্জ', 1, NULL, NULL, '2021-07-30 17:29:34', '2021-07-30 17:29:34'),
	(50, 7, 'Dinajpur', 'দিনাজপুর', 1, NULL, NULL, '2021-07-30 17:29:34', '2021-07-30 17:29:34'),
	(51, 7, 'Gaibandha', 'গাইবান্ধা', 1, NULL, NULL, '2021-07-30 17:29:34', '2021-07-30 17:29:34'),
	(52, 7, 'Kurigram', 'কুড়িগ্রাম', 1, NULL, NULL, '2021-07-30 17:29:34', '2021-07-30 17:29:34'),
	(53, 7, 'Lalmonirhat', 'লালমনিরহাট', 1, NULL, NULL, '2021-07-30 17:29:34', '2021-07-30 17:29:34'),
	(54, 7, 'Nilphamari', 'নীলফামারী', 1, NULL, NULL, '2021-07-30 17:29:34', '2021-07-30 17:29:34'),
	(55, 7, 'Panchagarh', 'পঞ্চগড়', 1, NULL, NULL, '2021-07-30 17:29:34', '2021-07-30 17:29:34'),
	(56, 7, 'Rangpur', 'রংপুর', 1, NULL, NULL, '2021-07-30 17:29:34', '2021-07-30 17:29:34'),
	(57, 7, 'Thakurgaon', 'ঠাকুরগাঁও', 1, NULL, NULL, '2021-07-30 17:29:34', '2021-07-30 17:29:34'),
	(58, 6, 'Habiganj', 'হবিগঞ্জ', 1, NULL, NULL, '2021-07-30 17:29:34', '2021-07-30 17:29:34'),
	(59, 6, 'Moulvibazar', 'মৌলভীবাজার', 1, NULL, NULL, '2021-07-30 17:29:34', '2021-07-30 17:29:34'),
	(60, 6, 'Sunamganj', 'সুনামগঞ্জ', 1, NULL, NULL, '2021-07-30 17:29:34', '2021-07-30 17:29:34'),
	(61, 6, 'Sylhet', 'সিলেট', 1, NULL, NULL, '2021-07-30 17:29:34', '2021-07-30 17:29:34'),
	(62, 8, 'Jamalpur', 'জামালপুর', 1, NULL, NULL, '2021-07-30 17:29:34', '2021-07-30 17:29:34'),
	(63, 8, 'Mymensingh', 'ময়মনসিংহ', 1, NULL, NULL, '2021-07-30 17:29:34', '2021-07-30 17:29:34'),
	(64, 8, 'Netrakona', 'নেত্রকোনা', 1, NULL, NULL, '2021-07-30 17:29:34', '2021-07-30 17:29:34'),
	(65, 8, 'Sherpur', 'শেরপুর', 1, NULL, NULL, '2021-07-30 17:29:34', '2021-07-30 17:29:34');

-- Dumping structure for table iposolution.divisions
CREATE TABLE IF NOT EXISTS `divisions` (
  `id` int(10) unsigned NOT NULL AUTO_INCREMENT,
  `name_english` varchar(100) DEFAULT NULL,
  `name_bangla` varchar(100) DEFAULT NULL,
  `status` tinyint(4) DEFAULT '1',
  `created_by` int(11) DEFAULT NULL,
  `updated_by` int(11) DEFAULT NULL,
  `created_at` timestamp NULL DEFAULT NULL,
  `updated_at` timestamp NULL DEFAULT NULL,
  PRIMARY KEY (`id`)
) ENGINE=InnoDB AUTO_INCREMENT=9 DEFAULT CHARSET=utf8;

-- Dumping data for table iposolution.divisions: ~8 rows (approximately)
INSERT INTO `divisions` (`id`, `name_english`, `name_bangla`, `status`, `created_by`, `updated_by`, `created_at`, `updated_at`) VALUES
	(1, 'Dhaka Division', NULL, 1, 1, 1, '2021-06-09 23:57:52', '2021-06-09 23:57:53'),
	(2, 'Chittagong Division', NULL, 1, NULL, NULL, NULL, NULL),
	(3, 'Khulna Division', NULL, 1, NULL, NULL, NULL, NULL),
	(4, 'Barisal Division', NULL, 1, NULL, NULL, NULL, NULL),
	(5, 'Rajshahi Division', NULL, 1, NULL, NULL, NULL, NULL),
	(6, 'Sylhet Division', NULL, 1, NULL, NULL, NULL, NULL),
	(7, 'Rangpur Division', NULL, 1, NULL, NULL, NULL, NULL),
	(8, 'Mymensingh Division', NULL, 1, NULL, NULL, NULL, NULL);

-- Dumping structure for table iposolution.groups
CREATE TABLE IF NOT EXISTS `groups` (
  `id` int(10) unsigned NOT NULL AUTO_INCREMENT,
  `name` varchar(100) DEFAULT NULL,
  `group_type` enum('Global','Individual') DEFAULT NULL,
  `creator_id` int(11) DEFAULT '0',
  `parent_id` int(11) DEFAULT '0',
  `created_by` int(11) DEFAULT NULL,
  `updated_by` int(11) DEFAULT NULL,
  `created_at` timestamp NULL DEFAULT NULL,
  `updated_at` timestamp NULL DEFAULT NULL,
  PRIMARY KEY (`id`)
) ENGINE=InnoDB AUTO_INCREMENT=76 DEFAULT CHARSET=utf8;

-- Dumping data for table iposolution.groups: ~72 rows (approximately)
INSERT INTO `groups` (`id`, `name`, `group_type`, `creator_id`, `parent_id`, `created_by`, `updated_by`, `created_at`, `updated_at`) VALUES
	(1, 'IPOBIZ', 'Global', 0, 0, NULL, NULL, '2021-11-28 23:06:26', NULL),
	(2, 'RE', 'Global', 0, 0, NULL, NULL, '2021-11-28 23:14:01', NULL),
	(3, 'JICAM', 'Global', 0, 0, NULL, NULL, '2021-11-28 23:14:20', NULL),
	(4, 'JOINBIZ', 'Global', 0, 0, NULL, NULL, '2021-07-30 19:05:59', '2021-07-30 19:05:59'),
	(5, 'CDP to AGENT', 'Global', 0, 1, NULL, NULL, '2021-07-30 19:05:59', '2021-07-30 19:05:59'),
	(6, '12356', 'Global', 0, 1, NULL, NULL, '2021-07-30 19:05:59', '2021-07-30 19:05:59'),
	(7, 'CORPORATE CLIENT', 'Global', 0, 1, NULL, NULL, '2021-07-30 19:05:59', '2021-07-30 19:05:59'),
	(8, 'COMILLA ZONE', 'Global', 0, 1, NULL, NULL, '2021-07-30 19:05:59', '2021-07-30 19:05:59'),
	(9, 'XCLIENT', 'Global', 0, 1, NULL, NULL, '2021-07-30 19:05:59', '2021-07-30 19:05:59'),
	(10, 'DHAKA ZONE', 'Global', 0, 1, NULL, NULL, '2021-07-30 19:05:59', '2021-07-30 19:05:59'),
	(11, 'VIP', 'Global', 0, 1, NULL, NULL, '2021-07-30 19:05:59', '2021-07-30 19:05:59'),
	(12, 'PROVASHI CLIENT', 'Global', 0, 1, NULL, NULL, '2021-07-30 19:05:59', '2021-07-30 19:05:59'),
	(13, 'Software', 'Global', 0, 1, NULL, NULL, '2021-07-30 19:05:59', '2021-07-30 19:05:59'),
	(14, 'Dhaka Enterprise', 'Global', 0, 1, NULL, NULL, '2021-07-30 19:05:59', '2021-07-30 19:05:59'),
	(15, 'MOTALEB', 'Global', 0, 1, NULL, NULL, '2021-07-30 19:05:59', '2021-07-30 19:05:59'),
	(16, 'CUMILLA CORPORATE AREA', 'Global', 0, 1, NULL, NULL, '2021-07-30 19:05:59', '2021-07-30 19:05:59'),
	(17, 'IFIC@13.00', 'Global', 0, 1, NULL, NULL, '2021-07-30 19:05:59', '2021-07-30 19:05:59'),
	(18, 'IFIC@Asad', 'Global', 0, 1, NULL, NULL, '2021-07-30 19:05:59', '2021-07-30 19:05:59'),
	(19, 'IFIC@Rafiq', 'Global', 0, 1, NULL, NULL, '2021-07-30 19:05:59', '2021-07-30 19:05:59'),
	(20, 'IFIC@Khalid', 'Global', 0, 1, NULL, NULL, '2021-07-30 19:05:59', '2021-07-30 19:05:59'),
	(21, 'REALp', 'Global', 0, 1, NULL, NULL, '2021-07-30 19:05:59', '2021-07-30 19:05:59'),
	(22, 'BD FINANCE@ REALP', 'Global', 0, 1, NULL, NULL, '2021-07-30 19:05:59', '2021-07-30 19:05:59'),
	(23, 'LHBL@ ', 'Global', 0, 1, NULL, NULL, '2021-07-30 19:05:59', '2021-07-30 19:05:59'),
	(24, 'MB TEAM', 'Global', 0, 1, NULL, NULL, '2021-07-30 19:05:59', '2021-07-30 19:05:59'),
	(25, 'CPL', 'Global', 0, 1, NULL, NULL, '2021-07-30 19:05:59', '2021-07-30 19:05:59'),
	(26, 'FT', 'Global', 0, 1, NULL, NULL, '2021-07-30 19:05:59', '2021-07-30 19:05:59'),
	(27, 'RT36', 'Global', 0, 1, NULL, NULL, '2021-07-30 19:05:59', '2021-07-30 19:05:59'),
	(28, 'RT_ Visit', 'Global', 0, 1, NULL, NULL, '2021-07-30 19:05:59', '2021-07-30 19:05:59'),
	(29, 'AssadTeam', 'Global', 0, 1, NULL, NULL, '2021-07-30 19:05:59', '2021-07-30 19:05:59'),
	(30, 'MahabubTeam', 'Global', 0, 1, NULL, NULL, '2021-07-30 19:05:59', '2021-07-30 19:05:59'),
	(31, 'KhalidTeam', 'Global', 0, 1, NULL, NULL, '2021-07-30 19:05:59', '2021-07-30 19:05:59'),
	(32, 'RafiqTeam', 'Global', 0, 1, NULL, NULL, '2021-07-30 19:05:59', '2021-07-30 19:05:59'),
	(33, 'SattarTeam', 'Global', 0, 1, NULL, NULL, '2021-07-30 19:05:59', '2021-07-30 19:05:59'),
	(34, 'RT-Offer', 'Global', 0, 1, NULL, NULL, '2021-07-30 19:05:59', '2021-07-30 19:05:59'),
	(35, 'MBT-A', 'Global', 0, 1, NULL, NULL, '2021-07-30 19:05:59', '2021-07-30 19:05:59'),
	(36, 'RT20', 'Global', 0, 1, NULL, NULL, '2021-07-30 19:05:59', '2021-07-30 19:05:59'),
	(37, 'MBT-B', 'Global', 0, 1, NULL, NULL, '2021-07-30 19:05:59', '2021-07-30 19:05:59'),
	(38, 'Mahabub-A ', 'Global', 0, 1, NULL, NULL, '2021-07-30 19:05:59', '2021-07-30 19:05:59'),
	(39, 'IFIC@SATTAR', 'Global', 0, 1, NULL, NULL, '2021-07-30 19:05:59', '2021-07-30 19:05:59'),
	(40, 'LHBL@KHALID', 'Global', 0, 1, NULL, NULL, '2021-07-30 19:05:59', '2021-07-30 19:05:59'),
	(41, 'LHBL@SATTAR', 'Global', 0, 1, NULL, NULL, '2021-07-30 19:05:59', '2021-07-30 19:05:59'),
	(42, 'Mahabub-B', 'Global', 0, 1, NULL, NULL, '2021-07-30 19:05:59', '2021-07-30 19:05:59'),
	(43, 'LHBL@ASAD', 'Global', 0, 1, NULL, NULL, '2021-07-30 19:05:59', '2021-07-30 19:05:59'),
	(44, 'LEDERs', 'Global', 0, 1, NULL, NULL, '2021-07-30 19:05:59', '2021-07-30 19:05:59'),
	(45, 'ASAD-A', 'Global', 0, 1, NULL, NULL, '2021-07-30 19:05:59', '2021-07-30 19:05:59'),
	(46, 'ASAD-B', 'Global', 0, 1, NULL, NULL, '2021-07-30 19:05:59', '2021-07-30 19:05:59'),
	(47, 'ASAD-C', 'Global', 0, 1, NULL, NULL, '2021-07-30 19:05:59', '2021-07-30 19:05:59'),
	(48, 'KHALID-A', 'Global', 0, 1, NULL, NULL, '2021-07-30 19:05:59', '2021-07-30 19:05:59'),
	(49, 'KHALID-B', 'Global', 0, 1, NULL, NULL, '2021-07-30 19:05:59', '2021-07-30 19:05:59'),
	(50, 'KHALID-C', 'Global', 0, 1, NULL, NULL, '2021-07-30 19:05:59', '2021-07-30 19:05:59'),
	(51, 'KHALID-F', 'Global', 0, 1, NULL, NULL, '2021-07-30 19:05:59', '2021-07-30 19:05:59'),
	(52, 'KHALID-R', 'Global', 0, 1, NULL, NULL, '2021-07-30 19:05:59', '2021-07-30 19:05:59'),
	(53, 'Mahabub-D', 'Global', 0, 1, NULL, NULL, '2021-07-30 19:05:59', '2021-07-30 19:05:59'),
	(54, 'Mahabub-C', 'Global', 0, 1, NULL, NULL, '2021-07-30 19:05:59', '2021-07-30 19:05:59'),
	(55, 'CORPORATE TEAM-RAJIB', 'Global', 0, 1, NULL, NULL, '2021-07-30 19:05:59', '2021-07-30 19:05:59'),
	(56, 'ASAD-D', 'Global', 0, 1, NULL, NULL, '2021-07-30 19:05:59', '2021-07-30 19:05:59'),
	(57, 'ASAD-E', 'Global', 0, 1, NULL, NULL, '2021-07-30 19:05:59', '2021-07-30 19:05:59'),
	(58, 'CUMILLA FLATnFLOT', 'Global', 0, 1, NULL, NULL, '2021-07-30 19:05:59', '2021-07-30 19:05:59'),
	(59, 'TO VISIT', 'Global', 0, 1, NULL, NULL, '2021-07-30 19:05:59', '2021-07-30 19:05:59'),
	(60, 'VISITED', 'Global', 0, 1, NULL, NULL, '2021-07-30 19:05:59', '2021-07-30 19:05:59'),
	(61, 'RT-BOOKING', 'Global', 0, 1, NULL, NULL, '2021-07-30 19:05:59', '2021-07-30 19:05:59'),
	(62, 'MIRPUR FLATnFlot', 'Global', 0, 1, NULL, NULL, '2021-07-30 19:05:59', '2021-07-30 19:05:59'),
	(63, 'DHAMAKA ', 'Global', 0, 1, NULL, NULL, '2021-07-30 19:05:59', '2021-07-30 19:05:59'),
	(64, 'T4', 'Global', 0, 1, NULL, NULL, '2021-07-30 19:05:59', '2021-07-30 19:05:59'),
	(65, 'READY NEXT ', 'Global', 0, 1, NULL, NULL, '2021-07-30 19:05:59', '2021-07-30 19:05:59'),
	(66, 'READY NEXT ASAD', 'Global', 0, 1, NULL, NULL, '2021-07-30 19:05:59', '2021-07-30 19:05:59'),
	(67, 'READY NEXT MAHABUB', 'Global', 0, 1, NULL, NULL, '2021-07-30 19:05:59', '2021-07-30 19:05:59'),
	(68, 'CALL TO SALE- (CTS)', 'Global', 0, 1, NULL, NULL, '2021-07-30 19:05:59', '2021-07-30 19:05:59'),
	(69, 'SILCOPHL@33 MABABUB', 'Global', 0, 1, NULL, NULL, '2021-07-30 19:05:59', '2021-07-30 19:05:59'),
	(70, 'SILCOPHL@33 ASSADUZAMAN', 'Global', 0, 1, NULL, NULL, '2021-07-30 19:05:59', '2021-07-30 19:05:59'),
	(71, 'RAJDONER BARI', 'Global', 0, 1, NULL, NULL, '2021-07-30 19:05:59', '2021-07-30 19:05:59'),
	(72, 'CUMILLA-CPL', 'Global', 0, 3, NULL, 1, '2021-07-30 19:05:59', '2021-12-06 13:53:07'),
	(73, 'RT4', 'Global', 0, 1, 1, 1, '2021-08-21 16:24:53', '2021-08-21 16:33:49'),
	(74, 'RT45', 'Global', 0, 3, 1, 1, '2021-08-21 16:25:21', '2021-11-28 17:32:20'),
	(75, 'Test v444', 'Global', 0, 1, 1, NULL, '2021-10-18 13:58:58', '2021-10-18 13:58:58');

-- Dumping structure for table iposolution.group_users
CREATE TABLE IF NOT EXISTS `group_users` (
  `id` int(10) unsigned NOT NULL AUTO_INCREMENT,
  `group_id` int(11) DEFAULT NULL,
  `user_id` int(11) DEFAULT NULL,
  `remarks` text,
  `created_by` int(11) DEFAULT NULL,
  `updated_by` int(11) DEFAULT NULL,
  `created_at` timestamp NULL DEFAULT NULL,
  `updated_at` timestamp NULL DEFAULT NULL,
  PRIMARY KEY (`id`)
) ENGINE=InnoDB AUTO_INCREMENT=17 DEFAULT CHARSET=utf8;

-- Dumping data for table iposolution.group_users: ~14 rows (approximately)
INSERT INTO `group_users` (`id`, `group_id`, `user_id`, `remarks`, `created_by`, `updated_by`, `created_at`, `updated_at`) VALUES
	(1, 6, 1611, NULL, 1, NULL, '2021-08-02 07:04:19', '2021-08-02 07:04:19'),
	(2, 6, 5325, NULL, 1, NULL, '2021-08-02 07:04:21', '2021-08-02 07:04:21'),
	(3, 6, 5461, 'SILCOPHL@000', 1, NULL, '2021-08-04 08:48:12', '2021-08-04 09:24:31'),
	(4, 45, 5461, 'SILCOPHL@000', 1, NULL, '2021-08-04 08:48:30', '2021-08-04 09:24:31'),
	(5, 6, 2626, 'IFIC-4,500@13.20', 1, NULL, '2021-08-04 08:49:07', '2021-08-04 09:24:31'),
	(6, 6, 1240, 'IFIC-5,000@13 (30%)/ LHBL-500@58.40 (30%)', 1, NULL, '2021-08-04 08:49:30', '2021-08-04 09:24:31'),
	(7, 45, 1240, 'IFIC-5,000@13 (30%)/ LHBL-500@58.40 (30%)', 1, NULL, '2021-08-04 08:49:39', '2021-08-04 09:24:31'),
	(8, 74, 1611, NULL, 1, NULL, '2021-08-22 13:03:41', '2021-08-22 13:03:41'),
	(9, 74, 5325, NULL, 1, NULL, '2021-08-22 13:03:44', '2021-08-22 13:03:44'),
	(10, 74, 4073, NULL, 1, NULL, '2021-08-22 13:03:48', '2021-08-22 13:03:48'),
	(11, 74, 5697, NULL, 1, NULL, '2021-08-22 13:05:40', '2021-08-22 13:05:40'),
	(12, 73, 1611, NULL, 1, NULL, '2021-08-26 16:08:05', '2021-08-26 16:08:05'),
	(13, 73, 2748, NULL, 1, NULL, '2021-08-26 16:08:08', '2021-08-26 16:08:08'),
	(14, 72, 2748, NULL, 1, NULL, '2021-08-26 16:08:55', '2021-08-26 16:08:55'),
	(15, 70, 1611, NULL, 1, NULL, '2021-09-22 06:22:51', '2021-09-22 06:22:51'),
	(16, 74, 1001, NULL, 1, NULL, '2021-11-25 09:57:31', '2021-11-25 09:57:31');

-- Dumping structure for table iposolution.group_user_remarks
CREATE TABLE IF NOT EXISTS `group_user_remarks` (
  `id` int(10) unsigned NOT NULL AUTO_INCREMENT,
  `group_user_id` int(11) DEFAULT NULL,
  `short_remarks_id` int(11) DEFAULT NULL,
  `remarks` text,
  `file` varchar(50) DEFAULT NULL,
  `created_by` int(11) DEFAULT NULL,
  `updated_by` int(11) DEFAULT NULL,
  `created_at` timestamp NULL DEFAULT NULL,
  `updated_at` timestamp NULL DEFAULT NULL,
  PRIMARY KEY (`id`)
) ENGINE=InnoDB AUTO_INCREMENT=106 DEFAULT CHARSET=utf8;

-- Dumping data for table iposolution.group_user_remarks: ~71 rows (approximately)
INSERT INTO `group_user_remarks` (`id`, `group_user_id`, `short_remarks_id`, `remarks`, `file`, `created_by`, `updated_by`, `created_at`, `updated_at`) VALUES
	(1, 5, NULL, 'Test Remarks', 'default.jpg', 1, NULL, '2021-08-13 15:31:41', '2021-08-13 15:31:41'),
	(2, 6, NULL, 'Add/Update Remarks', 'default.jpg', 1, NULL, '2021-08-13 15:48:29', '2021-08-13 15:48:29'),
	(3, 5, NULL, 'Checking', 'default.jpg', 1, NULL, '2021-08-13 15:52:26', '2021-08-13 15:52:26'),
	(4, 3, NULL, 'SILCOPHL@000', 'default.jpg', 1, NULL, '2021-08-21 14:49:49', '2021-08-21 14:49:49'),
	(5, 4, NULL, 'SILCOPHL@000', 'default.jpg', 1, NULL, '2021-08-21 14:49:49', '2021-08-21 14:49:49'),
	(6, 5, NULL, 'IFIC-4,500@13.20', 'default.jpg', 1, NULL, '2021-08-21 14:49:49', '2021-08-21 14:49:49'),
	(7, 6, NULL, 'IFIC-5,000@13 (30%)/ LHBL-500@58.40 (30%)', 'default.jpg', 1, NULL, '2021-08-21 14:49:49', '2021-08-21 14:49:49'),
	(8, 7, NULL, 'IFIC-5,000@13 (30%)/ LHBL-500@58.40 (30%)', 'default.jpg', 1, NULL, '2021-08-21 14:49:49', '2021-08-21 14:49:49'),
	(9, 1, NULL, 'Test', 'default.jpg', 1, NULL, '2021-08-21 14:50:20', '2021-08-21 14:50:20'),
	(12, 11, NULL, 'ddd', 'default.jpg', 1, NULL, '2021-08-26 14:15:48', '2021-08-30 16:45:01'),
	(13, 11, NULL, 'Remarks', 'default.jpg', 1, NULL, '2021-08-26 14:16:00', '2021-08-26 14:16:00'),
	(24, 11, NULL, 'gggg5555', 'default.jpg', 1, NULL, '2021-08-26 14:36:23', '2021-08-30 16:44:32'),
	(28, 11, NULL, 'eee', 'default.jpg', 1, NULL, '2021-08-26 14:36:23', '2021-09-15 13:53:34'),
	(29, 11, NULL, 'gggg555', 'default.jpg', 1, NULL, '2021-08-26 14:36:24', '2021-08-30 16:44:37'),
	(32, 10, NULL, 'test', 'default.jpg', 1, NULL, '2021-08-26 14:37:07', '2021-08-26 14:37:07'),
	(33, 10, NULL, 'test', 'default.jpg', 1, NULL, '2021-08-26 14:37:07', '2021-08-26 14:37:07'),
	(34, 10, NULL, 'test', 'default.jpg', 1, NULL, '2021-08-26 14:37:07', '2021-08-26 14:37:07'),
	(35, 10, NULL, 'test', 'default.jpg', 1, NULL, '2021-08-26 14:37:07', '2021-08-26 14:37:07'),
	(36, 10, NULL, 'test', 'default.jpg', 1, NULL, '2021-08-26 14:37:07', '2021-08-26 14:37:07'),
	(37, 10, NULL, 'test', 'default.jpg', 1, NULL, '2021-08-26 14:37:07', '2021-08-26 14:37:07'),
	(38, 10, NULL, 'test', 'default.jpg', 1, NULL, '2021-08-26 14:37:07', '2021-08-26 14:37:07'),
	(39, 10, NULL, 'test', 'default.jpg', 1, NULL, '2021-08-26 14:37:07', '2021-08-26 14:37:07'),
	(40, 10, NULL, 'test', 'default.jpg', 1, NULL, '2021-08-26 14:37:07', '2021-08-26 14:37:07'),
	(41, 10, NULL, 'test', 'default.jpg', 1, NULL, '2021-08-26 14:37:08', '2021-08-26 14:37:08'),
	(42, 10, NULL, 'test', 'default.jpg', 1, NULL, '2021-08-26 14:37:08', '2021-08-26 14:37:08'),
	(44, 10, NULL, 'test', 'default.jpg', 1, NULL, '2021-08-26 14:37:08', '2021-08-26 14:37:08'),
	(45, 10, NULL, 'test', 'default.jpg', 1, NULL, '2021-08-26 14:37:08', '2021-08-26 14:37:08'),
	(46, 10, NULL, 'test', 'default.jpg', 1, NULL, '2021-08-26 14:37:08', '2021-08-26 14:37:08'),
	(47, 10, NULL, 'test', 'default.jpg', 1, NULL, '2021-08-26 14:37:08', '2021-08-26 14:37:08'),
	(48, 10, NULL, 'test', 'default.jpg', 1, NULL, '2021-08-26 14:37:08', '2021-08-26 14:37:08'),
	(51, 9, NULL, 'ddd', 'default.jpg', 1, NULL, '2021-08-26 14:38:58', '2021-08-26 14:38:58'),
	(52, 9, NULL, 'ddd', 'default.jpg', 1, NULL, '2021-08-26 14:38:58', '2021-08-26 14:38:58'),
	(53, 9, NULL, 'ddd', 'default.jpg', 1, NULL, '2021-08-26 14:38:58', '2021-08-26 14:38:58'),
	(54, 9, NULL, 'ddd', 'default.jpg', 1, NULL, '2021-08-26 14:38:59', '2021-08-26 14:38:59'),
	(55, 8, NULL, 'res', 'default.jpg', 1, NULL, '2021-08-26 14:42:36', '2021-08-26 14:42:36'),
	(56, 8, NULL, 'Test', 'default.jpg', 1, NULL, '2021-08-26 14:42:44', '2021-08-26 14:42:44'),
	(57, 8, NULL, 'Test', 'default.jpg', 1, NULL, '2021-08-26 14:42:44', '2021-08-26 14:42:44'),
	(58, 8, NULL, 'test333', 'default.jpg', 1, NULL, '2021-08-26 14:51:48', '2021-08-26 14:51:48'),
	(59, 8, NULL, 'test555', 'default.jpg', 1, NULL, '2021-08-26 14:52:24', '2021-08-26 14:52:24'),
	(60, 8, NULL, 'ddds5', 'default.jpg', 1, NULL, '2021-08-26 14:53:27', '2021-08-26 14:53:27'),
	(61, 8, NULL, 'dddss777', 'default.jpg', 1, NULL, '2021-08-26 14:53:34', '2021-08-26 14:53:34'),
	(62, 8, NULL, 'dddss777', 'default.jpg', 1, NULL, '2021-08-26 14:53:34', '2021-08-26 14:53:34'),
	(63, 9, NULL, 'rtrt', 'default.jpg', 1, NULL, '2021-08-26 14:55:58', '2021-08-26 14:55:58'),
	(64, 9, NULL, 'eee', 'default.jpg', 1, NULL, '2021-08-26 14:56:01', '2021-08-26 14:56:01'),
	(65, 9, NULL, 'eee', 'default.jpg', 1, NULL, '2021-08-26 14:56:01', '2021-08-26 14:56:01'),
	(66, 9, NULL, 'Remarks', 'default.jpg', 1, NULL, '2021-08-26 15:00:33', '2021-08-26 15:00:33'),
	(67, 9, NULL, 'Remarks', 'default.jpg', 1, NULL, '2021-08-26 15:00:33', '2021-08-26 15:00:33'),
	(68, 10, NULL, 'reeee', 'default.jpg', 1, NULL, '2021-08-26 15:02:22', '2021-08-26 15:02:22'),
	(69, 10, NULL, 'ffff', 'default.jpg', 1, NULL, '2021-08-26 15:02:26', '2021-08-26 15:02:26'),
	(70, 10, NULL, 'tresd', 'default.jpg', 1, NULL, '2021-08-26 15:02:32', '2021-08-26 15:02:32'),
	(71, 10, NULL, 'Remarks', 'default.jpg', 1, NULL, '2021-08-26 15:02:42', '2021-08-26 15:02:42'),
	(72, 10, NULL, 'All Remarks', 'default.jpg', 1, NULL, '2021-08-26 15:02:48', '2021-08-26 15:02:48'),
	(73, 10, NULL, 'All Remarks', 'default.jpg', 1, NULL, '2021-08-26 15:02:51', '2021-08-26 15:02:51'),
	(74, 10, NULL, '26 Aug 2021, 9:02:51 PM', 'default.jpg', 1, NULL, '2021-08-26 15:02:57', '2021-08-26 15:02:57'),
	(75, 10, NULL, 'Add/Update Remarks', 'default.jpg', 1, NULL, '2021-08-26 15:03:04', '2021-08-26 15:03:04'),
	(88, 10, NULL, 'ddd', 'default.jpg', 1, NULL, '2021-08-26 15:54:38', '2021-08-26 15:54:38'),
	(89, 11, NULL, 'ddd45343e', 'default.jpg', 1, NULL, '2021-08-26 15:55:07', '2021-08-30 16:43:47'),
	(90, 8, NULL, 'ddd', 'default.jpg', 1, NULL, '2021-08-26 15:56:56', '2021-08-26 15:56:56'),
	(91, 14, NULL, 'test', 'default.jpg', 1, NULL, '2021-08-26 16:10:08', '2021-08-26 16:10:08'),
	(92, 14, NULL, 'tesdfsd', 'default.jpg', 1, NULL, '2021-08-26 16:10:12', '2021-08-26 16:10:12'),
	(93, 13, NULL, 'tddd', 'default.jpg', 1, NULL, '2021-08-26 16:10:20', '2021-08-26 16:10:20'),
	(94, 13, NULL, 'gfhfgh', 'default.jpg', 1, NULL, '2021-08-26 16:10:23', '2021-08-26 16:10:23'),
	(95, 11, NULL, 'test', 'default.jpg', 1, NULL, '2021-09-12 13:10:08', '2021-09-12 13:10:08'),
	(97, 11, NULL, 'tessffff', '1631453348760.jpg', 1, NULL, '2021-09-12 13:29:08', '2021-09-12 13:29:08'),
	(98, 11, NULL, 'ddd', 'default.jpg', 1, NULL, '2021-09-12 13:29:19', '2021-09-12 13:29:19'),
	(99, 11, NULL, 'dddsssddd4', '1631453582307.jpg', 1, NULL, '2021-09-12 13:30:56', '2021-09-12 13:33:02'),
	(100, 11, NULL, 'test', NULL, 1, NULL, '2021-09-19 14:59:37', '2021-09-19 14:59:37'),
	(101, 11, NULL, 'test', NULL, 1, NULL, '2021-09-20 05:33:02', '2021-09-20 05:33:02'),
	(102, 11, NULL, 'dddd', NULL, 1, NULL, '2021-09-20 05:33:14', '2021-09-20 05:33:14'),
	(103, 10, NULL, 'S', '163782899598.mp3', 1, NULL, '2021-11-25 08:29:55', '2021-11-25 08:29:55'),
	(104, 16, NULL, 'DD', '1637834268976.mp3', 1, NULL, '2021-11-25 09:57:48', '2021-11-25 09:57:48'),
	(105, 11, 1, 'VV', NULL, 1, NULL, '2021-12-06 13:42:24', '2021-12-06 13:42:24');

-- Dumping structure for table iposolution.manager_groups
CREATE TABLE IF NOT EXISTS `manager_groups` (
  `id` int(10) unsigned NOT NULL AUTO_INCREMENT,
  `group_id` int(11) DEFAULT NULL,
  `user_id` int(11) DEFAULT NULL,
  `created_by` int(11) DEFAULT NULL,
  `updated_by` int(11) DEFAULT NULL,
  `created_at` timestamp NULL DEFAULT NULL,
  `updated_at` timestamp NULL DEFAULT NULL,
  PRIMARY KEY (`id`)
) ENGINE=InnoDB AUTO_INCREMENT=160 DEFAULT CHARSET=utf8;

-- Dumping data for table iposolution.manager_groups: ~142 rows (approximately)
INSERT INTO `manager_groups` (`id`, `group_id`, `user_id`, `created_by`, `updated_by`, `created_at`, `updated_at`) VALUES
	(14, 4, 1, 1, NULL, '2021-08-22 08:15:27', '2021-08-22 08:15:27'),
	(15, 5, 1, 1, NULL, '2021-08-22 08:15:27', '2021-08-22 08:15:27'),
	(16, 6, 1, 1, NULL, '2021-08-22 08:15:27', '2021-08-22 08:15:27'),
	(17, 7, 1, 1, NULL, '2021-08-22 08:15:27', '2021-08-22 08:15:27'),
	(18, 8, 1, 1, NULL, '2021-08-22 08:15:27', '2021-08-22 08:15:27'),
	(19, 9, 1, 1, NULL, '2021-08-22 08:15:27', '2021-08-22 08:15:27'),
	(20, 10, 1, 1, NULL, '2021-08-22 08:15:27', '2021-08-22 08:15:27'),
	(21, 11, 1, 1, NULL, '2021-08-22 08:15:27', '2021-08-22 08:15:27'),
	(22, 12, 1, 1, NULL, '2021-08-22 08:15:27', '2021-08-22 08:15:27'),
	(23, 13, 1, 1, NULL, '2021-08-22 08:15:27', '2021-08-22 08:15:27'),
	(24, 14, 1, 1, NULL, '2021-08-22 08:15:27', '2021-08-22 08:15:27'),
	(25, 15, 1, 1, NULL, '2021-08-22 08:15:27', '2021-08-22 08:15:27'),
	(26, 16, 1, 1, NULL, '2021-08-22 08:15:27', '2021-08-22 08:15:27'),
	(27, 17, 1, 1, NULL, '2021-08-22 08:15:27', '2021-08-22 08:15:27'),
	(28, 18, 1, 1, NULL, '2021-08-22 08:15:27', '2021-08-22 08:15:27'),
	(29, 19, 1, 1, NULL, '2021-08-22 08:15:27', '2021-08-22 08:15:27'),
	(30, 20, 1, 1, NULL, '2021-08-22 08:15:27', '2021-08-22 08:15:27'),
	(31, 21, 1, 1, NULL, '2021-08-22 08:15:27', '2021-08-22 08:15:27'),
	(32, 22, 1, 1, NULL, '2021-08-22 08:15:27', '2021-08-22 08:15:27'),
	(33, 23, 1, 1, NULL, '2021-08-22 08:15:27', '2021-08-22 08:15:27'),
	(34, 24, 1, 1, NULL, '2021-08-22 08:15:27', '2021-08-22 08:15:27'),
	(35, 25, 1, 1, NULL, '2021-08-22 08:15:27', '2021-08-22 08:15:27'),
	(36, 26, 1, 1, NULL, '2021-08-22 08:15:27', '2021-08-22 08:15:27'),
	(37, 27, 1, 1, NULL, '2021-08-22 08:15:27', '2021-08-22 08:15:27'),
	(38, 28, 1, 1, NULL, '2021-08-22 08:15:27', '2021-08-22 08:15:27'),
	(39, 29, 1, 1, NULL, '2021-08-22 08:15:27', '2021-08-22 08:15:27'),
	(40, 30, 1, 1, NULL, '2021-08-22 08:15:27', '2021-08-22 08:15:27'),
	(41, 31, 1, 1, NULL, '2021-08-22 08:15:27', '2021-08-22 08:15:27'),
	(42, 32, 1, 1, NULL, '2021-08-22 08:15:27', '2021-08-22 08:15:27'),
	(43, 33, 1, 1, NULL, '2021-08-22 08:15:27', '2021-08-22 08:15:27'),
	(44, 34, 1, 1, NULL, '2021-08-22 08:15:27', '2021-08-22 08:15:27'),
	(45, 35, 1, 1, NULL, '2021-08-22 08:15:27', '2021-08-22 08:15:27'),
	(46, 36, 1, 1, NULL, '2021-08-22 08:15:27', '2021-08-22 08:15:27'),
	(47, 37, 1, 1, NULL, '2021-08-22 08:15:27', '2021-08-22 08:15:27'),
	(48, 38, 1, 1, NULL, '2021-08-22 08:15:27', '2021-08-22 08:15:27'),
	(49, 39, 1, 1, NULL, '2021-08-22 08:15:27', '2021-08-22 08:15:27'),
	(50, 40, 1, 1, NULL, '2021-08-22 08:15:27', '2021-08-22 08:15:27'),
	(51, 41, 1, 1, NULL, '2021-08-22 08:15:27', '2021-08-22 08:15:27'),
	(52, 42, 1, 1, NULL, '2021-08-22 08:15:27', '2021-08-22 08:15:27'),
	(53, 43, 1, 1, NULL, '2021-08-22 08:15:27', '2021-08-22 08:15:27'),
	(54, 44, 1, 1, NULL, '2021-08-22 08:15:27', '2021-08-22 08:15:27'),
	(55, 45, 1, 1, NULL, '2021-08-22 08:15:27', '2021-08-22 08:15:27'),
	(56, 46, 1, 1, NULL, '2021-08-22 08:15:27', '2021-08-22 08:15:27'),
	(57, 47, 1, 1, NULL, '2021-08-22 08:15:27', '2021-08-22 08:15:27'),
	(58, 48, 1, 1, NULL, '2021-08-22 08:15:27', '2021-08-22 08:15:27'),
	(59, 49, 1, 1, NULL, '2021-08-22 08:15:27', '2021-08-22 08:15:27'),
	(60, 50, 1, 1, NULL, '2021-08-22 08:15:27', '2021-08-22 08:15:27'),
	(61, 51, 1, 1, NULL, '2021-08-22 08:15:27', '2021-08-22 08:15:27'),
	(62, 52, 1, 1, NULL, '2021-08-22 08:15:27', '2021-08-22 08:15:27'),
	(63, 53, 1, 1, NULL, '2021-08-22 08:15:27', '2021-08-22 08:15:27'),
	(64, 54, 1, 1, NULL, '2021-08-22 08:15:27', '2021-08-22 08:15:27'),
	(65, 55, 1, 1, NULL, '2021-08-22 08:15:27', '2021-08-22 08:15:27'),
	(66, 56, 1, 1, NULL, '2021-08-22 08:15:27', '2021-08-22 08:15:27'),
	(67, 57, 1, 1, NULL, '2021-08-22 08:15:27', '2021-08-22 08:15:27'),
	(68, 58, 1, 1, NULL, '2021-08-22 08:15:27', '2021-08-22 08:15:27'),
	(69, 59, 1, 1, NULL, '2021-08-22 08:15:27', '2021-08-22 08:15:27'),
	(70, 60, 1, 1, NULL, '2021-08-22 08:15:27', '2021-08-22 08:15:27'),
	(71, 61, 1, 1, NULL, '2021-08-22 08:15:27', '2021-08-22 08:15:27'),
	(72, 62, 1, 1, NULL, '2021-08-22 08:15:27', '2021-08-22 08:15:27'),
	(73, 63, 1, 1, NULL, '2021-08-22 08:15:27', '2021-08-22 08:15:27'),
	(74, 64, 1, 1, NULL, '2021-08-22 08:15:27', '2021-08-22 08:15:27'),
	(75, 65, 1, 1, NULL, '2021-08-22 08:15:27', '2021-08-22 08:15:27'),
	(76, 66, 1, 1, NULL, '2021-08-22 08:15:27', '2021-08-22 08:15:27'),
	(77, 67, 1, 1, NULL, '2021-08-22 08:15:27', '2021-08-22 08:15:27'),
	(78, 68, 1, 1, NULL, '2021-08-22 08:15:27', '2021-08-22 08:15:27'),
	(79, 69, 1, 1, NULL, '2021-08-22 08:15:28', '2021-08-22 08:15:28'),
	(80, 70, 1, 1, NULL, '2021-08-22 08:15:28', '2021-08-22 08:15:28'),
	(81, 71, 1, 1, NULL, '2021-08-22 08:15:28', '2021-08-22 08:15:28'),
	(83, 73, 1, 1, NULL, '2021-08-22 08:15:28', '2021-08-22 08:15:28'),
	(85, 4, 5805, 1, NULL, '2021-08-22 08:15:28', '2021-08-22 08:15:28'),
	(86, 5, 5805, 1, NULL, '2021-08-22 08:15:28', '2021-08-22 08:15:28'),
	(87, 6, 5805, 1, NULL, '2021-08-22 08:15:28', '2021-08-22 08:15:28'),
	(88, 7, 5805, 1, NULL, '2021-08-22 08:15:28', '2021-08-22 08:15:28'),
	(89, 8, 5805, 1, NULL, '2021-08-22 08:15:28', '2021-08-22 08:15:28'),
	(90, 9, 5805, 1, NULL, '2021-08-22 08:15:28', '2021-08-22 08:15:28'),
	(91, 10, 5805, 1, NULL, '2021-08-22 08:15:28', '2021-08-22 08:15:28'),
	(92, 11, 5805, 1, NULL, '2021-08-22 08:15:28', '2021-08-22 08:15:28'),
	(93, 12, 5805, 1, NULL, '2021-08-22 08:15:28', '2021-08-22 08:15:28'),
	(94, 13, 5805, 1, NULL, '2021-08-22 08:15:28', '2021-08-22 08:15:28'),
	(95, 14, 5805, 1, NULL, '2021-08-22 08:15:28', '2021-08-22 08:15:28'),
	(96, 15, 5805, 1, NULL, '2021-08-22 08:15:28', '2021-08-22 08:15:28'),
	(97, 16, 5805, 1, NULL, '2021-08-22 08:15:28', '2021-08-22 08:15:28'),
	(98, 17, 5805, 1, NULL, '2021-08-22 08:15:28', '2021-08-22 08:15:28'),
	(99, 18, 5805, 1, NULL, '2021-08-22 08:15:28', '2021-08-22 08:15:28'),
	(100, 19, 5805, 1, NULL, '2021-08-22 08:15:28', '2021-08-22 08:15:28'),
	(101, 20, 5805, 1, NULL, '2021-08-22 08:15:28', '2021-08-22 08:15:28'),
	(102, 21, 5805, 1, NULL, '2021-08-22 08:15:28', '2021-08-22 08:15:28'),
	(103, 22, 5805, 1, NULL, '2021-08-22 08:15:28', '2021-08-22 08:15:28'),
	(104, 23, 5805, 1, NULL, '2021-08-22 08:15:28', '2021-08-22 08:15:28'),
	(105, 24, 5805, 1, NULL, '2021-08-22 08:15:28', '2021-08-22 08:15:28'),
	(106, 25, 5805, 1, NULL, '2021-08-22 08:15:28', '2021-08-22 08:15:28'),
	(107, 26, 5805, 1, NULL, '2021-08-22 08:15:28', '2021-08-22 08:15:28'),
	(108, 27, 5805, 1, NULL, '2021-08-22 08:15:28', '2021-08-22 08:15:28'),
	(109, 28, 5805, 1, NULL, '2021-08-22 08:15:28', '2021-08-22 08:15:28'),
	(110, 29, 5805, 1, NULL, '2021-08-22 08:15:28', '2021-08-22 08:15:28'),
	(111, 30, 5805, 1, NULL, '2021-08-22 08:15:28', '2021-08-22 08:15:28'),
	(112, 31, 5805, 1, NULL, '2021-08-22 08:15:28', '2021-08-22 08:15:28'),
	(113, 32, 5805, 1, NULL, '2021-08-22 08:15:28', '2021-08-22 08:15:28'),
	(114, 33, 5805, 1, NULL, '2021-08-22 08:15:28', '2021-08-22 08:15:28'),
	(115, 34, 5805, 1, NULL, '2021-08-22 08:15:28', '2021-08-22 08:15:28'),
	(116, 35, 5805, 1, NULL, '2021-08-22 08:15:28', '2021-08-22 08:15:28'),
	(117, 36, 5805, 1, NULL, '2021-08-22 08:15:28', '2021-08-22 08:15:28'),
	(118, 37, 5805, 1, NULL, '2021-08-22 08:15:28', '2021-08-22 08:15:28'),
	(119, 38, 5805, 1, NULL, '2021-08-22 08:15:28', '2021-08-22 08:15:28'),
	(120, 39, 5805, 1, NULL, '2021-08-22 08:15:28', '2021-08-22 08:15:28'),
	(121, 40, 5805, 1, NULL, '2021-08-22 08:15:28', '2021-08-22 08:15:28'),
	(122, 41, 5805, 1, NULL, '2021-08-22 08:15:28', '2021-08-22 08:15:28'),
	(123, 42, 5805, 1, NULL, '2021-08-22 08:15:28', '2021-08-22 08:15:28'),
	(124, 43, 5805, 1, NULL, '2021-08-22 08:15:28', '2021-08-22 08:15:28'),
	(125, 44, 5805, 1, NULL, '2021-08-22 08:15:28', '2021-08-22 08:15:28'),
	(126, 45, 5805, 1, NULL, '2021-08-22 08:15:28', '2021-08-22 08:15:28'),
	(127, 46, 5805, 1, NULL, '2021-08-22 08:15:28', '2021-08-22 08:15:28'),
	(128, 47, 5805, 1, NULL, '2021-08-22 08:15:28', '2021-08-22 08:15:28'),
	(129, 48, 5805, 1, NULL, '2021-08-22 08:15:28', '2021-08-22 08:15:28'),
	(130, 49, 5805, 1, NULL, '2021-08-22 08:15:28', '2021-08-22 08:15:28'),
	(131, 50, 5805, 1, NULL, '2021-08-22 08:15:28', '2021-08-22 08:15:28'),
	(132, 51, 5805, 1, NULL, '2021-08-22 08:15:28', '2021-08-22 08:15:28'),
	(133, 52, 5805, 1, NULL, '2021-08-22 08:15:28', '2021-08-22 08:15:28'),
	(134, 53, 5805, 1, NULL, '2021-08-22 08:15:28', '2021-08-22 08:15:28'),
	(135, 54, 5805, 1, NULL, '2021-08-22 08:15:28', '2021-08-22 08:15:28'),
	(136, 55, 5805, 1, NULL, '2021-08-22 08:15:28', '2021-08-22 08:15:28'),
	(137, 56, 5805, 1, NULL, '2021-08-22 08:15:28', '2021-08-22 08:15:28'),
	(138, 57, 5805, 1, NULL, '2021-08-22 08:15:28', '2021-08-22 08:15:28'),
	(139, 58, 5805, 1, NULL, '2021-08-22 08:15:28', '2021-08-22 08:15:28'),
	(140, 59, 5805, 1, NULL, '2021-08-22 08:15:28', '2021-08-22 08:15:28'),
	(141, 60, 5805, 1, NULL, '2021-08-22 08:15:28', '2021-08-22 08:15:28'),
	(142, 61, 5805, 1, NULL, '2021-08-22 08:15:28', '2021-08-22 08:15:28'),
	(143, 62, 5805, 1, NULL, '2021-08-22 08:15:28', '2021-08-22 08:15:28'),
	(144, 63, 5805, 1, NULL, '2021-08-22 08:15:28', '2021-08-22 08:15:28'),
	(145, 64, 5805, 1, NULL, '2021-08-22 08:15:28', '2021-08-22 08:15:28'),
	(146, 65, 5805, 1, NULL, '2021-08-22 08:15:28', '2021-08-22 08:15:28'),
	(147, 66, 5805, 1, NULL, '2021-08-22 08:15:28', '2021-08-22 08:15:28'),
	(148, 67, 5805, 1, NULL, '2021-08-22 08:15:28', '2021-08-22 08:15:28'),
	(149, 68, 5805, 1, NULL, '2021-08-22 08:15:28', '2021-08-22 08:15:28'),
	(150, 69, 5805, 1, NULL, '2021-08-22 08:15:28', '2021-08-22 08:15:28'),
	(151, 70, 5805, 1, NULL, '2021-08-22 08:15:28', '2021-08-22 08:15:28'),
	(152, 71, 5805, 1, NULL, '2021-08-22 08:15:28', '2021-08-22 08:15:28'),
	(154, 73, 5805, 1, NULL, '2021-08-22 08:15:28', '2021-08-22 08:15:28'),
	(156, 74, 1, 1, NULL, '2021-11-28 17:32:20', '2021-11-28 17:32:20'),
	(157, 74, 5805, 1, NULL, '2021-11-28 17:32:20', '2021-11-28 17:32:20'),
	(158, 72, 1, 1, NULL, '2021-12-06 13:53:07', '2021-12-06 13:53:07'),
	(159, 72, 5805, 1, NULL, '2021-12-06 13:53:07', '2021-12-06 13:53:07');

-- Dumping structure for table iposolution.migrations
CREATE TABLE IF NOT EXISTS `migrations` (
  `id` int(10) unsigned NOT NULL AUTO_INCREMENT,
  `migration` varchar(191) COLLATE utf8mb4_unicode_ci NOT NULL,
  `batch` int(11) NOT NULL,
  PRIMARY KEY (`id`)
) ENGINE=InnoDB AUTO_INCREMENT=3 DEFAULT CHARSET=utf8mb4 COLLATE=utf8mb4_unicode_ci;

-- Dumping data for table iposolution.migrations: ~2 rows (approximately)
INSERT INTO `migrations` (`id`, `migration`, `batch`) VALUES
	(1, '2014_10_12_000000_create_users_table', 1),
	(2, '2014_10_12_100000_create_password_resets_table', 1);

-- Dumping structure for table iposolution.permissions
CREATE TABLE IF NOT EXISTS `permissions` (
  `id` int(10) unsigned NOT NULL AUTO_INCREMENT,
  `role_id` int(11) NOT NULL,
  `permission` varchar(191) NOT NULL,
  `created_by` int(11) DEFAULT NULL,
  `updated_by` int(11) DEFAULT NULL,
  `created_at` timestamp NULL DEFAULT NULL,
  `updated_at` timestamp NULL DEFAULT NULL,
  PRIMARY KEY (`id`)
) ENGINE=InnoDB AUTO_INCREMENT=453 DEFAULT CHARSET=utf8;

-- Dumping data for table iposolution.permissions: ~91 rows (approximately)
INSERT INTO `permissions` (`id`, `role_id`, `permission`, `created_by`, `updated_by`, `created_at`, `updated_at`) VALUES
	(5, 2, 'admin.dashboard', NULL, NULL, '2021-07-05 15:34:19', '2021-07-05 15:34:19'),
	(6, 2, 'settings.general_settings', NULL, NULL, '2021-07-05 15:34:19', '2021-07-05 15:34:19'),
	(7, 2, 'districts.list', NULL, NULL, '2021-07-05 15:34:19', '2021-07-05 15:34:19'),
	(8, 2, 'districts.store', NULL, NULL, '2021-07-05 15:34:19', '2021-07-05 15:34:19'),
	(9, 2, 'districts.update', NULL, NULL, '2021-07-05 15:34:19', '2021-07-05 15:34:19'),
	(10, 2, 'districts.delete', NULL, NULL, '2021-07-05 15:34:19', '2021-07-05 15:34:19'),
	(11, 2, 'thanas.list', NULL, NULL, '2021-07-05 15:34:19', '2021-07-05 15:34:19'),
	(12, 2, 'thanas.store', NULL, NULL, '2021-07-05 15:34:19', '2021-07-05 15:34:19'),
	(13, 2, 'thanas.update', NULL, NULL, '2021-07-05 15:34:19', '2021-07-05 15:34:19'),
	(14, 2, 'words.list', NULL, NULL, '2021-07-05 15:34:19', '2021-07-05 15:34:19'),
	(15, 2, 'words.store', NULL, NULL, '2021-07-05 15:34:19', '2021-07-05 15:34:19'),
	(16, 2, 'words.update', NULL, NULL, '2021-07-05 15:34:19', '2021-07-05 15:34:19'),
	(17, 2, 'unions.list', NULL, NULL, '2021-07-05 15:34:19', '2021-07-05 15:34:19'),
	(18, 2, 'unions.store', NULL, NULL, '2021-07-05 15:34:19', '2021-07-05 15:34:19'),
	(19, 2, 'unions.update', NULL, NULL, '2021-07-05 15:34:19', '2021-07-05 15:34:19'),
	(20, 2, 'divisions.list', NULL, NULL, '2021-07-05 15:34:19', '2021-07-05 15:34:19'),
	(21, 2, 'divisions.store', NULL, NULL, '2021-07-05 15:34:19', '2021-07-05 15:34:19'),
	(22, 2, 'divisions.update', NULL, NULL, '2021-07-05 15:34:19', '2021-07-05 15:34:19'),
	(23, 2, 'permissions.list', NULL, NULL, '2021-07-05 15:34:19', '2021-07-05 15:34:19'),
	(24, 2, 'permissions.store', NULL, NULL, '2021-07-05 15:34:19', '2021-07-05 15:34:19'),
	(25, 2, 'roles.list', NULL, NULL, '2021-07-05 15:34:19', '2021-07-05 15:34:19'),
	(26, 2, 'roles.store', NULL, NULL, '2021-07-05 15:34:19', '2021-07-05 15:34:19'),
	(27, 2, 'roles.update', NULL, NULL, '2021-07-05 15:34:19', '2021-07-05 15:34:19'),
	(28, 2, 'roles.delete', NULL, NULL, '2021-07-05 15:34:19', '2021-07-05 15:34:19'),
	(29, 2, 'groups.grouplist', NULL, NULL, '2021-07-05 15:34:19', '2021-07-05 15:34:19'),
	(30, 2, 'groups.store', NULL, NULL, '2021-07-05 15:34:19', '2021-07-05 15:34:19'),
	(31, 2, 'groups.update', NULL, NULL, '2021-07-05 15:34:19', '2021-07-05 15:34:19'),
	(32, 2, 'groups.delete', NULL, NULL, '2021-07-05 15:34:19', '2021-07-05 15:34:19'),
	(33, 2, 'groups.assign_member_list', NULL, NULL, '2021-07-05 15:34:19', '2021-07-05 15:34:19'),
	(34, 2, 'groups.assign_member', NULL, NULL, '2021-07-05 15:34:19', '2021-07-05 15:34:19'),
	(35, 2, 'groups.delete_member', NULL, NULL, '2021-07-05 15:34:19', '2021-07-05 15:34:19'),
	(36, 2, 'groups.added_member_list', NULL, NULL, '2021-07-05 15:34:19', '2021-07-05 15:34:19'),
	(394, 3, 'admin.dashboard', NULL, NULL, '2021-08-21 17:23:37', '2021-08-21 17:23:37'),
	(395, 3, 'settings.general_settings', NULL, NULL, '2021-08-21 17:23:37', '2021-08-21 17:23:37'),
	(396, 3, 'settings.general_data', NULL, NULL, '2021-08-21 17:23:37', '2021-08-21 17:23:37'),
	(397, 3, 'districts.list', NULL, NULL, '2021-08-21 17:23:37', '2021-08-21 17:23:37'),
	(398, 3, 'districts.store', NULL, NULL, '2021-08-21 17:23:37', '2021-08-21 17:23:37'),
	(399, 3, 'districts.update', NULL, NULL, '2021-08-21 17:23:37', '2021-08-21 17:23:37'),
	(400, 3, 'districts.delete', NULL, NULL, '2021-08-21 17:23:37', '2021-08-21 17:23:37'),
	(401, 3, 'thanas.list', NULL, NULL, '2021-08-21 17:23:37', '2021-08-21 17:23:37'),
	(402, 3, 'thanas.store', NULL, NULL, '2021-08-21 17:23:37', '2021-08-21 17:23:37'),
	(403, 3, 'thanas.update', NULL, NULL, '2021-08-21 17:23:37', '2021-08-21 17:23:37'),
	(404, 3, 'words.list', NULL, NULL, '2021-08-21 17:23:37', '2021-08-21 17:23:37'),
	(405, 3, 'words.store', NULL, NULL, '2021-08-21 17:23:37', '2021-08-21 17:23:37'),
	(406, 3, 'words.update', NULL, NULL, '2021-08-21 17:23:37', '2021-08-21 17:23:37'),
	(407, 3, 'unions.list', NULL, NULL, '2021-08-21 17:23:37', '2021-08-21 17:23:37'),
	(408, 3, 'unions.store', NULL, NULL, '2021-08-21 17:23:37', '2021-08-21 17:23:37'),
	(409, 3, 'unions.update', NULL, NULL, '2021-08-21 17:23:37', '2021-08-21 17:23:37'),
	(410, 3, 'divisions.list', NULL, NULL, '2021-08-21 17:23:37', '2021-08-21 17:23:37'),
	(411, 3, 'divisions.store', NULL, NULL, '2021-08-21 17:23:37', '2021-08-21 17:23:37'),
	(412, 3, 'divisions.update', NULL, NULL, '2021-08-21 17:23:37', '2021-08-21 17:23:37'),
	(413, 3, 'permissions.list', NULL, NULL, '2021-08-21 17:23:37', '2021-08-21 17:23:37'),
	(414, 3, 'permissions.store', NULL, NULL, '2021-08-21 17:23:37', '2021-08-21 17:23:37'),
	(415, 3, 'roles.list', NULL, NULL, '2021-08-21 17:23:37', '2021-08-21 17:23:37'),
	(416, 3, 'roles.store', NULL, NULL, '2021-08-21 17:23:37', '2021-08-21 17:23:37'),
	(417, 3, 'roles.update', NULL, NULL, '2021-08-21 17:23:37', '2021-08-21 17:23:37'),
	(418, 3, 'roles.delete', NULL, NULL, '2021-08-21 17:23:37', '2021-08-21 17:23:37'),
	(419, 3, 'groups.grouplist', NULL, NULL, '2021-08-21 17:23:37', '2021-08-21 17:23:37'),
	(420, 3, 'groups.store', NULL, NULL, '2021-08-21 17:23:37', '2021-08-21 17:23:37'),
	(421, 3, 'groups.update', NULL, NULL, '2021-08-21 17:23:37', '2021-08-21 17:23:37'),
	(422, 3, 'groups.delete', NULL, NULL, '2021-08-21 17:23:37', '2021-08-21 17:23:37'),
	(423, 3, 'groups.assign_member_list', NULL, NULL, '2021-08-21 17:23:37', '2021-08-21 17:23:37'),
	(424, 3, 'groups.assign_member', NULL, NULL, '2021-08-21 17:23:37', '2021-08-21 17:23:37'),
	(425, 3, 'groups.delete_member', NULL, NULL, '2021-08-21 17:23:37', '2021-08-21 17:23:37'),
	(426, 3, 'groups.added_member_list', NULL, NULL, '2021-08-21 17:23:37', '2021-08-21 17:23:37'),
	(427, 3, 'groups.remarks', NULL, NULL, '2021-08-21 17:23:37', '2021-08-21 17:23:37'),
	(428, 3, 'groups.remarks_update', NULL, NULL, '2021-08-21 17:23:37', '2021-08-21 17:23:37'),
	(429, 3, 'teams.list', NULL, NULL, '2021-08-21 17:23:37', '2021-08-21 17:23:37'),
	(430, 3, 'teams.store', NULL, NULL, '2021-08-21 17:23:37', '2021-08-21 17:23:37'),
	(431, 3, 'teams.update', NULL, NULL, '2021-08-21 17:23:37', '2021-08-21 17:23:37'),
	(432, 3, 'teams.delete', NULL, NULL, '2021-08-21 17:23:37', '2021-08-21 17:23:37'),
	(433, 3, 'teams.assign_member_list', NULL, NULL, '2021-08-21 17:23:37', '2021-08-21 17:23:37'),
	(434, 3, 'teams.assign_member', NULL, NULL, '2021-08-21 17:23:37', '2021-08-21 17:23:37'),
	(435, 3, 'teams.delete_member', NULL, NULL, '2021-08-21 17:23:37', '2021-08-21 17:23:37'),
	(436, 3, 'teams.added_member_list', NULL, NULL, '2021-08-21 17:23:37', '2021-08-21 17:23:37'),
	(437, 3, 'members.list', NULL, NULL, '2021-08-21 17:23:37', '2021-08-21 17:23:37'),
	(438, 3, 'members.create', NULL, NULL, '2021-08-21 17:23:37', '2021-08-21 17:23:37'),
	(439, 3, 'members.view', NULL, NULL, '2021-08-21 17:23:37', '2021-08-21 17:23:37'),
	(440, 3, 'members.edit', NULL, NULL, '2021-08-21 17:23:37', '2021-08-21 17:23:37'),
	(441, 3, 'members.delete', NULL, NULL, '2021-08-21 17:23:37', '2021-08-21 17:23:37'),
	(442, 3, 'members.admin_user_check', NULL, NULL, '2021-08-21 17:23:37', '2021-08-21 17:23:37'),
	(443, 3, 'members.admin_referral_check', NULL, NULL, '2021-08-21 17:23:37', '2021-08-21 17:23:37'),
	(444, 3, 'admins.list', NULL, NULL, '2021-08-21 17:23:37', '2021-08-21 17:23:37'),
	(445, 3, 'admins.create', NULL, NULL, '2021-08-21 17:23:37', '2021-08-21 17:23:37'),
	(446, 3, 'admins.store', NULL, NULL, '2021-08-21 17:23:37', '2021-08-21 17:23:37'),
	(447, 3, 'admins.edit', NULL, NULL, '2021-08-21 17:23:37', '2021-08-21 17:23:37'),
	(448, 3, 'admins.update', NULL, NULL, '2021-08-21 17:23:37', '2021-08-21 17:23:37'),
	(449, 3, 'admins.assign_group', NULL, NULL, '2021-08-21 17:23:37', '2021-08-21 17:23:37'),
	(450, 3, 'admins.delete', NULL, NULL, '2021-08-21 17:23:37', '2021-08-21 17:23:37'),
	(451, 3, 'admins.view', NULL, NULL, '2021-08-21 17:23:37', '2021-08-21 17:23:37'),
	(452, 3, 'admins.view_log_histories', NULL, NULL, '2021-08-21 17:23:37', '2021-08-21 17:23:37');

-- Dumping structure for table iposolution.products
CREATE TABLE IF NOT EXISTS `products` (
  `id` int(10) unsigned NOT NULL AUTO_INCREMENT,
  `name` varchar(100) DEFAULT NULL,
  `description` longtext,
  `code` varchar(100) DEFAULT NULL,
  `price` decimal(10,2) DEFAULT '0.00',
  `unit` varchar(50) DEFAULT NULL,
  `category_id` int(11) DEFAULT NULL,
  `group_id` int(11) DEFAULT NULL,
  `product_image` varchar(150) DEFAULT NULL,
  `minimum_stock` int(11) DEFAULT '0',
  `reorder_quantity` int(11) DEFAULT '0',
  `status` enum('Active','Inactive') DEFAULT 'Active',
  `product_in` int(11) DEFAULT '0',
  `product_out` int(11) DEFAULT '0',
  `created_at` timestamp NULL DEFAULT NULL,
  `updated_at` timestamp NULL DEFAULT NULL,
  PRIMARY KEY (`id`) USING BTREE
) ENGINE=InnoDB AUTO_INCREMENT=8 DEFAULT CHARSET=utf8;

-- Dumping data for table iposolution.products: ~0 rows (approximately)
INSERT INTO `products` (`id`, `name`, `description`, `code`, `price`, `unit`, `category_id`, `group_id`, `product_image`, `minimum_stock`, `reorder_quantity`, `status`, `product_in`, `product_out`, `created_at`, `updated_at`) VALUES
	(6, 'Test Product Name', NULL, 'p-888', 65.00, NULL, NULL, NULL, '1629960556431.jpg', 0, 0, 'Active', 0, 0, '2021-08-26 06:49:16', '2021-10-18 14:01:59'),
	(7, 'SMC', NULL, NULL, 5.00, NULL, NULL, NULL, NULL, NULL, NULL, 'Active', 0, 0, '2021-10-18 13:53:00', '2021-10-18 13:53:00');

-- Dumping structure for table iposolution.product_category
CREATE TABLE IF NOT EXISTS `product_category` (
  `id` int(10) unsigned NOT NULL AUTO_INCREMENT,
  `category_name` varchar(100) DEFAULT NULL,
  `status` tinyint(4) DEFAULT '1',
  `created_by` int(11) DEFAULT NULL,
  `updated_by` int(11) DEFAULT NULL,
  `created_at` timestamp NULL DEFAULT NULL,
  `updated_at` timestamp NULL DEFAULT NULL,
  PRIMARY KEY (`id`)
) ENGINE=InnoDB DEFAULT CHARSET=utf8;

-- Dumping data for table iposolution.product_category: ~0 rows (approximately)

-- Dumping structure for table iposolution.product_group
CREATE TABLE IF NOT EXISTS `product_group` (
  `id` int(10) unsigned NOT NULL AUTO_INCREMENT,
  `group_name` varchar(50) DEFAULT NULL,
  `created_at` timestamp NULL DEFAULT NULL,
  `updated_at` timestamp NULL DEFAULT NULL,
  PRIMARY KEY (`id`) USING BTREE
) ENGINE=InnoDB DEFAULT CHARSET=utf8;

-- Dumping data for table iposolution.product_group: ~0 rows (approximately)

-- Dumping structure for table iposolution.purchase
CREATE TABLE IF NOT EXISTS `purchase` (
  `id` int(10) unsigned NOT NULL AUTO_INCREMENT,
  `member_id` int(10) DEFAULT NULL,
  `purchase_no` varchar(120) DEFAULT NULL,
  `purchase_date` timestamp NULL DEFAULT NULL,
  `due_date` timestamp NULL DEFAULT NULL,
  `branch_id` int(11) DEFAULT NULL,
  `refer_type` tinyint(4) DEFAULT NULL,
  `refer_id` int(11) DEFAULT NULL,
  `grand_total` double DEFAULT '0',
  `net_total` double DEFAULT '0',
  `discount` double DEFAULT '0',
  `note` varchar(100) DEFAULT NULL,
  `created_by` int(11) DEFAULT NULL,
  `updated_by` int(11) DEFAULT NULL,
  `created_at` timestamp NULL DEFAULT NULL,
  `updated_at` timestamp NULL DEFAULT NULL,
  `status` tinyint(1) DEFAULT NULL,
  PRIMARY KEY (`id`) USING BTREE
) ENGINE=InnoDB AUTO_INCREMENT=9 DEFAULT CHARSET=utf8;

-- Dumping data for table iposolution.purchase: ~4 rows (approximately)
INSERT INTO `purchase` (`id`, `member_id`, `purchase_no`, `purchase_date`, `due_date`, `branch_id`, `refer_type`, `refer_id`, `grand_total`, `net_total`, `discount`, `note`, `created_by`, `updated_by`, `created_at`, `updated_at`, `status`) VALUES
	(2, 3, '435wers', '2021-09-19 15:03:33', NULL, NULL, NULL, NULL, 800, 0, 0, 'ererr', 3, 3, '2021-09-19 15:03:33', '2021-10-18 14:30:18', 1),
	(5, 3697, '667', '2021-10-06 12:24:01', NULL, NULL, NULL, NULL, 50, 0, 0, 'Testt', 3697, 3697, '2021-10-08 12:24:01', '2021-10-18 14:19:38', 2),
	(6, 276, '668', '2021-10-14 15:44:09', NULL, NULL, NULL, NULL, 165, 0, 0, NULL, 276, 276, '2021-10-14 15:44:09', '2021-10-18 14:18:55', 1),
	(8, 3, NULL, '2021-09-21 13:01:54', NULL, NULL, NULL, NULL, 650, 0, 0, NULL, 3, 3, '2021-10-18 15:00:24', '2021-10-20 13:01:54', NULL);

-- Dumping structure for table iposolution.purchase_details
CREATE TABLE IF NOT EXISTS `purchase_details` (
  `id` int(10) unsigned NOT NULL AUTO_INCREMENT,
  `purchase_id` int(11) DEFAULT NULL,
  `product_id` int(11) DEFAULT NULL,
  `quantity` int(11) DEFAULT '0',
  `price` double DEFAULT '0',
  `total` double DEFAULT '0',
  `discount` double DEFAULT '0',
  PRIMARY KEY (`id`) USING BTREE
) ENGINE=InnoDB AUTO_INCREMENT=19 DEFAULT CHARSET=utf8;

-- Dumping data for table iposolution.purchase_details: ~5 rows (approximately)
INSERT INTO `purchase_details` (`id`, `purchase_id`, `product_id`, `quantity`, `price`, `total`, `discount`) VALUES
	(2, 2, 6, 4, 200, 800, 0),
	(5, 5, 6, 5, 10, 50, 0),
	(6, 6, 6, 5, 33, 165, 0),
	(17, 8, 6, 7, 90, 630, 0),
	(18, 8, 7, 5, 4, 20, 0);

-- Dumping structure for table iposolution.roles
CREATE TABLE IF NOT EXISTS `roles` (
  `id` int(10) unsigned NOT NULL AUTO_INCREMENT,
  `name` varchar(100) DEFAULT NULL,
  `created_by` int(11) DEFAULT NULL,
  `updated_by` int(11) DEFAULT NULL,
  `created_at` timestamp NULL DEFAULT NULL,
  `updated_at` timestamp NULL DEFAULT NULL,
  PRIMARY KEY (`id`)
) ENGINE=InnoDB AUTO_INCREMENT=4 DEFAULT CHARSET=utf8;

-- Dumping data for table iposolution.roles: ~2 rows (approximately)
INSERT INTO `roles` (`id`, `name`, `created_by`, `updated_by`, `created_at`, `updated_at`) VALUES
	(2, 'Super Admin', NULL, NULL, '2021-06-26 16:31:23', '2021-07-05 15:33:31'),
	(3, 'Manager', NULL, NULL, '2021-06-26 16:31:25', '2021-07-05 15:33:39');

-- Dumping structure for table iposolution.sells
CREATE TABLE IF NOT EXISTS `sells` (
  `id` int(10) unsigned NOT NULL AUTO_INCREMENT,
  `member_id` int(10) DEFAULT NULL,
  `sell_no` varchar(120) DEFAULT NULL,
  `sell_date` timestamp NULL DEFAULT NULL,
  `due_date` timestamp NULL DEFAULT NULL,
  `branch_id` int(11) DEFAULT NULL,
  `refer_type` tinyint(4) DEFAULT NULL,
  `refer_id` int(11) DEFAULT NULL,
  `grand_total` double DEFAULT '0',
  `net_total` double DEFAULT '0',
  `discount` double DEFAULT '0',
  `note` varchar(100) DEFAULT NULL,
  `created_by` timestamp NULL DEFAULT NULL,
  `updated_by` timestamp NULL DEFAULT NULL,
  `created_at` timestamp NULL DEFAULT NULL,
  `updated_at` timestamp NULL DEFAULT NULL,
  PRIMARY KEY (`id`) USING BTREE
) ENGINE=InnoDB AUTO_INCREMENT=2 DEFAULT CHARSET=utf8;

-- Dumping data for table iposolution.sells: ~0 rows (approximately)
INSERT INTO `sells` (`id`, `member_id`, `sell_no`, `sell_date`, `due_date`, `branch_id`, `refer_type`, `refer_id`, `grand_total`, `net_total`, `discount`, `note`, `created_by`, `updated_by`, `created_at`, `updated_at`) VALUES
	(1, NULL, '1', '2021-10-20 14:50:23', NULL, NULL, NULL, NULL, 52, 0, 0, NULL, NULL, NULL, '2021-10-20 14:50:23', '2021-10-20 14:50:23');

-- Dumping structure for table iposolution.sells_details
CREATE TABLE IF NOT EXISTS `sells_details` (
  `id` int(10) unsigned NOT NULL AUTO_INCREMENT,
  `sells_id` int(11) DEFAULT NULL,
  `product_id` int(11) DEFAULT NULL,
  `quantity` int(11) DEFAULT '0',
  `price` double DEFAULT '0',
  `total` double DEFAULT '0',
  `discount` double DEFAULT '0',
  PRIMARY KEY (`id`) USING BTREE
) ENGINE=InnoDB AUTO_INCREMENT=3 DEFAULT CHARSET=utf8;

-- Dumping data for table iposolution.sells_details: ~2 rows (approximately)
INSERT INTO `sells_details` (`id`, `sells_id`, `product_id`, `quantity`, `price`, `total`, `discount`) VALUES
	(1, 1, 6, 5, 4, 20, 0),
	(2, 1, 7, 8, 4, 32, 0);

-- Dumping structure for table iposolution.settings
CREATE TABLE IF NOT EXISTS `settings` (
  `id` int(10) unsigned NOT NULL AUTO_INCREMENT,
  `app_name` varchar(100) DEFAULT NULL,
  `phone_number` varchar(20) DEFAULT NULL,
  `website` varchar(50) DEFAULT NULL,
  `address` tinytext,
  `app_logo` varchar(90) DEFAULT NULL,
  `app_fav_icon` varchar(90) DEFAULT NULL,
  `created_by` int(11) DEFAULT NULL,
  `updated_by` int(11) DEFAULT NULL,
  `created_at` timestamp NULL DEFAULT NULL,
  `updated_at` timestamp NULL DEFAULT NULL,
  PRIMARY KEY (`id`)
) ENGINE=InnoDB AUTO_INCREMENT=2 DEFAULT CHARSET=utf8;

-- Dumping data for table iposolution.settings: ~2 rows (approximately)
INSERT INTO `settings` (`id`, `app_name`, `phone_number`, `website`, `address`, `app_logo`, `app_fav_icon`, `created_by`, `updated_by`, `created_at`, `updated_at`) VALUES
	(1, 'IPO SOLUTION', '01790622186', 'ddd', 'Dhaka', '1625584693564.jpg', '1625584704206.jpg', NULL, NULL, '2021-06-07 16:53:11', '2021-07-06 15:18:24');

-- Dumping structure for table iposolution.short_remarks
CREATE TABLE IF NOT EXISTS `short_remarks` (
  `id` int(10) unsigned NOT NULL AUTO_INCREMENT,
  `name` varchar(150) DEFAULT NULL,
  `created_by` int(10) DEFAULT NULL,
  `updated_by` int(10) DEFAULT NULL,
  `created_at` timestamp NULL DEFAULT NULL,
  `updated_at` timestamp NULL DEFAULT NULL,
  PRIMARY KEY (`id`) USING BTREE
) ENGINE=InnoDB AUTO_INCREMENT=3 DEFAULT CHARSET=utf8;

-- Dumping data for table iposolution.short_remarks: ~2 rows (approximately)
INSERT INTO `short_remarks` (`id`, `name`, `created_by`, `updated_by`, `created_at`, `updated_at`) VALUES
	(1, 'Positive Answer', 1, 1, '2021-12-06 13:39:48', '2021-12-06 13:40:14'),
	(2, 'Need Follow Up', 1, NULL, '2021-12-06 13:40:28', '2021-12-06 13:40:28');

-- Dumping structure for table iposolution.stockitems
CREATE TABLE IF NOT EXISTS `stockitems` (
  `id` int(10) unsigned NOT NULL AUTO_INCREMENT,
  `product_id` int(11) DEFAULT NULL,
  `quantity` int(11) DEFAULT NULL,
  `purchase_price` double DEFAULT '0',
  `sell_price` double DEFAULT '0',
  `status` varchar(50) DEFAULT 'purchase',
  PRIMARY KEY (`id`) USING BTREE
) ENGINE=InnoDB AUTO_INCREMENT=22 DEFAULT CHARSET=utf8;

-- Dumping data for table iposolution.stockitems: ~21 rows (approximately)
INSERT INTO `stockitems` (`id`, `product_id`, `quantity`, `purchase_price`, `sell_price`, `status`) VALUES
	(1, 6, 1, 33, 0, 'purchase'),
	(2, 6, 1, 33, 0, 'purchase'),
	(3, 6, 1, 33, 0, 'purchase'),
	(4, 6, 1, 33, 0, 'purchase'),
	(5, 6, 1, 33, 0, 'purchase'),
	(6, 6, 1, 200, 0, 'purchase'),
	(7, 6, 1, 200, 0, 'purchase'),
	(8, 6, 1, 200, 0, 'purchase'),
	(9, 6, 1, 200, 0, 'purchase'),
	(10, 6, 1, 90, 0, 'purchase'),
	(11, 6, 1, 90, 0, 'sell'),
	(12, 6, 1, 90, 0, 'purchase'),
	(13, 6, 1, 90, 0, 'purchase'),
	(14, 6, 1, 90, 0, 'purchase'),
	(15, 6, 1, 90, 0, 'purchase'),
	(16, 6, 1, 90, 0, 'purchase'),
	(17, 7, 1, 4, 0, 'purchase'),
	(18, 7, 1, 4, 0, 'purchase'),
	(19, 7, 1, 4, 0, 'sell'),
	(20, 7, 1, 4, 0, 'purchase'),
	(21, 7, 1, 4, 0, 'purchase');

-- Dumping structure for table iposolution.sub_category
CREATE TABLE IF NOT EXISTS `sub_category` (
  `id` int(10) unsigned NOT NULL AUTO_INCREMENT,
  `category_id` int(11) DEFAULT NULL,
  `sub_category_name` varchar(100) DEFAULT NULL,
  `status` tinyint(4) DEFAULT '1',
  `created_by` int(11) DEFAULT NULL,
  `updated_by` int(11) DEFAULT NULL,
  `created_at` timestamp NULL DEFAULT NULL,
  `updated_at` timestamp NULL DEFAULT NULL,
  PRIMARY KEY (`id`)
) ENGINE=InnoDB DEFAULT CHARSET=utf8;

-- Dumping data for table iposolution.sub_category: ~0 rows (approximately)

-- Dumping structure for table iposolution.teams
CREATE TABLE IF NOT EXISTS `teams` (
  `id` int(10) unsigned NOT NULL AUTO_INCREMENT,
  `name` varchar(100) DEFAULT NULL,
  `created_by` int(11) DEFAULT NULL,
  `updated_by` int(11) DEFAULT NULL,
  `created_at` timestamp NULL DEFAULT NULL,
  `updated_at` timestamp NULL DEFAULT NULL,
  PRIMARY KEY (`id`)
) ENGINE=InnoDB AUTO_INCREMENT=4 DEFAULT CHARSET=utf8;

-- Dumping data for table iposolution.teams: ~3 rows (approximately)
INSERT INTO `teams` (`id`, `name`, `created_by`, `updated_by`, `created_at`, `updated_at`) VALUES
	(1, 'Test Team', 1, 5805, '2021-08-01 10:33:27', '2021-08-04 07:12:58'),
	(2, 'Test', 5805, NULL, '2021-08-04 07:05:45', '2021-08-04 07:05:45'),
	(3, 'admin', 5805, NULL, '2021-08-04 07:13:59', '2021-08-04 07:13:59');

-- Dumping structure for table iposolution.team_users
CREATE TABLE IF NOT EXISTS `team_users` (
  `id` int(10) unsigned NOT NULL AUTO_INCREMENT,
  `team_id` int(11) DEFAULT NULL,
  `user_id` int(11) DEFAULT NULL,
  `remarks` text,
  `created_by` int(11) DEFAULT NULL,
  `updated_by` int(11) DEFAULT NULL,
  `created_at` timestamp NULL DEFAULT NULL,
  `updated_at` timestamp NULL DEFAULT NULL,
  PRIMARY KEY (`id`)
) ENGINE=InnoDB AUTO_INCREMENT=2 DEFAULT CHARSET=utf8;

-- Dumping data for table iposolution.team_users: ~0 rows (approximately)
INSERT INTO `team_users` (`id`, `team_id`, `user_id`, `remarks`, `created_by`, `updated_by`, `created_at`, `updated_at`) VALUES
	(1, 3, 5697, NULL, 1, NULL, '2021-09-09 12:18:38', '2021-09-09 12:18:38');

-- Dumping structure for table iposolution.thanas
CREATE TABLE IF NOT EXISTS `thanas` (
  `id` int(10) unsigned NOT NULL AUTO_INCREMENT,
  `district_id` int(11) DEFAULT NULL,
  `name_english` varchar(100) DEFAULT NULL,
  `name_bangla` varchar(100) DEFAULT NULL,
  `status` tinyint(4) DEFAULT '1',
  `created_by` int(11) DEFAULT NULL,
  `updated_by` int(11) DEFAULT NULL,
  `created_at` timestamp NULL DEFAULT NULL,
  `updated_at` timestamp NULL DEFAULT NULL,
  PRIMARY KEY (`id`)
) ENGINE=InnoDB AUTO_INCREMENT=712 DEFAULT CHARSET=utf8;

-- Dumping data for table iposolution.thanas: ~710 rows (approximately)
INSERT INTO `thanas` (`id`, `district_id`, `name_english`, `name_bangla`, `status`, `created_by`, `updated_by`, `created_at`, `updated_at`) VALUES
	(2, 2, 'Amtali', 'আমতলী', 1, NULL, NULL, '2021-07-30 17:33:36', '2021-07-30 17:33:36'),
	(3, 2, 'Bamna', 'বামনা', 1, NULL, NULL, '2021-07-30 17:33:36', '2021-07-30 17:33:36'),
	(4, 2, 'Barguna Sadar', 'বরগুনা সদর', 1, NULL, NULL, '2021-07-30 17:33:36', '2021-07-30 17:33:36'),
	(5, 2, 'Betagi', 'বেতাগি', 1, NULL, NULL, '2021-07-30 17:33:36', '2021-07-30 17:33:36'),
	(6, 2, 'Patharghata', 'পাথরঘাটা', 1, NULL, NULL, '2021-07-30 17:33:36', '2021-07-30 17:33:36'),
	(7, 2, 'Taltali', 'তালতলী', 1, NULL, NULL, '2021-07-30 17:33:36', '2021-07-30 17:33:36'),
	(8, 3, 'Bhola Sadar', 'ভোলা সদর', 1, NULL, NULL, '2021-07-30 17:33:36', '2021-07-30 17:33:36'),
	(9, 3, 'Burhanuddin', 'বুরহানউদ্দিন', 1, NULL, NULL, '2021-07-30 17:33:36', '2021-07-30 17:33:36'),
	(10, 3, 'Char Fasson', 'চর ফ্যাশন', 1, NULL, NULL, '2021-07-30 17:33:36', '2021-07-30 17:33:36'),
	(11, 3, 'Daulatkhan', 'দৌলতখান', 1, NULL, NULL, '2021-07-30 17:33:36', '2021-07-30 17:33:36'),
	(12, 3, 'Lalmohan', 'লালমোহন', 1, NULL, NULL, '2021-07-30 17:33:36', '2021-07-30 17:33:36'),
	(13, 3, 'Manpura', 'মনপুরা', 1, NULL, NULL, '2021-07-30 17:33:36', '2021-07-30 17:33:36'),
	(14, 3, 'Tazumuddin', 'তাজুমুদ্দিন', 1, NULL, NULL, '2021-07-30 17:33:36', '2021-07-30 17:33:36'),
	(15, 4, 'Jhalokati Sadar', 'ঝালকাঠি সদর', 1, NULL, NULL, '2021-07-30 17:33:36', '2021-07-30 17:33:36'),
	(16, 4, 'Kathalia', 'কাঁঠালিয়া', 1, NULL, NULL, '2021-07-30 17:33:36', '2021-07-30 17:33:36'),
	(17, 4, 'Nalchity', 'নালচিতি', 1, NULL, NULL, '2021-07-30 17:33:36', '2021-07-30 17:33:36'),
	(18, 4, 'Rajapur', 'রাজাপুর', 1, NULL, NULL, '2021-07-30 17:33:36', '2021-07-30 17:33:36'),
	(19, 5, 'Bauphal', 'বাউফল', 1, NULL, NULL, '2021-07-30 17:33:36', '2021-07-30 17:33:36'),
	(20, 5, 'Dashmina', 'দশমিনা', 1, NULL, NULL, '2021-07-30 17:33:36', '2021-07-30 17:33:36'),
	(21, 5, 'Galachipa', 'গলাচিপা', 1, NULL, NULL, '2021-07-30 17:33:36', '2021-07-30 17:33:36'),
	(22, 5, 'Kalapara', 'কালাপারা', 1, NULL, NULL, '2021-07-30 17:33:36', '2021-07-30 17:33:36'),
	(23, 5, 'Mirzaganj', 'মির্জাগঞ্জ', 1, NULL, NULL, '2021-07-30 17:33:36', '2021-07-30 17:33:36'),
	(24, 5, 'Patuakhali Sadar', 'পটুয়াখালী সদর', 1, NULL, NULL, '2021-07-30 17:33:36', '2021-07-30 17:33:36'),
	(25, 5, 'Dumki', 'ডুমকি', 1, NULL, NULL, '2021-07-30 17:33:36', '2021-07-30 17:33:36'),
	(26, 5, 'Rangabali', 'রাঙ্গাবালি', 1, NULL, NULL, '2021-07-30 17:33:36', '2021-07-30 17:33:36'),
	(27, 6, 'Bhandaria', 'ভ্যান্ডারিয়া', 1, NULL, NULL, '2021-07-30 17:33:36', '2021-07-30 17:33:36'),
	(28, 6, 'Kaukhali', 'কাউখালি', 1, NULL, NULL, '2021-07-30 17:33:36', '2021-07-30 17:33:36'),
	(29, 6, 'Mathbaria', 'মাঠবাড়িয়া', 1, NULL, NULL, '2021-07-30 17:33:36', '2021-07-30 17:33:36'),
	(30, 6, 'Nazirpur', 'নাজিরপুর', 1, NULL, NULL, '2021-07-30 17:33:36', '2021-07-30 17:33:36'),
	(31, 6, 'Nesarabad', 'নেসারাবাদ', 1, NULL, NULL, '2021-07-30 17:33:36', '2021-07-30 17:33:36'),
	(32, 6, 'Pirojpur Sadar', 'পিরোজপুর সদর', 1, NULL, NULL, '2021-07-30 17:33:36', '2021-07-30 17:33:36'),
	(33, 6, 'Zianagar', 'জিয়ানগর', 1, NULL, NULL, '2021-07-30 17:33:36', '2021-07-30 17:33:36'),
	(34, 7, 'Muladi', 'মুলাদি', 1, NULL, NULL, '2021-07-30 17:33:36', '2021-07-30 17:33:36'),
	(35, 7, 'Babuganj', 'বাবুগঞ্জ', 1, NULL, NULL, '2021-07-30 17:33:36', '2021-07-30 17:33:36'),
	(36, 7, 'Agailjhara', 'আগাইলঝরা', 1, NULL, NULL, '2021-07-30 17:33:36', '2021-07-30 17:33:36'),
	(37, 7, 'Barisal Sada', 'বরিশাল সদর', 1, NULL, NULL, '2021-07-30 17:33:36', '2021-07-30 17:33:36'),
	(38, 7, 'Bakerganj', 'বাকেরগঞ্জ', 1, NULL, NULL, '2021-07-30 17:33:36', '2021-07-30 17:33:36'),
	(39, 7, 'Banaripara', 'বানাড়িপারা', 1, NULL, NULL, '2021-07-30 17:33:36', '2021-07-30 17:33:36'),
	(40, 7, 'Gaurnadi', 'গৌরনদী', 1, NULL, NULL, '2021-07-30 17:33:36', '2021-07-30 17:33:36'),
	(41, 7, 'Hizla', 'হিজলা', 1, NULL, NULL, '2021-07-30 17:33:37', '2021-07-30 17:33:37'),
	(42, 7, 'Mehendiganj', 'মেহেদিগঞ্জ', 1, NULL, NULL, '2021-07-30 17:33:37', '2021-07-30 17:33:37'),
	(43, 7, 'Wazirpur', 'ওয়াজিরপুর', 1, NULL, NULL, '2021-07-30 17:33:37', '2021-07-30 17:33:37'),
	(44, 7, 'Airport', 'এয়ারপোর্ট', 1, NULL, NULL, '2021-07-30 17:33:37', '2021-07-30 17:33:37'),
	(45, 7, 'Kawnia', 'কাউনিয়া', 1, NULL, NULL, '2021-07-30 17:33:37', '2021-07-30 17:33:37'),
	(46, 7, 'Bondor', 'বন্দর', 1, NULL, NULL, '2021-07-30 17:33:37', '2021-07-30 17:33:37'),
	(47, 8, 'Bandarban Sadar', 'বান্দরবন সদর', 1, NULL, NULL, '2021-07-30 17:33:37', '2021-07-30 17:33:37'),
	(48, 8, 'Thanchi', 'থানচি', 1, NULL, NULL, '2021-07-30 17:33:37', '2021-07-30 17:33:37'),
	(49, 8, 'Lama', 'লামা', 1, NULL, NULL, '2021-07-30 17:33:37', '2021-07-30 17:33:37'),
	(50, 8, 'Naikhongchhari', 'নাইখংছড়ি', 1, NULL, NULL, '2021-07-30 17:33:37', '2021-07-30 17:33:37'),
	(51, 8, 'Ali kadam', 'আলী কদম', 1, NULL, NULL, '2021-07-30 17:33:37', '2021-07-30 17:33:37'),
	(52, 8, 'Rowangchhari', 'রউয়াংছড়ি', 1, NULL, NULL, '2021-07-30 17:33:37', '2021-07-30 17:33:37'),
	(53, 8, 'Ruma', 'রুমা', 1, NULL, NULL, '2021-07-30 17:33:37', '2021-07-30 17:33:37'),
	(54, 9, 'Brahmanbaria Sadar', 'ব্রাহ্মণবাড়িয়া সদর', 1, NULL, NULL, '2021-07-30 17:33:37', '2021-07-30 17:33:37'),
	(55, 9, 'Brahmanbaria Sadar', 'ব্রাহ্মণবাড়িয়া সদর', 1, NULL, NULL, '2021-07-30 17:33:37', '2021-07-30 17:33:37'),
	(56, 9, 'Ashuganj', 'আশুগঞ্জ', 1, NULL, NULL, '2021-07-30 17:33:37', '2021-07-30 17:33:37'),
	(57, 9, 'Nasirnagar', 'নাসির নগর', 1, NULL, NULL, '2021-07-30 17:33:37', '2021-07-30 17:33:37'),
	(58, 9, 'Nabinagar', 'নবীনগর', 1, NULL, NULL, '2021-07-30 17:33:37', '2021-07-30 17:33:37'),
	(59, 9, 'Sarail', 'সরাইল', 1, NULL, NULL, '2021-07-30 17:33:37', '2021-07-30 17:33:37'),
	(60, 9, 'Shahbazpur Town', 'শাহবাজপুর টাউন', 1, NULL, NULL, '2021-07-30 17:33:37', '2021-07-30 17:33:37'),
	(61, 9, 'Kasba', 'কসবা', 1, NULL, NULL, '2021-07-30 17:33:37', '2021-07-30 17:33:37'),
	(62, 9, 'Akhaura', 'আখাউরা', 1, NULL, NULL, '2021-07-30 17:33:37', '2021-07-30 17:33:37'),
	(63, 9, 'Bancharampur', 'বাঞ্ছারামপুর', 1, NULL, NULL, '2021-07-30 17:33:37', '2021-07-30 17:33:37'),
	(64, 9, 'Bijoynagar', 'বিজয় নগর', 1, NULL, NULL, '2021-07-30 17:33:37', '2021-07-30 17:33:37'),
	(65, 10, 'Chandpur Sadar', 'চাঁদপুর সদর', 1, NULL, NULL, '2021-07-30 17:33:37', '2021-07-30 17:33:37'),
	(66, 10, 'Faridganj', 'ফরিদগঞ্জ', 1, NULL, NULL, '2021-07-30 17:33:37', '2021-07-30 17:33:37'),
	(67, 10, 'Haimchar', 'হাইমচর', 1, NULL, NULL, '2021-07-30 17:33:37', '2021-07-30 17:33:37'),
	(68, 10, 'Haziganj', 'হাজীগঞ্জ', 1, NULL, NULL, '2021-07-30 17:33:37', '2021-07-30 17:33:37'),
	(69, 10, 'Kachua', 'কচুয়া', 1, NULL, NULL, '2021-07-30 17:33:37', '2021-07-30 17:33:37'),
	(70, 10, 'Matlab Uttar', 'মতলব উত্তর', 1, NULL, NULL, '2021-07-30 17:33:37', '2021-07-30 17:33:37'),
	(71, 10, 'Matlab Dakkhin', 'মতলব দক্ষিণ', 1, NULL, NULL, '2021-07-30 17:33:37', '2021-07-30 17:33:37'),
	(72, 10, 'Shahrasti', 'শাহরাস্তি', 1, NULL, NULL, '2021-07-30 17:33:37', '2021-07-30 17:33:37'),
	(73, 11, 'Anwara', 'আনোয়ারা', 1, NULL, NULL, '2021-07-30 17:33:37', '2021-07-30 17:33:37'),
	(74, 11, 'Banshkhali', 'বাশখালি', 1, NULL, NULL, '2021-07-30 17:33:37', '2021-07-30 17:33:37'),
	(75, 11, 'Boalkhali', 'বোয়ালখালি', 1, NULL, NULL, '2021-07-30 17:33:37', '2021-07-30 17:33:37'),
	(76, 11, 'Chandanaish', 'চন্দনাইশ', 1, NULL, NULL, '2021-07-30 17:33:37', '2021-07-30 17:33:37'),
	(77, 11, 'Hathazari', 'হাঠহাজারী', 1, NULL, NULL, '2021-07-30 17:33:37', '2021-07-30 17:33:37'),
	(78, 11, 'Lohagara', 'লোহাগারা', 1, NULL, NULL, '2021-07-30 17:33:37', '2021-07-30 17:33:37'),
	(79, 11, 'Mirsharai', 'মিরসরাই', 1, NULL, NULL, '2021-07-30 17:33:37', '2021-07-30 17:33:37'),
	(80, 11, 'Patiya', 'পটিয়া', 1, NULL, NULL, '2021-07-30 17:33:37', '2021-07-30 17:33:37'),
	(81, 11, 'Rangunia', 'রাঙ্গুনিয়া', 1, NULL, NULL, '2021-07-30 17:33:37', '2021-07-30 17:33:37'),
	(82, 11, 'Raozan', 'রাউজান', 1, NULL, NULL, '2021-07-30 17:33:37', '2021-07-30 17:33:37'),
	(83, 11, 'Sandwip', 'সন্দ্বীপ', 1, NULL, NULL, '2021-07-30 17:33:37', '2021-07-30 17:33:37'),
	(84, 11, 'Satkania', 'সাতকানিয়া', 1, NULL, NULL, '2021-07-30 17:33:37', '2021-07-30 17:33:37'),
	(85, 11, 'Sitakunda', 'সীতাকুণ্ড', 1, NULL, NULL, '2021-07-30 17:33:37', '2021-07-30 17:33:37'),
	(86, 11, 'Akborsha', 'এক বর শাহ', 1, NULL, NULL, '2021-07-30 17:33:37', '2021-07-30 17:33:37'),
	(87, 11, 'Baijid bostami', 'বাইজিদ বোস্তামী', 1, NULL, NULL, '2021-07-30 17:33:37', '2021-07-30 17:33:37'),
	(88, 11, 'Bakolia', 'বাকোলিয়া', 1, NULL, NULL, '2021-07-30 17:33:37', '2021-07-30 17:33:37'),
	(89, 11, 'Bandar', 'বন্দর', 1, NULL, NULL, '2021-07-30 17:33:37', '2021-07-30 17:33:37'),
	(90, 11, 'Chandgaon', 'চাঁদগাও', 1, NULL, NULL, '2021-07-30 17:33:37', '2021-07-30 17:33:37'),
	(91, 11, 'Chokbazar', 'চকবাজার', 1, NULL, NULL, '2021-07-30 17:33:37', '2021-07-30 17:33:37'),
	(92, 11, 'Doublemooring', 'ডাবল মুরিং', 1, NULL, NULL, '2021-07-30 17:33:37', '2021-07-30 17:33:37'),
	(93, 11, 'EPZ', 'ইপিজেড', 1, NULL, NULL, '2021-07-30 17:33:37', '2021-07-30 17:33:37'),
	(94, 11, 'Hali Shohor', 'হলী শহর', 1, NULL, NULL, '2021-07-30 17:33:37', '2021-07-30 17:33:37'),
	(95, 11, 'Kornafuli', 'কর্ণফুলি', 1, NULL, NULL, '2021-07-30 17:33:37', '2021-07-30 17:33:37'),
	(96, 11, 'Kotwali', 'কোতোয়ালী', 1, NULL, NULL, '2021-07-30 17:33:37', '2021-07-30 17:33:37'),
	(97, 11, 'Kulshi', 'কুলশি', 1, NULL, NULL, '2021-07-30 17:33:37', '2021-07-30 17:33:37'),
	(98, 11, 'Pahartali', 'পাহাড়তলী', 1, NULL, NULL, '2021-07-30 17:33:37', '2021-07-30 17:33:37'),
	(99, 11, 'Panchlaish', 'পাঁচলাইশ', 1, NULL, NULL, '2021-07-30 17:33:37', '2021-07-30 17:33:37'),
	(100, 11, 'Potenga', 'পতেঙ্গা', 1, NULL, NULL, '2021-07-30 17:33:37', '2021-07-30 17:33:37'),
	(101, 11, 'Shodhorgat', 'সদরঘাট', 1, NULL, NULL, '2021-07-30 17:33:37', '2021-07-30 17:33:37'),
	(102, 12, 'Barura', 'বড়ুরা', 1, NULL, NULL, '2021-07-30 17:33:37', '2021-07-30 17:33:37'),
	(103, 12, 'Barura', 'বড়ুরা', 1, NULL, NULL, '2021-07-30 17:33:37', '2021-07-30 17:33:37'),
	(104, 12, 'Brahmanpara', 'ব্রাহ্মণপাড়া', 1, NULL, NULL, '2021-07-30 17:33:37', '2021-07-30 17:33:37'),
	(105, 12, 'Burichong', 'বুড়িচং', 1, NULL, NULL, '2021-07-30 17:33:37', '2021-07-30 17:33:37'),
	(106, 12, 'Chandina', 'চান্দিনা', 1, NULL, NULL, '2021-07-30 17:33:37', '2021-07-30 17:33:37'),
	(107, 12, 'Chauddagram', 'চৌদ্দগ্রাম', 1, NULL, NULL, '2021-07-30 17:33:37', '2021-07-30 17:33:37'),
	(108, 12, 'Daudkandi', 'দাউদকান্দি', 1, NULL, NULL, '2021-07-30 17:33:37', '2021-07-30 17:33:37'),
	(109, 12, 'Debidwar', 'দেবীদ্বার', 1, NULL, NULL, '2021-07-30 17:33:37', '2021-07-30 17:33:37'),
	(110, 12, 'Homna', 'হোমনা', 1, NULL, NULL, '2021-07-30 17:33:37', '2021-07-30 17:33:37'),
	(111, 12, 'Comilla Sadar', 'কুমিল্লা সদর', 1, NULL, NULL, '2021-07-30 17:33:37', '2021-07-30 17:33:37'),
	(112, 12, 'Laksam', 'লাকসাম', 1, NULL, NULL, '2021-07-30 17:33:37', '2021-07-30 17:33:37'),
	(113, 12, 'Monohorgonj', 'মনোহরগঞ্জ', 1, NULL, NULL, '2021-07-30 17:33:37', '2021-07-30 17:33:37'),
	(114, 12, 'Meghna', 'মেঘনা', 1, NULL, NULL, '2021-07-30 17:33:37', '2021-07-30 17:33:37'),
	(115, 12, 'Muradnagar', 'মুরাদনগর', 1, NULL, NULL, '2021-07-30 17:33:37', '2021-07-30 17:33:37'),
	(116, 12, 'Nangalkot', 'নাঙ্গালকোট', 1, NULL, NULL, '2021-07-30 17:33:37', '2021-07-30 17:33:37'),
	(117, 12, 'Comilla Sadar South', 'কুমিল্লা সদর দক্ষিণ', 1, NULL, NULL, '2021-07-30 17:33:37', '2021-07-30 17:33:37'),
	(118, 12, 'Comilla Sadar South', 'কুমিল্লা সদর দক্ষিণ', 1, NULL, NULL, '2021-07-30 17:33:37', '2021-07-30 17:33:37'),
	(119, 12, 'Titas', 'তিতাস', 1, NULL, NULL, '2021-07-30 17:33:37', '2021-07-30 17:33:37'),
	(120, 2, 'Amtali', 'আমতলী', 1, NULL, NULL, '2021-07-30 17:34:53', '2021-07-30 17:34:53'),
	(121, 2, 'Bamna', 'বামনা', 1, NULL, NULL, '2021-07-30 17:34:53', '2021-07-30 17:34:53'),
	(122, 2, 'Barguna Sadar', 'বরগুনা সদর', 1, NULL, NULL, '2021-07-30 17:34:53', '2021-07-30 17:34:53'),
	(123, 2, 'Betagi', 'বেতাগি', 1, NULL, NULL, '2021-07-30 17:34:53', '2021-07-30 17:34:53'),
	(124, 2, 'Patharghata', 'পাথরঘাটা', 1, NULL, NULL, '2021-07-30 17:34:53', '2021-07-30 17:34:53'),
	(125, 2, 'Taltali', 'তালতলী', 1, NULL, NULL, '2021-07-30 17:34:53', '2021-07-30 17:34:53'),
	(126, 3, 'Bhola Sadar', 'ভোলা সদর', 1, NULL, NULL, '2021-07-30 17:34:53', '2021-07-30 17:34:53'),
	(127, 3, 'Burhanuddin', 'বুরহানউদ্দিন', 1, NULL, NULL, '2021-07-30 17:34:53', '2021-07-30 17:34:53'),
	(128, 3, 'Char Fasson', 'চর ফ্যাশন', 1, NULL, NULL, '2021-07-30 17:34:53', '2021-07-30 17:34:53'),
	(129, 3, 'Daulatkhan', 'দৌলতখান', 1, NULL, NULL, '2021-07-30 17:34:53', '2021-07-30 17:34:53'),
	(130, 3, 'Lalmohan', 'লালমোহন', 1, NULL, NULL, '2021-07-30 17:34:53', '2021-07-30 17:34:53'),
	(131, 3, 'Manpura', 'মনপুরা', 1, NULL, NULL, '2021-07-30 17:34:53', '2021-07-30 17:34:53'),
	(132, 3, 'Tazumuddin', 'তাজুমুদ্দিন', 1, NULL, NULL, '2021-07-30 17:34:53', '2021-07-30 17:34:53'),
	(133, 4, 'Jhalokati Sadar', 'ঝালকাঠি সদর', 1, NULL, NULL, '2021-07-30 17:34:53', '2021-07-30 17:34:53'),
	(134, 4, 'Kathalia', 'কাঁঠালিয়া', 1, NULL, NULL, '2021-07-30 17:34:53', '2021-07-30 17:34:53'),
	(135, 4, 'Nalchity', 'নালচিতি', 1, NULL, NULL, '2021-07-30 17:34:53', '2021-07-30 17:34:53'),
	(136, 4, 'Rajapur', 'রাজাপুর', 1, NULL, NULL, '2021-07-30 17:34:53', '2021-07-30 17:34:53'),
	(137, 5, 'Bauphal', 'বাউফল', 1, NULL, NULL, '2021-07-30 17:34:53', '2021-07-30 17:34:53'),
	(138, 5, 'Dashmina', 'দশমিনা', 1, NULL, NULL, '2021-07-30 17:34:53', '2021-07-30 17:34:53'),
	(139, 5, 'Galachipa', 'গলাচিপা', 1, NULL, NULL, '2021-07-30 17:34:53', '2021-07-30 17:34:53'),
	(140, 5, 'Kalapara', 'কালাপারা', 1, NULL, NULL, '2021-07-30 17:34:53', '2021-07-30 17:34:53'),
	(141, 5, 'Mirzaganj', 'মির্জাগঞ্জ', 1, NULL, NULL, '2021-07-30 17:34:53', '2021-07-30 17:34:53'),
	(142, 5, 'Patuakhali Sadar', 'পটুয়াখালী সদর', 1, NULL, NULL, '2021-07-30 17:34:53', '2021-07-30 17:34:53'),
	(143, 5, 'Dumki', 'ডুমকি', 1, NULL, NULL, '2021-07-30 17:34:53', '2021-07-30 17:34:53'),
	(144, 5, 'Rangabali', 'রাঙ্গাবালি', 1, NULL, NULL, '2021-07-30 17:34:53', '2021-07-30 17:34:53'),
	(145, 6, 'Bhandaria', 'ভ্যান্ডারিয়া', 1, NULL, NULL, '2021-07-30 17:34:53', '2021-07-30 17:34:53'),
	(146, 6, 'Kaukhali', 'কাউখালি', 1, NULL, NULL, '2021-07-30 17:34:53', '2021-07-30 17:34:53'),
	(147, 6, 'Mathbaria', 'মাঠবাড়িয়া', 1, NULL, NULL, '2021-07-30 17:34:53', '2021-07-30 17:34:53'),
	(148, 6, 'Nazirpur', 'নাজিরপুর', 1, NULL, NULL, '2021-07-30 17:34:53', '2021-07-30 17:34:53'),
	(149, 6, 'Nesarabad', 'নেসারাবাদ', 1, NULL, NULL, '2021-07-30 17:34:53', '2021-07-30 17:34:53'),
	(150, 6, 'Pirojpur Sadar', 'পিরোজপুর সদর', 1, NULL, NULL, '2021-07-30 17:34:53', '2021-07-30 17:34:53'),
	(151, 6, 'Zianagar', 'জিয়ানগর', 1, NULL, NULL, '2021-07-30 17:34:53', '2021-07-30 17:34:53'),
	(152, 7, 'Muladi', 'মুলাদি', 1, NULL, NULL, '2021-07-30 17:34:53', '2021-07-30 17:34:53'),
	(153, 7, 'Babuganj', 'বাবুগঞ্জ', 1, NULL, NULL, '2021-07-30 17:34:53', '2021-07-30 17:34:53'),
	(154, 7, 'Agailjhara', 'আগাইলঝরা', 1, NULL, NULL, '2021-07-30 17:34:53', '2021-07-30 17:34:53'),
	(155, 7, 'Barisal Sada', 'বরিশাল সদর', 1, NULL, NULL, '2021-07-30 17:34:53', '2021-07-30 17:34:53'),
	(156, 7, 'Bakerganj', 'বাকেরগঞ্জ', 1, NULL, NULL, '2021-07-30 17:34:53', '2021-07-30 17:34:53'),
	(157, 7, 'Banaripara', 'বানাড়িপারা', 1, NULL, NULL, '2021-07-30 17:34:53', '2021-07-30 17:34:53'),
	(158, 7, 'Gaurnadi', 'গৌরনদী', 1, NULL, NULL, '2021-07-30 17:34:53', '2021-07-30 17:34:53'),
	(159, 7, 'Hizla', 'হিজলা', 1, NULL, NULL, '2021-07-30 17:34:53', '2021-07-30 17:34:53'),
	(160, 7, 'Mehendiganj', 'মেহেদিগঞ্জ', 1, NULL, NULL, '2021-07-30 17:34:53', '2021-07-30 17:34:53'),
	(161, 7, 'Wazirpur', 'ওয়াজিরপুর', 1, NULL, NULL, '2021-07-30 17:34:53', '2021-07-30 17:34:53'),
	(162, 7, 'Airport', 'এয়ারপোর্ট', 1, NULL, NULL, '2021-07-30 17:34:53', '2021-07-30 17:34:53'),
	(163, 7, 'Kawnia', 'কাউনিয়া', 1, NULL, NULL, '2021-07-30 17:34:53', '2021-07-30 17:34:53'),
	(164, 7, 'Bondor', 'বন্দর', 1, NULL, NULL, '2021-07-30 17:34:53', '2021-07-30 17:34:53'),
	(165, 8, 'Bandarban Sadar', 'বান্দরবন সদর', 1, NULL, NULL, '2021-07-30 17:34:53', '2021-07-30 17:34:53'),
	(166, 8, 'Thanchi', 'থানচি', 1, NULL, NULL, '2021-07-30 17:34:53', '2021-07-30 17:34:53'),
	(167, 8, 'Lama', 'লামা', 1, NULL, NULL, '2021-07-30 17:34:53', '2021-07-30 17:34:53'),
	(168, 8, 'Naikhongchhari', 'নাইখংছড়ি', 1, NULL, NULL, '2021-07-30 17:34:53', '2021-07-30 17:34:53'),
	(169, 8, 'Ali kadam', 'আলী কদম', 1, NULL, NULL, '2021-07-30 17:34:53', '2021-07-30 17:34:53'),
	(170, 8, 'Rowangchhari', 'রউয়াংছড়ি', 1, NULL, NULL, '2021-07-30 17:34:53', '2021-07-30 17:34:53'),
	(171, 8, 'Ruma', 'রুমা', 1, NULL, NULL, '2021-07-30 17:34:53', '2021-07-30 17:34:53'),
	(172, 9, 'Brahmanbaria Sadar', 'ব্রাহ্মণবাড়িয়া সদর', 1, NULL, NULL, '2021-07-30 17:34:53', '2021-07-30 17:34:53'),
	(173, 9, 'Brahmanbaria Sadar', 'ব্রাহ্মণবাড়িয়া সদর', 1, NULL, NULL, '2021-07-30 17:34:53', '2021-07-30 17:34:53'),
	(174, 9, 'Ashuganj', 'আশুগঞ্জ', 1, NULL, NULL, '2021-07-30 17:34:53', '2021-07-30 17:34:53'),
	(175, 9, 'Nasirnagar', 'নাসির নগর', 1, NULL, NULL, '2021-07-30 17:34:53', '2021-07-30 17:34:53'),
	(176, 9, 'Nabinagar', 'নবীনগর', 1, NULL, NULL, '2021-07-30 17:34:53', '2021-07-30 17:34:53'),
	(177, 9, 'Sarail', 'সরাইল', 1, NULL, NULL, '2021-07-30 17:34:53', '2021-07-30 17:34:53'),
	(178, 9, 'Shahbazpur Town', 'শাহবাজপুর টাউন', 1, NULL, NULL, '2021-07-30 17:34:53', '2021-07-30 17:34:53'),
	(179, 9, 'Kasba', 'কসবা', 1, NULL, NULL, '2021-07-30 17:34:53', '2021-07-30 17:34:53'),
	(180, 9, 'Akhaura', 'আখাউরা', 1, NULL, NULL, '2021-07-30 17:34:53', '2021-07-30 17:34:53'),
	(181, 9, 'Bancharampur', 'বাঞ্ছারামপুর', 1, NULL, NULL, '2021-07-30 17:34:53', '2021-07-30 17:34:53'),
	(182, 9, 'Bijoynagar', 'বিজয় নগর', 1, NULL, NULL, '2021-07-30 17:34:53', '2021-07-30 17:34:53'),
	(183, 10, 'Chandpur Sadar', 'চাঁদপুর সদর', 1, NULL, NULL, '2021-07-30 17:34:53', '2021-07-30 17:34:53'),
	(184, 10, 'Faridganj', 'ফরিদগঞ্জ', 1, NULL, NULL, '2021-07-30 17:34:53', '2021-07-30 17:34:53'),
	(185, 10, 'Haimchar', 'হাইমচর', 1, NULL, NULL, '2021-07-30 17:34:53', '2021-07-30 17:34:53'),
	(186, 10, 'Haziganj', 'হাজীগঞ্জ', 1, NULL, NULL, '2021-07-30 17:34:53', '2021-07-30 17:34:53'),
	(187, 10, 'Kachua', 'কচুয়া', 1, NULL, NULL, '2021-07-30 17:34:53', '2021-07-30 17:34:53'),
	(188, 10, 'Matlab Uttar', 'মতলব উত্তর', 1, NULL, NULL, '2021-07-30 17:34:53', '2021-07-30 17:34:53'),
	(189, 10, 'Matlab Dakkhin', 'মতলব দক্ষিণ', 1, NULL, NULL, '2021-07-30 17:34:53', '2021-07-30 17:34:53'),
	(190, 10, 'Shahrasti', 'শাহরাস্তি', 1, NULL, NULL, '2021-07-30 17:34:53', '2021-07-30 17:34:53'),
	(191, 11, 'Anwara', 'আনোয়ারা', 1, NULL, NULL, '2021-07-30 17:34:53', '2021-07-30 17:34:53'),
	(192, 11, 'Banshkhali', 'বাশখালি', 1, NULL, NULL, '2021-07-30 17:34:53', '2021-07-30 17:34:53'),
	(193, 11, 'Boalkhali', 'বোয়ালখালি', 1, NULL, NULL, '2021-07-30 17:34:53', '2021-07-30 17:34:53'),
	(194, 11, 'Chandanaish', 'চন্দনাইশ', 1, NULL, NULL, '2021-07-30 17:34:53', '2021-07-30 17:34:53'),
	(195, 11, 'Hathazari', 'হাঠহাজারী', 1, NULL, NULL, '2021-07-30 17:34:53', '2021-07-30 17:34:53'),
	(196, 11, 'Lohagara', 'লোহাগারা', 1, NULL, NULL, '2021-07-30 17:34:53', '2021-07-30 17:34:53'),
	(197, 11, 'Mirsharai', 'মিরসরাই', 1, NULL, NULL, '2021-07-30 17:34:53', '2021-07-30 17:34:53'),
	(198, 11, 'Patiya', 'পটিয়া', 1, NULL, NULL, '2021-07-30 17:34:53', '2021-07-30 17:34:53'),
	(199, 11, 'Rangunia', 'রাঙ্গুনিয়া', 1, NULL, NULL, '2021-07-30 17:34:53', '2021-07-30 17:34:53'),
	(200, 11, 'Raozan', 'রাউজান', 1, NULL, NULL, '2021-07-30 17:34:53', '2021-07-30 17:34:53'),
	(201, 11, 'Sandwip', 'সন্দ্বীপ', 1, NULL, NULL, '2021-07-30 17:34:53', '2021-07-30 17:34:53'),
	(202, 11, 'Satkania', 'সাতকানিয়া', 1, NULL, NULL, '2021-07-30 17:34:53', '2021-07-30 17:34:53'),
	(203, 11, 'Sitakunda', 'সীতাকুণ্ড', 1, NULL, NULL, '2021-07-30 17:34:53', '2021-07-30 17:34:53'),
	(204, 11, 'Akborsha', 'এক বর শাহ', 1, NULL, NULL, '2021-07-30 17:34:53', '2021-07-30 17:34:53'),
	(205, 11, 'Baijid bostami', 'বাইজিদ বোস্তামী', 1, NULL, NULL, '2021-07-30 17:34:53', '2021-07-30 17:34:53'),
	(206, 11, 'Bakolia', 'বাকোলিয়া', 1, NULL, NULL, '2021-07-30 17:34:53', '2021-07-30 17:34:53'),
	(207, 11, 'Bandar', 'বন্দর', 1, NULL, NULL, '2021-07-30 17:34:53', '2021-07-30 17:34:53'),
	(208, 11, 'Chandgaon', 'চাঁদগাও', 1, NULL, NULL, '2021-07-30 17:34:53', '2021-07-30 17:34:53'),
	(209, 11, 'Chokbazar', 'চকবাজার', 1, NULL, NULL, '2021-07-30 17:34:53', '2021-07-30 17:34:53'),
	(210, 11, 'Doublemooring', 'ডাবল মুরিং', 1, NULL, NULL, '2021-07-30 17:34:53', '2021-07-30 17:34:53'),
	(211, 11, 'EPZ', 'ইপিজেড', 1, NULL, NULL, '2021-07-30 17:34:53', '2021-07-30 17:34:53'),
	(212, 11, 'Hali Shohor', 'হলী শহর', 1, NULL, NULL, '2021-07-30 17:34:53', '2021-07-30 17:34:53'),
	(213, 11, 'Kornafuli', 'কর্ণফুলি', 1, NULL, NULL, '2021-07-30 17:34:53', '2021-07-30 17:34:53'),
	(214, 11, 'Kotwali', 'কোতোয়ালী', 1, NULL, NULL, '2021-07-30 17:34:53', '2021-07-30 17:34:53'),
	(215, 11, 'Kulshi', 'কুলশি', 1, NULL, NULL, '2021-07-30 17:34:53', '2021-07-30 17:34:53'),
	(216, 11, 'Pahartali', 'পাহাড়তলী', 1, NULL, NULL, '2021-07-30 17:34:53', '2021-07-30 17:34:53'),
	(217, 11, 'Panchlaish', 'পাঁচলাইশ', 1, NULL, NULL, '2021-07-30 17:34:53', '2021-07-30 17:34:53'),
	(218, 11, 'Potenga', 'পতেঙ্গা', 1, NULL, NULL, '2021-07-30 17:34:53', '2021-07-30 17:34:53'),
	(219, 11, 'Shodhorgat', 'সদরঘাট', 1, NULL, NULL, '2021-07-30 17:34:53', '2021-07-30 17:34:53'),
	(220, 12, 'Barura', 'বড়ুরা', 1, NULL, NULL, '2021-07-30 17:34:53', '2021-07-30 17:34:53'),
	(221, 12, 'Barura', 'বড়ুরা', 1, NULL, NULL, '2021-07-30 17:34:53', '2021-07-30 17:34:53'),
	(222, 12, 'Brahmanpara', 'ব্রাহ্মণপাড়া', 1, NULL, NULL, '2021-07-30 17:34:53', '2021-07-30 17:34:53'),
	(223, 12, 'Burichong', 'বুড়িচং', 1, NULL, NULL, '2021-07-30 17:34:53', '2021-07-30 17:34:53'),
	(224, 12, 'Chandina', 'চান্দিনা', 1, NULL, NULL, '2021-07-30 17:34:53', '2021-07-30 17:34:53'),
	(225, 12, 'Chauddagram', 'চৌদ্দগ্রাম', 1, NULL, NULL, '2021-07-30 17:34:53', '2021-07-30 17:34:53'),
	(226, 12, 'Daudkandi', 'দাউদকান্দি', 1, NULL, NULL, '2021-07-30 17:34:53', '2021-07-30 17:34:53'),
	(227, 12, 'Debidwar 2', 'দেবীদ্বার', 1, NULL, NULL, '2021-07-30 17:34:53', '2021-07-30 17:42:55'),
	(228, 12, 'Homna', 'হোমনা', 1, NULL, NULL, '2021-07-30 17:34:53', '2021-07-30 17:34:53'),
	(229, 12, 'Comilla Sadar', 'কুমিল্লা সদর', 1, NULL, NULL, '2021-07-30 17:34:53', '2021-07-30 17:34:53'),
	(230, 12, 'Laksam', 'লাকসাম', 1, NULL, NULL, '2021-07-30 17:34:53', '2021-07-30 17:34:53'),
	(231, 12, 'Monohorgonj', 'মনোহরগঞ্জ', 1, NULL, NULL, '2021-07-30 17:34:53', '2021-07-30 17:34:53'),
	(232, 12, 'Meghna', 'মেঘনা', 1, NULL, NULL, '2021-07-30 17:34:53', '2021-07-30 17:34:53'),
	(233, 12, 'Muradnagar', 'মুরাদনগর', 1, NULL, NULL, '2021-07-30 17:34:53', '2021-07-30 17:34:53'),
	(234, 12, 'Nangalkot', 'নাঙ্গালকোট', 1, NULL, NULL, '2021-07-30 17:34:53', '2021-07-30 17:34:53'),
	(235, 12, 'Comilla Sadar South', 'কুমিল্লা সদর দক্ষিণ', 1, NULL, NULL, '2021-07-30 17:34:53', '2021-07-30 17:34:53'),
	(236, 12, 'Comilla Sadar South', 'কুমিল্লা সদর দক্ষিণ', 1, NULL, NULL, '2021-07-30 17:34:53', '2021-07-30 17:34:53'),
	(237, 12, 'Titas', 'তিতাস', 1, NULL, NULL, '2021-07-30 17:34:53', '2021-07-30 17:34:53'),
	(238, NULL, 'Chakaria', 'চকরিয়া', 1, NULL, NULL, '2021-07-30 17:34:53', '2021-07-30 17:34:53'),
	(239, NULL, 'Cox\\\'s Bazar Sadar', 'কক্স বাজার সদর', 1, NULL, NULL, '2021-07-30 17:34:53', '2021-07-30 17:34:53'),
	(240, NULL, 'Kutubdia', 'কুতুবদিয়া', 1, NULL, NULL, '2021-07-30 17:34:53', '2021-07-30 17:34:53'),
	(241, NULL, 'Maheshkhali', 'মহেশখালী', 1, NULL, NULL, '2021-07-30 17:34:53', '2021-07-30 17:34:53'),
	(242, NULL, 'Ramu', 'রামু', 1, NULL, NULL, '2021-07-30 17:34:53', '2021-07-30 17:34:53'),
	(243, NULL, 'Teknaf', 'টেকনাফ', 1, NULL, NULL, '2021-07-30 17:34:53', '2021-07-30 17:34:53'),
	(244, NULL, 'Ukhia', 'উখিয়া', 1, NULL, NULL, '2021-07-30 17:34:53', '2021-07-30 17:34:53'),
	(245, NULL, 'Pekua', 'পেকুয়া', 1, NULL, NULL, '2021-07-30 17:34:53', '2021-07-30 17:34:53'),
	(246, 14, 'Feni Sadar', 'ফেনী সদর', 1, NULL, NULL, '2021-07-30 17:34:53', '2021-07-30 17:34:53'),
	(247, 14, 'Chagalnaiya', 'ছাগল নাইয়া', 1, NULL, NULL, '2021-07-30 17:34:53', '2021-07-30 17:34:53'),
	(248, 14, 'Daganbhyan', 'দাগানভিয়া', 1, NULL, NULL, '2021-07-30 17:34:53', '2021-07-30 17:34:53'),
	(249, 14, 'Parshuram', 'পরশুরাম', 1, NULL, NULL, '2021-07-30 17:34:53', '2021-07-30 17:34:53'),
	(250, 14, 'Fhulgazi', 'ফুলগাজি', 1, NULL, NULL, '2021-07-30 17:34:53', '2021-07-30 17:34:53'),
	(251, 14, 'Sonagazi', 'সোনাগাজি', 1, NULL, NULL, '2021-07-30 17:34:53', '2021-07-30 17:34:53'),
	(252, 15, 'Dighinala', 'দিঘিনালা', 1, NULL, NULL, '2021-07-30 17:34:53', '2021-07-30 17:34:53'),
	(253, 15, 'Khagrachhari', 'খাগড়াছড়ি', 1, NULL, NULL, '2021-07-30 17:34:53', '2021-07-30 17:34:53'),
	(254, 15, 'Lakshmichhari', 'লক্ষ্মীছড়ি', 1, NULL, NULL, '2021-07-30 17:34:53', '2021-07-30 17:34:53'),
	(255, 15, 'Mahalchhari', 'মহলছড়ি', 1, NULL, NULL, '2021-07-30 17:34:53', '2021-07-30 17:34:53'),
	(256, 15, 'Manikchhari', 'মানিকছড়ি', 1, NULL, NULL, '2021-07-30 17:34:53', '2021-07-30 17:34:53'),
	(257, 15, 'Matiranga', 'মাটিরাঙ্গা', 1, NULL, NULL, '2021-07-30 17:34:53', '2021-07-30 17:34:53'),
	(258, 15, 'Panchhari', 'পানছড়ি', 1, NULL, NULL, '2021-07-30 17:34:53', '2021-07-30 17:34:53'),
	(259, 15, 'Ramgarh', 'রামগড়', 1, NULL, NULL, '2021-07-30 17:34:53', '2021-07-30 17:34:53'),
	(260, 16, 'Lakshmipur Sadar', 'লক্ষ্মীপুর সদর', 1, NULL, NULL, '2021-07-30 17:34:53', '2021-07-30 17:34:53'),
	(261, 16, 'Raipur', 'রায়পুর', 1, NULL, NULL, '2021-07-30 17:34:53', '2021-07-30 17:34:53'),
	(262, 16, 'Ramganj', 'রামগঞ্জ', 1, NULL, NULL, '2021-07-30 17:34:53', '2021-07-30 17:34:53'),
	(263, 16, 'Ramgati', 'রামগতি', 1, NULL, NULL, '2021-07-30 17:34:53', '2021-07-30 17:34:53'),
	(264, 16, 'Komol Nagar', 'কমল নগর', 1, NULL, NULL, '2021-07-30 17:34:53', '2021-07-30 17:34:53'),
	(265, 17, 'Noakhali Sadar', 'নোয়াখালী সদর', 1, NULL, NULL, '2021-07-30 17:34:53', '2021-07-30 17:34:53'),
	(266, 17, 'Begumganj', 'বেগমগঞ্জ', 1, NULL, NULL, '2021-07-30 17:34:53', '2021-07-30 17:34:53'),
	(267, 17, 'Chatkhil', 'চাটখিল', 1, NULL, NULL, '2021-07-30 17:34:53', '2021-07-30 17:34:53'),
	(268, 17, 'Companyganj', 'কোম্পানীগঞ্জ', 1, NULL, NULL, '2021-07-30 17:34:53', '2021-07-30 17:34:53'),
	(269, 17, 'Shenbag', 'শেনবাগ', 1, NULL, NULL, '2021-07-30 17:34:53', '2021-07-30 17:34:53'),
	(270, 17, 'Hatia', 'হাতিয়া', 1, NULL, NULL, '2021-07-30 17:34:53', '2021-07-30 17:34:53'),
	(271, 17, 'Kobirhat', 'কবিরহাট', 1, NULL, NULL, '2021-07-30 17:34:53', '2021-07-30 17:34:53'),
	(272, 17, 'Sonaimuri', 'সোনাইমুরি', 1, NULL, NULL, '2021-07-30 17:34:53', '2021-07-30 17:34:53'),
	(273, 17, 'Suborno Char', 'সুবর্ণ চর', 1, NULL, NULL, '2021-07-30 17:34:53', '2021-07-30 17:34:53'),
	(274, 18, 'Rangamati Sadar', 'রাঙ্গামাটি সদর', 1, NULL, NULL, '2021-07-30 17:34:53', '2021-07-30 17:34:53'),
	(275, 18, 'Belaichhari', 'বেলাইছড়ি', 1, NULL, NULL, '2021-07-30 17:34:53', '2021-07-30 17:34:53'),
	(276, 18, 'Bagaichhari', 'বাঘাইছড়ি', 1, NULL, NULL, '2021-07-30 17:34:53', '2021-07-30 17:34:53'),
	(277, 18, 'Barkal', 'বরকল', 1, NULL, NULL, '2021-07-30 17:34:53', '2021-07-30 17:34:53'),
	(278, 18, 'Juraichhari', 'জুরাইছড়ি', 1, NULL, NULL, '2021-07-30 17:34:53', '2021-07-30 17:34:53'),
	(279, 18, 'Rajasthali', 'রাজাস্থলি', 1, NULL, NULL, '2021-07-30 17:34:53', '2021-07-30 17:34:53'),
	(280, 18, 'Kaptai', 'কাপ্তাই', 1, NULL, NULL, '2021-07-30 17:34:53', '2021-07-30 17:34:53'),
	(281, 18, 'Nannerchar', 'নান্নেরচর', 1, NULL, NULL, '2021-07-30 17:34:53', '2021-07-30 17:34:53'),
	(282, 18, 'Kaukhali', 'কাউখালি', 1, NULL, NULL, '2021-07-30 17:34:53', '2021-07-30 17:34:53'),
	(283, 18, 'Langadu', 'লাঙ্গাডু', 1, NULL, NULL, '2021-07-30 17:34:53', '2021-07-30 17:34:53'),
	(284, 20, 'Faridpur Sadar', 'ফরিদপুর সদর', 1, NULL, NULL, '2021-07-30 17:34:53', '2021-07-30 17:34:53'),
	(285, 20, 'Boalmari', 'বোয়ালমারী', 1, NULL, NULL, '2021-07-30 17:34:53', '2021-07-30 17:34:53'),
	(286, 20, 'Alfadanga', 'আলফাডাঙ্গা', 1, NULL, NULL, '2021-07-30 17:34:53', '2021-07-30 17:34:53'),
	(287, 20, 'Madhukhali', 'মধুখালি', 1, NULL, NULL, '2021-07-30 17:34:53', '2021-07-30 17:34:53'),
	(288, 20, 'Bhanga', 'ভাঙ্গা', 1, NULL, NULL, '2021-07-30 17:34:53', '2021-07-30 17:34:53'),
	(289, 20, 'Nagarkanda', 'নগরকান্ড', 1, NULL, NULL, '2021-07-30 17:34:53', '2021-07-30 17:34:53'),
	(290, 20, 'Charbhadrasan', 'চরভদ্রাসন', 1, NULL, NULL, '2021-07-30 17:34:53', '2021-07-30 17:34:53'),
	(291, 20, 'Sadarpur', 'সদরপুর', 1, NULL, NULL, '2021-07-30 17:34:53', '2021-07-30 17:34:53'),
	(292, 20, 'Shaltha', 'শালথা', 1, NULL, NULL, '2021-07-30 17:34:53', '2021-07-30 17:34:53'),
	(293, 21, 'Gazipur Sadar-Joydebpur', 'গাজীপুর সদর', 1, NULL, NULL, '2021-07-30 17:34:53', '2021-07-30 17:34:53'),
	(294, 21, 'Kaliakior', 'কালিয়াকৈর', 1, NULL, NULL, '2021-07-30 17:34:53', '2021-07-30 17:34:53'),
	(295, 21, 'Kapasia', 'কাপাসিয়া', 1, NULL, NULL, '2021-07-30 17:34:53', '2021-07-30 17:34:53'),
	(296, 21, 'Kapasia', 'কাপাসিয়া', 1, NULL, NULL, '2021-07-30 17:34:53', '2021-07-30 17:34:53'),
	(297, 21, 'Sripur', 'শ্রীপুর', 1, NULL, NULL, '2021-07-30 17:34:53', '2021-07-30 17:34:53'),
	(298, 21, 'Kaliganj', 'কালীগঞ্জ', 1, NULL, NULL, '2021-07-30 17:34:53', '2021-07-30 17:34:53'),
	(299, 21, 'Tongi', 'টঙ্গি', 1, NULL, NULL, '2021-07-30 17:34:53', '2021-07-30 17:34:53'),
	(300, 22, 'Gopalganj Sadar', 'গোপালগঞ্জ সদর', 1, NULL, NULL, '2021-07-30 17:34:53', '2021-07-30 17:34:53'),
	(301, 22, 'Kashiani', 'কাশিয়ানি', 1, NULL, NULL, '2021-07-30 17:34:53', '2021-07-30 17:34:53'),
	(302, 22, 'Kotalipara', 'কোটালিপাড়া', 1, NULL, NULL, '2021-07-30 17:34:53', '2021-07-30 17:34:53'),
	(303, 22, 'Muksudpur', 'মুকসুদপুর', 1, NULL, NULL, '2021-07-30 17:34:53', '2021-07-30 17:34:53'),
	(304, 22, 'Tungipara', 'টুঙ্গিপাড়া', 1, NULL, NULL, '2021-07-30 17:34:53', '2021-07-30 17:34:53'),
	(305, 23, 'Astagram', 'অষ্টগ্রাম', 1, NULL, NULL, '2021-07-30 17:34:53', '2021-07-30 17:34:53'),
	(306, 23, 'Bajitpur', 'বাজিতপুর', 1, NULL, NULL, '2021-07-30 17:34:53', '2021-07-30 17:34:53'),
	(307, 23, 'Bhairab', 'ভৈরব', 1, NULL, NULL, '2021-07-30 17:34:53', '2021-07-30 17:34:53'),
	(308, 23, 'Hossainpur', 'হোসেনপুর', 1, NULL, NULL, '2021-07-30 17:34:53', '2021-07-30 17:34:53'),
	(309, 23, 'Itna', 'ইটনা', 1, NULL, NULL, '2021-07-30 17:34:53', '2021-07-30 17:34:53'),
	(310, 23, 'Karimganj', 'করিমগঞ্জ', 1, NULL, NULL, '2021-07-30 17:34:53', '2021-07-30 17:34:53'),
	(311, 23, 'Katiadi', 'কতিয়াদি', 1, NULL, NULL, '2021-07-30 17:34:53', '2021-07-30 17:34:53'),
	(312, 23, 'Kishoreganj Sadar', 'কিশোরগঞ্জ সদর', 1, NULL, NULL, '2021-07-30 17:34:53', '2021-07-30 17:34:53'),
	(313, 23, 'Kuliarchar', 'কুলিয়ারচর', 1, NULL, NULL, '2021-07-30 17:34:53', '2021-07-30 17:34:53'),
	(314, 23, 'Mithamain', 'মিঠামাইন', 1, NULL, NULL, '2021-07-30 17:34:53', '2021-07-30 17:34:53'),
	(315, 23, 'Nikli', 'নিকলি', 1, NULL, NULL, '2021-07-30 17:34:53', '2021-07-30 17:34:53'),
	(316, 23, 'Pakundia', 'পাকুন্ডা', 1, NULL, NULL, '2021-07-30 17:34:53', '2021-07-30 17:34:53'),
	(317, 23, 'Tarail', 'তাড়াইল', 1, NULL, NULL, '2021-07-30 17:34:53', '2021-07-30 17:34:53'),
	(318, 24, 'Madaripur Sadar', 'মাদারীপুর সদর', 1, NULL, NULL, '2021-07-30 17:34:53', '2021-07-30 17:34:53'),
	(319, 24, 'Kalkini', 'কালকিনি', 1, NULL, NULL, '2021-07-30 17:34:53', '2021-07-30 17:34:53'),
	(320, 24, 'Rajoir', 'রাজইর', 1, NULL, NULL, '2021-07-30 17:34:53', '2021-07-30 17:34:53'),
	(321, 24, 'Shibchar', 'শিবচর', 1, NULL, NULL, '2021-07-30 17:34:53', '2021-07-30 17:34:53'),
	(322, 25, 'Manikganj Sadar', 'মানিকগঞ্জ সদর', 1, NULL, NULL, '2021-07-30 17:34:53', '2021-07-30 17:34:53'),
	(323, 25, 'Singair', 'সিঙ্গাইর', 1, NULL, NULL, '2021-07-30 17:34:53', '2021-07-30 17:34:53'),
	(324, 25, 'Shibalaya', 'শিবালয়', 1, NULL, NULL, '2021-07-30 17:34:53', '2021-07-30 17:34:53'),
	(325, 25, 'Saturia', 'সাঠুরিয়া', 1, NULL, NULL, '2021-07-30 17:34:53', '2021-07-30 17:34:53'),
	(326, 25, 'Harirampur', 'হরিরামপুর', 1, NULL, NULL, '2021-07-30 17:34:53', '2021-07-30 17:34:53'),
	(327, 25, 'Ghior', 'ঘিওর', 1, NULL, NULL, '2021-07-30 17:34:53', '2021-07-30 17:34:53'),
	(328, 25, 'Daulatpur', 'দৌলতপুর', 1, NULL, NULL, '2021-07-30 17:34:53', '2021-07-30 17:34:53'),
	(329, 26, 'Lohajang', 'লোহাজং', 1, NULL, NULL, '2021-07-30 17:34:53', '2021-07-30 17:34:53'),
	(330, 26, 'Sreenagar', 'শ্রীনগর', 1, NULL, NULL, '2021-07-30 17:34:53', '2021-07-30 17:34:53'),
	(331, 26, 'Sreenagar', 'শ্রীনগর', 1, NULL, NULL, '2021-07-30 17:34:53', '2021-07-30 17:34:53'),
	(332, 26, 'Munshiganj Sadar', 'মুন্সিগঞ্জ সদর', 1, NULL, NULL, '2021-07-30 17:34:53', '2021-07-30 17:34:53'),
	(333, 26, 'Sirajdikhan', 'সিরাজদিখান', 1, NULL, NULL, '2021-07-30 17:34:53', '2021-07-30 17:34:53'),
	(334, 26, 'Tongibari', 'টঙ্গিবাড়ি', 1, NULL, NULL, '2021-07-30 17:34:53', '2021-07-30 17:34:53'),
	(335, 26, 'Gazaria', 'গজারিয়া', 1, NULL, NULL, '2021-07-30 17:34:53', '2021-07-30 17:34:53'),
	(336, 27, 'Araihazar', 'আড়াইহাজার', 1, NULL, NULL, '2021-07-30 17:34:53', '2021-07-30 17:34:53'),
	(337, 27, 'Sonargaon', 'সোনারগাঁও', 1, NULL, NULL, '2021-07-30 17:34:53', '2021-07-30 17:34:53'),
	(338, 27, 'Bandar', 'বান্দার', 1, NULL, NULL, '2021-07-30 17:34:53', '2021-07-30 17:34:53'),
	(339, 27, 'Naryanganj Sadar', 'নারায়ানগঞ্জ সদর', 1, NULL, NULL, '2021-07-30 17:34:53', '2021-07-30 17:34:53'),
	(340, 27, 'Rupganj', 'রূপগঞ্জ', 1, NULL, NULL, '2021-07-30 17:34:53', '2021-07-30 17:34:53'),
	(341, 27, 'Siddirgonj', 'সিদ্ধিরগঞ্জ', 1, NULL, NULL, '2021-07-30 17:34:53', '2021-07-30 17:34:53'),
	(342, 28, 'Belabo', 'বেলাবো', 1, NULL, NULL, '2021-07-30 17:34:53', '2021-07-30 17:34:53'),
	(343, 28, 'Monohardi', 'মনোহরদি', 1, NULL, NULL, '2021-07-30 17:34:53', '2021-07-30 17:34:53'),
	(344, 28, 'Narsingdi Sadar', 'নরসিংদী সদর', 1, NULL, NULL, '2021-07-30 17:34:53', '2021-07-30 17:34:53'),
	(345, 28, 'Palash', 'পলাশ', 1, NULL, NULL, '2021-07-30 17:34:53', '2021-07-30 17:34:53'),
	(346, 28, 'Raipura , Narsingdi', 'রায়পুর', 1, NULL, NULL, '2021-07-30 17:34:53', '2021-07-30 17:34:53'),
	(347, 28, 'Shibpur', 'শিবপুর', 1, NULL, NULL, '2021-07-30 17:34:53', '2021-07-30 17:34:53'),
	(348, 29, 'শিবপুর', 'বালিয়াকান্দি', 1, NULL, NULL, '2021-07-30 17:34:53', '2021-07-30 17:34:53'),
	(349, 29, 'Goalandaghat', 'গোয়ালন্দ ঘাট', 1, NULL, NULL, '2021-07-30 17:34:53', '2021-07-30 17:34:53'),
	(350, 29, 'Pangsha', 'পাংশা', 1, NULL, NULL, '2021-07-30 17:34:53', '2021-07-30 17:34:53'),
	(351, 29, 'Kalukhali', 'কালুখালি', 1, NULL, NULL, '2021-07-30 17:34:53', '2021-07-30 17:34:53'),
	(352, 29, 'Rajbari Sadar', 'রাজবাড়ি সদর', 1, NULL, NULL, '2021-07-30 17:34:53', '2021-07-30 17:34:53'),
	(353, 30, 'Shariatpur Sadar -Palong', 'শরীয়তপুর সদর', 1, NULL, NULL, '2021-07-30 17:34:53', '2021-07-30 17:34:53'),
	(354, 30, 'Damudya', 'দামুদিয়া', 1, NULL, NULL, '2021-07-30 17:34:53', '2021-07-30 17:34:53'),
	(355, 30, 'Naria', 'নড়িয়া', 1, NULL, NULL, '2021-07-30 17:34:53', '2021-07-30 17:34:53'),
	(356, 30, 'Jajira', 'জাজিরা', 1, NULL, NULL, '2021-07-30 17:34:53', '2021-07-30 17:34:53'),
	(357, 30, 'Bhedarganj', 'ভেদারগঞ্জ', 1, NULL, NULL, '2021-07-30 17:34:53', '2021-07-30 17:34:53'),
	(358, 30, 'Gosairhat', 'গোসাইর হাট', 1, NULL, NULL, '2021-07-30 17:34:53', '2021-07-30 17:34:53'),
	(359, 31, 'Tangail Sadar', 'টাঙ্গাইল সদর', 1, NULL, NULL, '2021-07-30 17:34:53', '2021-07-30 17:34:53'),
	(360, 31, 'Sakhipur', 'সখিপুর', 1, NULL, NULL, '2021-07-30 17:34:53', '2021-07-30 17:34:53'),
	(361, 31, 'Basail', 'বসাইল', 1, NULL, NULL, '2021-07-30 17:34:53', '2021-07-30 17:34:53'),
	(362, 31, 'Madhupur', 'মধুপুর', 1, NULL, NULL, '2021-07-30 17:34:53', '2021-07-30 17:34:53'),
	(363, 31, 'Ghatail', 'ঘাটাইল', 1, NULL, NULL, '2021-07-30 17:34:53', '2021-07-30 17:34:53'),
	(364, 31, 'Kalihati', 'কালিহাতি', 1, NULL, NULL, '2021-07-30 17:34:53', '2021-07-30 17:34:53'),
	(365, 31, 'Nagarpur', 'নগরপুর', 1, NULL, NULL, '2021-07-30 17:34:53', '2021-07-30 17:34:53'),
	(366, 31, 'Mirzapur', 'মির্জাপুর', 1, NULL, NULL, '2021-07-30 17:34:53', '2021-07-30 17:34:53'),
	(367, 31, 'Gopalpur', 'গোপালপুর', 1, NULL, NULL, '2021-07-30 17:34:53', '2021-07-30 17:34:53'),
	(368, 31, 'Delduar', 'দেলদুয়ার', 1, NULL, NULL, '2021-07-30 17:34:53', '2021-07-30 17:34:53'),
	(369, 31, 'Bhuapur', 'ভুয়াপুর', 1, NULL, NULL, '2021-07-30 17:34:53', '2021-07-30 17:34:53'),
	(370, 31, 'Dhanbari', 'ধানবাড়ি', 1, NULL, NULL, '2021-07-30 17:34:53', '2021-07-30 17:34:53'),
	(371, 32, 'Bagerhat Sadar', 'বাগেরহাট সদর', 1, NULL, NULL, '2021-07-30 17:34:53', '2021-07-30 17:34:53'),
	(372, 32, 'Chitalmari', 'চিতলমাড়ি', 1, NULL, NULL, '2021-07-30 17:34:53', '2021-07-30 17:34:53'),
	(373, 32, 'Fakirhat', 'ফকিরহাট', 1, NULL, NULL, '2021-07-30 17:34:53', '2021-07-30 17:34:53'),
	(374, 32, 'Kachua', 'কচুয়া', 1, NULL, NULL, '2021-07-30 17:34:53', '2021-07-30 17:34:53'),
	(375, 32, 'Mollahat', 'মোল্লাহাট', 1, NULL, NULL, '2021-07-30 17:34:53', '2021-07-30 17:34:53'),
	(376, 32, 'Mongla', 'মংলা', 1, NULL, NULL, '2021-07-30 17:34:53', '2021-07-30 17:34:53'),
	(377, 32, 'Morrelganj', 'মরেলগঞ্জ', 1, NULL, NULL, '2021-07-30 17:34:53', '2021-07-30 17:34:53'),
	(378, 32, 'Rampal', 'রামপাল', 1, NULL, NULL, '2021-07-30 17:34:53', '2021-07-30 17:34:53'),
	(379, 32, 'Sarankhola', 'স্মরণখোলা', 1, NULL, NULL, '2021-07-30 17:34:53', '2021-07-30 17:34:53'),
	(380, 33, 'Damurhuda', 'দামুরহুদা', 1, NULL, NULL, '2021-07-30 17:34:53', '2021-07-30 17:34:53'),
	(381, 33, 'Chuadanga-Sadar', 'চুয়াডাঙ্গা সদর', 1, NULL, NULL, '2021-07-30 17:34:53', '2021-07-30 17:34:53'),
	(382, 33, 'Jibannagar', 'জীবন নগর', 1, NULL, NULL, '2021-07-30 17:34:53', '2021-07-30 17:34:53'),
	(383, 33, 'Alamdanga', 'আলমডাঙ্গা', 1, NULL, NULL, '2021-07-30 17:34:53', '2021-07-30 17:34:53'),
	(384, 34, 'Abhaynagar', 'অভয়নগর', 1, NULL, NULL, '2021-07-30 17:34:53', '2021-07-30 17:34:53'),
	(385, 34, 'Keshabpur', 'কেশবপুর', 1, NULL, NULL, '2021-07-30 17:34:53', '2021-07-30 17:34:53'),
	(386, 34, 'Bagherpara', 'বাঘের পাড়া', 1, NULL, NULL, '2021-07-30 17:34:53', '2021-07-30 17:34:53'),
	(387, 34, 'Jessore Sadar', 'যশোর সদর', 1, NULL, NULL, '2021-07-30 17:34:53', '2021-07-30 17:34:53'),
	(388, 34, 'Chaugachha', 'চৌগাছা', 1, NULL, NULL, '2021-07-30 17:34:53', '2021-07-30 17:34:53'),
	(389, 34, 'Manirampur', 'মনিরামপুর', 1, NULL, NULL, '2021-07-30 17:34:53', '2021-07-30 17:34:53'),
	(390, 34, 'Jhikargachha', 'ঝিকরগাছা', 1, NULL, NULL, '2021-07-30 17:34:53', '2021-07-30 17:34:53'),
	(391, 34, 'Sharsha', 'সারশা', 1, NULL, NULL, '2021-07-30 17:34:53', '2021-07-30 17:34:53'),
	(392, 35, 'Jhenaidah Sadar', 'ঝিনাইদহ সদর', 1, NULL, NULL, '2021-07-30 17:34:53', '2021-07-30 17:34:53'),
	(393, 35, 'Maheshpur', 'মহেশপুর', 1, NULL, NULL, '2021-07-30 17:34:53', '2021-07-30 17:34:53'),
	(394, 35, 'Kaliganj', 'কালীগঞ্জ', 1, NULL, NULL, '2021-07-30 17:34:53', '2021-07-30 17:34:53'),
	(395, 35, 'Kotchandpur', 'কোট চাঁদপুর', 1, NULL, NULL, '2021-07-30 17:34:53', '2021-07-30 17:34:53'),
	(396, 35, 'Shailkupa', 'শৈলকুপা', 1, NULL, NULL, '2021-07-30 17:34:53', '2021-07-30 17:34:53'),
	(397, 35, 'Harinakunda', 'হাড়িনাকুন্দা', 1, NULL, NULL, '2021-07-30 17:34:53', '2021-07-30 17:34:53'),
	(398, 36, 'Terokhada', 'তেরোখাদা', 1, NULL, NULL, '2021-07-30 17:34:53', '2021-07-30 17:34:53'),
	(399, 36, 'Batiaghata', 'বাটিয়াঘাটা', 1, NULL, NULL, '2021-07-30 17:34:53', '2021-07-30 17:34:53'),
	(400, 36, 'Dacope', 'ডাকপে', 1, NULL, NULL, '2021-07-30 17:34:53', '2021-07-30 17:34:53'),
	(401, 36, 'Dumuria', 'ডুমুরিয়া', 1, NULL, NULL, '2021-07-30 17:34:53', '2021-07-30 17:34:53'),
	(402, 36, 'Dighalia', 'দিঘলিয়া', 1, NULL, NULL, '2021-07-30 17:34:53', '2021-07-30 17:34:53'),
	(403, 36, 'Koyra', 'কয়ড়া', 1, NULL, NULL, '2021-07-30 17:34:53', '2021-07-30 17:34:53'),
	(404, 36, 'Paikgachha', 'পাইকগাছা', 1, NULL, NULL, '2021-07-30 17:34:53', '2021-07-30 17:34:53'),
	(405, 36, 'Phultala', 'ফুলতলা', 1, NULL, NULL, '2021-07-30 17:34:53', '2021-07-30 17:34:53'),
	(406, 36, 'Rupsa', 'রূপসা', 1, NULL, NULL, '2021-07-30 17:34:53', '2021-07-30 17:34:53'),
	(407, 36, 'Aranghata', 'আড়াংঘাটা', 1, NULL, NULL, '2021-07-30 17:34:53', '2021-07-30 17:34:53'),
	(408, 36, 'Daulatpur', 'দৌলতপুর', 1, NULL, NULL, '2021-07-30 17:34:53', '2021-07-30 17:34:53'),
	(409, 36, 'Harintana', 'হারিন্তানা', 1, NULL, NULL, '2021-07-30 17:34:53', '2021-07-30 17:34:53'),
	(410, 36, 'Horintana', 'হরিণতানা', 1, NULL, NULL, '2021-07-30 17:34:53', '2021-07-30 17:34:53'),
	(411, 36, 'Khalishpur', 'খালিশপুর', 1, NULL, NULL, '2021-07-30 17:34:53', '2021-07-30 17:34:53'),
	(412, 36, 'Khanjahan Ali', 'খানজাহান আলী', 1, NULL, NULL, '2021-07-30 17:34:53', '2021-07-30 17:34:53'),
	(413, 36, 'Khulna Sadar', 'খুলনা সদর', 1, NULL, NULL, '2021-07-30 17:34:53', '2021-07-30 17:34:53'),
	(414, 36, 'Labanchora', 'লাবানছোরা', 1, NULL, NULL, '2021-07-30 17:34:53', '2021-07-30 17:34:53'),
	(415, 36, 'Sonadanga', 'সোনাডাঙ্গা', 1, NULL, NULL, '2021-07-30 17:34:53', '2021-07-30 17:34:53'),
	(416, 37, 'Kushtia Sadar', 'কুষ্টিয়া সদর', 1, NULL, NULL, '2021-07-30 17:34:53', '2021-07-30 17:34:53'),
	(417, 37, 'Kumarkhali', 'কুমারখালি', 1, NULL, NULL, '2021-07-30 17:34:53', '2021-07-30 17:34:53'),
	(418, 37, 'Daulatpur', 'দৌলতপুর', 1, NULL, NULL, '2021-07-30 17:34:53', '2021-07-30 17:34:53'),
	(419, 37, 'Mirpur', 'মিরপুর', 1, NULL, NULL, '2021-07-30 17:34:53', '2021-07-30 17:34:53'),
	(420, 37, 'Bheramara', 'ভেরামারা', 1, NULL, NULL, '2021-07-30 17:34:53', '2021-07-30 17:34:53'),
	(421, 37, 'Khoksa', 'খোকসা', 1, NULL, NULL, '2021-07-30 17:34:53', '2021-07-30 17:34:53'),
	(422, 38, 'Magura Sadar', 'মাগুরা সদর', 1, NULL, NULL, '2021-07-30 17:34:53', '2021-07-30 17:34:53'),
	(423, 38, 'Mohammadpur', 'মোহাম্মাদপুর', 1, NULL, NULL, '2021-07-30 17:34:53', '2021-07-30 17:34:53'),
	(424, 38, 'Shalikha', 'শালিখা', 1, NULL, NULL, '2021-07-30 17:34:53', '2021-07-30 17:34:53'),
	(425, 38, 'Sreepur', 'শ্রীপুর', 1, NULL, NULL, '2021-07-30 17:34:53', '2021-07-30 17:34:53'),
	(426, 39, 'angni', 'আংনি', 1, NULL, NULL, '2021-07-30 17:34:53', '2021-07-30 17:34:53'),
	(427, 39, 'Mujib Nagar', 'মুজিব নগর', 1, NULL, NULL, '2021-07-30 17:34:53', '2021-07-30 17:34:53'),
	(428, 39, 'Meherpur-Sader', 'মেহেরপুর সদর', 1, NULL, NULL, '2021-07-30 17:34:53', '2021-07-30 17:34:53'),
	(429, 40, 'Narail-S Upazilla', 'নড়াইল সদর', 1, NULL, NULL, '2021-07-30 17:34:53', '2021-07-30 17:34:53'),
	(430, 40, 'Lohagara Upazilla', 'লোহাগাড়া', 1, NULL, NULL, '2021-07-30 17:34:53', '2021-07-30 17:34:53'),
	(431, 40, 'Kalia Upazilla', 'কালিয়া', 1, NULL, NULL, '2021-07-30 17:34:53', '2021-07-30 17:34:53'),
	(432, 41, 'Satkhira Sadar', 'সাতক্ষীরা সদর', 1, NULL, NULL, '2021-07-30 17:34:53', '2021-07-30 17:34:53'),
	(433, 41, 'Assasuni', 'আসসাশুনি', 1, NULL, NULL, '2021-07-30 17:34:53', '2021-07-30 17:34:53'),
	(434, 41, 'Debhata', 'দেভাটা', 1, NULL, NULL, '2021-07-30 17:34:53', '2021-07-30 17:34:53'),
	(435, 41, 'Tala', 'তালা', 1, NULL, NULL, '2021-07-30 17:34:53', '2021-07-30 17:34:53'),
	(436, 41, 'Kalaroa', 'কলরোয়া', 1, NULL, NULL, '2021-07-30 17:34:53', '2021-07-30 17:34:53'),
	(437, 41, 'Kaliganj', 'কালীগঞ্জ', 1, NULL, NULL, '2021-07-30 17:34:53', '2021-07-30 17:34:53'),
	(438, 41, 'Shyamnagar', 'শ্যামনগর', 1, NULL, NULL, '2021-07-30 17:34:53', '2021-07-30 17:34:53'),
	(439, 42, 'Adamdighi', 'আদমদিঘী', 1, NULL, NULL, '2021-07-30 17:34:53', '2021-07-30 17:34:53'),
	(440, 42, 'Bogra Sadar', 'বগুড়া সদর', 1, NULL, NULL, '2021-07-30 17:34:53', '2021-07-30 17:34:53'),
	(441, 42, 'Sherpur', 'শেরপুর', 1, NULL, NULL, '2021-07-30 17:34:53', '2021-07-30 17:34:53'),
	(442, 42, 'Dhunat', 'ধুনট', 1, NULL, NULL, '2021-07-30 17:34:53', '2021-07-30 17:34:53'),
	(443, 42, 'Dhupchanchia', 'দুপচাচিয়া', 1, NULL, NULL, '2021-07-30 17:34:53', '2021-07-30 17:34:53'),
	(444, 42, 'Gabtali', 'গাবতলি', 1, NULL, NULL, '2021-07-30 17:34:53', '2021-07-30 17:34:53'),
	(445, 42, 'Kahaloo', 'কাহালু', 1, NULL, NULL, '2021-07-30 17:34:53', '2021-07-30 17:34:53'),
	(446, 42, 'Nandigram', 'নন্দিগ্রাম', 1, NULL, NULL, '2021-07-30 17:34:53', '2021-07-30 17:34:53'),
	(447, 42, 'Sahajanpur', 'শাহজাহানপুর', 1, NULL, NULL, '2021-07-30 17:34:53', '2021-07-30 17:34:53'),
	(448, 42, 'Sariakandi', 'সারিয়াকান্দি', 1, NULL, NULL, '2021-07-30 17:34:53', '2021-07-30 17:34:53'),
	(449, 42, 'Shibganj', 'শিবগঞ্জ', 1, NULL, NULL, '2021-07-30 17:34:53', '2021-07-30 17:34:53'),
	(450, 42, 'Sonatala', 'সোনাতলা', 1, NULL, NULL, '2021-07-30 17:34:53', '2021-07-30 17:34:53'),
	(451, 43, 'Joypurhat Sadar', 'জয়পুরহাট সদর', 1, NULL, NULL, '2021-07-30 17:34:53', '2021-07-30 17:34:53'),
	(452, 43, 'Akkelpur', 'আক্কেলপুর', 1, NULL, NULL, '2021-07-30 17:34:53', '2021-07-30 17:34:53'),
	(453, 43, 'Kalai', 'কালাই', 1, NULL, NULL, '2021-07-30 17:34:53', '2021-07-30 17:34:53'),
	(454, 43, 'Khetlal', 'খেতলাল', 1, NULL, NULL, '2021-07-30 17:34:53', '2021-07-30 17:34:53'),
	(455, 43, 'Panchbibi', 'পাঁচবিবি', 1, NULL, NULL, '2021-07-30 17:34:53', '2021-07-30 17:34:53'),
	(456, 44, 'Naogaon Sadar', 'নওগাঁ সদর', 1, NULL, NULL, '2021-07-30 17:34:53', '2021-07-30 17:34:53'),
	(457, 44, 'Mohadevpur', 'মহাদেবপুর', 1, NULL, NULL, '2021-07-30 17:34:53', '2021-07-30 17:34:53'),
	(458, 44, 'Manda', 'মান্দা', 1, NULL, NULL, '2021-07-30 17:34:53', '2021-07-30 17:34:53'),
	(459, 44, 'Niamatpur', 'নিয়ামতপুর', 1, NULL, NULL, '2021-07-30 17:34:53', '2021-07-30 17:34:53'),
	(460, 44, 'Atrai', 'আত্রাই', 1, NULL, NULL, '2021-07-30 17:34:53', '2021-07-30 17:34:53'),
	(461, 44, 'Raninagar', 'রাণীনগর', 1, NULL, NULL, '2021-07-30 17:34:53', '2021-07-30 17:34:53'),
	(462, 44, 'Patnitala', 'পত্নীতলা', 1, NULL, NULL, '2021-07-30 17:34:53', '2021-07-30 17:34:53'),
	(463, 44, 'Dhamoirhat', 'ধামইরহাট', 1, NULL, NULL, '2021-07-30 17:34:53', '2021-07-30 17:34:53'),
	(464, 44, 'Sapahar', 'সাপাহার', 1, NULL, NULL, '2021-07-30 17:34:53', '2021-07-30 17:34:53'),
	(465, 44, 'Porsha', 'পোরশা', 1, NULL, NULL, '2021-07-30 17:34:53', '2021-07-30 17:34:53'),
	(466, 44, 'Badalgachhi', 'বদলগাছি', 1, NULL, NULL, '2021-07-30 17:34:53', '2021-07-30 17:34:53'),
	(467, 45, 'Natore Sadar', 'নাটোর সদর', 1, NULL, NULL, '2021-07-30 17:34:53', '2021-07-30 17:34:53'),
	(468, 45, 'Baraigram', 'বড়াইগ্রাম', 1, NULL, NULL, '2021-07-30 17:34:53', '2021-07-30 17:34:53'),
	(469, 45, 'Bagatipara', 'বাগাতিপাড়া', 1, NULL, NULL, '2021-07-30 17:34:53', '2021-07-30 17:34:53'),
	(470, 45, 'Lalpur', 'লালপুর', 1, NULL, NULL, '2021-07-30 17:34:53', '2021-07-30 17:34:53'),
	(471, 45, 'Natore Sadar', 'নাটোর সদর', 1, NULL, NULL, '2021-07-30 17:34:53', '2021-07-30 17:34:53'),
	(472, 45, 'Baraigram', 'বড়াই গ্রাম', 1, NULL, NULL, '2021-07-30 17:34:53', '2021-07-30 17:34:53'),
	(473, 46, 'Bholahat', 'ভোলাহাট', 1, NULL, NULL, '2021-07-30 17:34:53', '2021-07-30 17:34:53'),
	(474, 46, 'Gomastapur', 'গোমস্তাপুর', 1, NULL, NULL, '2021-07-30 17:34:53', '2021-07-30 17:34:53'),
	(475, 46, 'Nachole', 'নাচোল', 1, NULL, NULL, '2021-07-30 17:34:53', '2021-07-30 17:34:53'),
	(476, 46, 'Nawabganj Sadar', 'নবাবগঞ্জ সদর', 1, NULL, NULL, '2021-07-30 17:34:53', '2021-07-30 17:34:53'),
	(477, 46, 'Shibganj', 'শিবগঞ্জ', 1, NULL, NULL, '2021-07-30 17:34:53', '2021-07-30 17:34:53'),
	(478, 47, 'Atgharia', 'আটঘরিয়া', 1, NULL, NULL, '2021-07-30 17:34:53', '2021-07-30 17:34:53'),
	(479, 47, 'Bera', 'বেড়া', 1, NULL, NULL, '2021-07-30 17:34:53', '2021-07-30 17:34:53'),
	(480, 47, 'Bhangura', 'ভাঙ্গুরা', 1, NULL, NULL, '2021-07-30 17:34:53', '2021-07-30 17:34:53'),
	(481, 47, 'Chatmohar', 'চাটমোহর', 1, NULL, NULL, '2021-07-30 17:34:53', '2021-07-30 17:34:53'),
	(482, 47, 'Faridpur', 'ফরিদপুর', 1, NULL, NULL, '2021-07-30 17:34:53', '2021-07-30 17:34:53'),
	(483, 47, 'Ishwardi', 'ঈশ্বরদী', 1, NULL, NULL, '2021-07-30 17:34:53', '2021-07-30 17:34:53'),
	(484, 47, 'Pabna Sadar', 'পাবনা সদর', 1, NULL, NULL, '2021-07-30 17:34:53', '2021-07-30 17:34:53'),
	(485, 47, 'Santhia', 'সাথিয়া', 1, NULL, NULL, '2021-07-30 17:34:53', '2021-07-30 17:34:53'),
	(486, 47, 'Sujanagar', 'সুজানগর', 1, NULL, NULL, '2021-07-30 17:34:53', '2021-07-30 17:34:53'),
	(487, 48, 'Bagha', 'বাঘা', 1, NULL, NULL, '2021-07-30 17:34:53', '2021-07-30 17:34:53'),
	(488, 48, 'Bagmara', 'বাগমারা', 1, NULL, NULL, '2021-07-30 17:34:53', '2021-07-30 17:34:53'),
	(489, 48, 'Charghat', 'চারঘাট', 1, NULL, NULL, '2021-07-30 17:34:53', '2021-07-30 17:34:53'),
	(490, 48, 'Durgapur', 'দুর্গাপুর', 1, NULL, NULL, '2021-07-30 17:34:53', '2021-07-30 17:34:53'),
	(491, 48, 'Godagari', 'গোদাগারি', 1, NULL, NULL, '2021-07-30 17:34:53', '2021-07-30 17:34:53'),
	(492, 48, 'Mohanpur', 'মোহনপুর', 1, NULL, NULL, '2021-07-30 17:34:53', '2021-07-30 17:34:53'),
	(493, 48, 'Paba', 'পবা', 1, NULL, NULL, '2021-07-30 17:34:53', '2021-07-30 17:34:53'),
	(494, 48, 'Puthia', 'পুঠিয়া', 1, NULL, NULL, '2021-07-30 17:34:53', '2021-07-30 17:34:53'),
	(495, 48, 'Tanore', 'তানোর', 1, NULL, NULL, '2021-07-30 17:34:53', '2021-07-30 17:34:53'),
	(496, 48, 'Boalia', 'বোয়ালিয়া', 1, NULL, NULL, '2021-07-30 17:34:53', '2021-07-30 17:34:53'),
	(497, 48, 'Motihar', 'মতিহার', 1, NULL, NULL, '2021-07-30 17:34:53', '2021-07-30 17:34:53'),
	(498, 48, 'Shahmokhdum', 'শাহ্ মকখদুম', 1, NULL, NULL, '2021-07-30 17:34:53', '2021-07-30 17:34:53'),
	(499, 48, 'Rajpara', 'রাজপারা', 1, NULL, NULL, '2021-07-30 17:34:53', '2021-07-30 17:34:53'),
	(500, 49, 'Sirajganj Sadar', 'সিরাজগঞ্জ সদর', 1, NULL, NULL, '2021-07-30 17:34:53', '2021-07-30 17:34:53'),
	(501, 49, 'Belkuch', 'বেলকুচি', 1, NULL, NULL, '2021-07-30 17:34:53', '2021-07-30 17:34:53'),
	(502, 49, 'Chauhali', 'চৌহালি', 1, NULL, NULL, '2021-07-30 17:34:53', '2021-07-30 17:34:53'),
	(503, 49, 'Kamarkhanda', 'কামারখান্দা', 1, NULL, NULL, '2021-07-30 17:34:53', '2021-07-30 17:34:53'),
	(504, 49, 'Kazipur', 'কাজীপুর', 1, NULL, NULL, '2021-07-30 17:34:53', '2021-07-30 17:34:53'),
	(505, 49, 'Raiganj', 'রায়গঞ্জ', 1, NULL, NULL, '2021-07-30 17:34:53', '2021-07-30 17:34:53'),
	(506, 49, 'Shahjadpur', 'শাহজাদপুর', 1, NULL, NULL, '2021-07-30 17:34:53', '2021-07-30 17:34:53'),
	(507, 49, 'Tarash', 'তারাশ', 1, NULL, NULL, '2021-07-30 17:34:53', '2021-07-30 17:34:53'),
	(508, 49, 'Ullahpara', 'উল্লাপাড়া', 1, NULL, NULL, '2021-07-30 17:34:53', '2021-07-30 17:34:53'),
	(509, 50, 'Birampur', 'বিরামপুর', 1, NULL, NULL, '2021-07-30 17:34:53', '2021-07-30 17:34:53'),
	(510, 50, 'Birganj', 'বীরগঞ্জ', 1, NULL, NULL, '2021-07-30 17:34:53', '2021-07-30 17:34:53'),
	(511, 50, 'Biral', 'বিড়াল', 1, NULL, NULL, '2021-07-30 17:34:53', '2021-07-30 17:34:53'),
	(512, 50, 'Bochaganj', 'বোচাগঞ্জ', 1, NULL, NULL, '2021-07-30 17:34:53', '2021-07-30 17:34:53'),
	(513, 50, 'Chirirbandar', 'চিরিরবন্দর', 1, NULL, NULL, '2021-07-30 17:34:53', '2021-07-30 17:34:53'),
	(514, 50, 'Phulbari', 'ফুলবাড়ি', 1, NULL, NULL, '2021-07-30 17:34:53', '2021-07-30 17:34:53'),
	(515, 50, 'Ghoraghat', 'ঘোড়াঘাট', 1, NULL, NULL, '2021-07-30 17:34:53', '2021-07-30 17:34:53'),
	(516, 50, 'Hakimpur', 'হাকিমপুর', 1, NULL, NULL, '2021-07-30 17:34:53', '2021-07-30 17:34:53'),
	(517, 50, 'Kaharole', 'কাহারোল', 1, NULL, NULL, '2021-07-30 17:34:53', '2021-07-30 17:34:53'),
	(518, 50, 'Khansama', 'খানসামা', 1, NULL, NULL, '2021-07-30 17:34:53', '2021-07-30 17:34:53'),
	(519, 50, 'Dinajpur Sadar', 'দিনাজপুর সদর', 1, NULL, NULL, '2021-07-30 17:34:53', '2021-07-30 17:34:53'),
	(520, 50, 'Nawabganj', 'নবাবগঞ্জ', 1, NULL, NULL, '2021-07-30 17:34:53', '2021-07-30 17:34:53'),
	(521, 50, 'Parbatipur', 'পার্বতীপুর', 1, NULL, NULL, '2021-07-30 17:34:53', '2021-07-30 17:34:53'),
	(522, 51, 'Fulchhari', 'ফুলছড়ি', 1, NULL, NULL, '2021-07-30 17:34:53', '2021-07-30 17:34:53'),
	(523, 51, 'Gaibandha sadar', 'গাইবান্ধা সদর', 1, NULL, NULL, '2021-07-30 17:34:53', '2021-07-30 17:34:53'),
	(524, 51, 'Gobindaganj', 'গোবিন্দগঞ্জ', 1, NULL, NULL, '2021-07-30 17:34:53', '2021-07-30 17:34:53'),
	(525, 51, 'Palashbari', 'পলাশবাড়ী', 1, NULL, NULL, '2021-07-30 17:34:53', '2021-07-30 17:34:53'),
	(526, 51, 'Sadullapur', 'সাদুল্যাপুর', 1, NULL, NULL, '2021-07-30 17:34:53', '2021-07-30 17:34:53'),
	(527, 51, 'Saghata', 'সাঘাটা', 1, NULL, NULL, '2021-07-30 17:34:53', '2021-07-30 17:34:53'),
	(528, 51, 'Sundarganj', 'সুন্দরগঞ্জ', 1, NULL, NULL, '2021-07-30 17:34:53', '2021-07-30 17:34:53'),
	(529, 52, 'Kurigram Sadar', 'কুড়িগ্রাম সদর', 1, NULL, NULL, '2021-07-30 17:34:53', '2021-07-30 17:34:53'),
	(530, 52, 'Nageshwari', 'নাগেশ্বরী', 1, NULL, NULL, '2021-07-30 17:34:53', '2021-07-30 17:34:53'),
	(531, 52, 'Bhurungamari', 'ভুরুঙ্গামারি', 1, NULL, NULL, '2021-07-30 17:34:53', '2021-07-30 17:34:53'),
	(532, 52, 'Phulbari', 'ফুলবাড়ি', 1, NULL, NULL, '2021-07-30 17:34:53', '2021-07-30 17:34:53'),
	(533, 52, 'Rajarhat', 'রাজারহাট', 1, NULL, NULL, '2021-07-30 17:34:53', '2021-07-30 17:34:53'),
	(534, 52, 'Ulipur', 'উলিপুর', 1, NULL, NULL, '2021-07-30 17:34:53', '2021-07-30 17:34:53'),
	(535, 52, 'Chilmari', 'চিলমারি', 1, NULL, NULL, '2021-07-30 17:34:53', '2021-07-30 17:34:53'),
	(536, 52, 'Rowmari', 'রউমারি', 1, NULL, NULL, '2021-07-30 17:34:53', '2021-07-30 17:34:53'),
	(537, 52, 'Char Rajibpur', 'চর রাজিবপুর', 1, NULL, NULL, '2021-07-30 17:34:53', '2021-07-30 17:34:53'),
	(538, 53, 'Lalmanirhat Sadar', 'লালমনিরহাট সদর', 1, NULL, NULL, '2021-07-30 17:34:53', '2021-07-30 17:34:53'),
	(539, 53, 'Aditmari', 'আদিতমারি', 1, NULL, NULL, '2021-07-30 17:34:53', '2021-07-30 17:34:53'),
	(540, 53, 'Kaliganj', 'কালীগঞ্জ', 1, NULL, NULL, '2021-07-30 17:34:53', '2021-07-30 17:34:53'),
	(541, 53, 'Hatibandha', 'হাতিবান্ধা', 1, NULL, NULL, '2021-07-30 17:34:53', '2021-07-30 17:34:53'),
	(542, 53, 'Patgram', 'পাটগ্রাম', 1, NULL, NULL, '2021-07-30 17:34:53', '2021-07-30 17:34:53'),
	(543, 54, 'Nilphamari Sadar', 'নীলফামারী সদর', 1, NULL, NULL, '2021-07-30 17:34:53', '2021-07-30 17:34:53'),
	(544, 54, 'Saidpur', 'সৈয়দপুর', 1, NULL, NULL, '2021-07-30 17:34:53', '2021-07-30 17:34:53'),
	(545, 54, 'Jaldhaka', 'জলঢাকা', 1, NULL, NULL, '2021-07-30 17:34:53', '2021-07-30 17:34:53'),
	(546, 54, 'Kishoreganj', 'কিশোরগঞ্জ', 1, NULL, NULL, '2021-07-30 17:34:53', '2021-07-30 17:34:53'),
	(547, 54, 'Domar', 'ডোমার', 1, NULL, NULL, '2021-07-30 17:34:53', '2021-07-30 17:34:53'),
	(548, 54, 'Dimla', 'ডিমলা', 1, NULL, NULL, '2021-07-30 17:34:53', '2021-07-30 17:34:53'),
	(549, 55, 'Panchagarh Sadar', 'পঞ্চগড় সদর', 1, NULL, NULL, '2021-07-30 17:34:53', '2021-07-30 17:34:53'),
	(550, 55, 'Debiganj', 'দেবীগঞ্জ', 1, NULL, NULL, '2021-07-30 17:34:53', '2021-07-30 17:34:53'),
	(551, 55, 'Boda', 'বোদা', 1, NULL, NULL, '2021-07-30 17:34:53', '2021-07-30 17:34:53'),
	(552, 55, 'Atwari', 'আটোয়ারি', 1, NULL, NULL, '2021-07-30 17:34:53', '2021-07-30 17:34:53'),
	(553, 55, 'Tetulia', 'তেতুলিয়া', 1, NULL, NULL, '2021-07-30 17:34:53', '2021-07-30 17:34:53'),
	(554, 56, 'Badarganj', 'বদরগঞ্জ', 1, NULL, NULL, '2021-07-30 17:34:53', '2021-07-30 17:34:53'),
	(555, 56, 'Mithapukur', 'মিঠাপুকুর', 1, NULL, NULL, '2021-07-30 17:34:53', '2021-07-30 17:34:53'),
	(556, 56, 'Gangachara', 'গঙ্গাচরা', 1, NULL, NULL, '2021-07-30 17:34:53', '2021-07-30 17:34:53'),
	(557, 56, 'Kaunia', 'কাউনিয়া', 1, NULL, NULL, '2021-07-30 17:34:53', '2021-07-30 17:34:53'),
	(558, 56, 'Rangpur Sadar', 'রংপুর সদর', 1, NULL, NULL, '2021-07-30 17:34:53', '2021-07-30 17:34:53'),
	(559, 56, 'Pirgachha', 'পীরগাছা', 1, NULL, NULL, '2021-07-30 17:34:53', '2021-07-30 17:34:53'),
	(560, 56, 'Pirganj', 'পীরগঞ্জ', 1, NULL, NULL, '2021-07-30 17:34:53', '2021-07-30 17:34:53'),
	(561, 56, 'Taraganj', 'তারাগঞ্জ', 1, NULL, NULL, '2021-07-30 17:34:53', '2021-07-30 17:34:53'),
	(562, 57, 'Thakurgaon Sadar', 'ঠাকুরগাঁও সদর', 1, NULL, NULL, '2021-07-30 17:34:53', '2021-07-30 17:34:53'),
	(563, 57, 'Pirganj', 'পীরগঞ্জ', 1, NULL, NULL, '2021-07-30 17:34:53', '2021-07-30 17:34:53'),
	(564, 57, 'Baliadangi', 'বালিয়াডাঙ্গি', 1, NULL, NULL, '2021-07-30 17:34:53', '2021-07-30 17:34:53'),
	(565, 57, 'Haripur', 'হরিপুর', 1, NULL, NULL, '2021-07-30 17:34:53', '2021-07-30 17:34:53'),
	(566, 57, 'Ranisankail', 'রাণীসংকইল', 1, NULL, NULL, '2021-07-30 17:34:53', '2021-07-30 17:34:53'),
	(567, 58, 'Ajmiriganj', 'আজমিরিগঞ্জ', 1, NULL, NULL, '2021-07-30 17:34:53', '2021-07-30 17:34:53'),
	(568, 58, 'Baniachang', 'বানিয়াচং', 1, NULL, NULL, '2021-07-30 17:34:53', '2021-07-30 17:34:53'),
	(569, 58, 'Bahubal', 'বাহুবল', 1, NULL, NULL, '2021-07-30 17:34:53', '2021-07-30 17:34:53'),
	(570, 58, 'Chunarughat', 'চুনারুঘাট', 1, NULL, NULL, '2021-07-30 17:34:53', '2021-07-30 17:34:53'),
	(571, 58, 'Habiganj Sadar', 'হবিগঞ্জ সদর', 1, NULL, NULL, '2021-07-30 17:34:53', '2021-07-30 17:34:53'),
	(572, 58, 'Lakhai', 'লাক্ষাই', 1, NULL, NULL, '2021-07-30 17:34:53', '2021-07-30 17:34:53'),
	(573, 58, 'Madhabpur', 'মাধবপুর', 1, NULL, NULL, '2021-07-30 17:34:53', '2021-07-30 17:34:53'),
	(574, 58, 'Nabiganj', 'নবীগঞ্জ', 1, NULL, NULL, '2021-07-30 17:34:53', '2021-07-30 17:34:53'),
	(575, 58, 'Shaistagonj', 'শায়েস্তাগঞ্জ', 1, NULL, NULL, '2021-07-30 17:34:53', '2021-07-30 17:34:53'),
	(576, 59, 'Moulvibazar Sadar', 'মৌলভীবাজার', 1, NULL, NULL, '2021-07-30 17:34:53', '2021-07-30 17:34:53'),
	(577, 59, 'Barlekha', 'বড়লেখা', 1, NULL, NULL, '2021-07-30 17:34:53', '2021-07-30 17:34:53'),
	(578, 59, 'Juri', 'জুড়ি', 1, NULL, NULL, '2021-07-30 17:34:53', '2021-07-30 17:34:53'),
	(579, 59, 'Kamalganj', 'কামালগঞ্জ', 1, NULL, NULL, '2021-07-30 17:34:53', '2021-07-30 17:34:53'),
	(580, 59, 'Kulaura', 'কুলাউরা', 1, NULL, NULL, '2021-07-30 17:34:53', '2021-07-30 17:34:53'),
	(581, 59, 'Rajnagar', 'রাজনগর', 1, NULL, NULL, '2021-07-30 17:34:53', '2021-07-30 17:34:53'),
	(582, 59, 'Sreemangal', 'শ্রীমঙ্গল', 1, NULL, NULL, '2021-07-30 17:34:53', '2021-07-30 17:34:53'),
	(583, 60, 'Bishwamvarpur', 'বিসশম্ভারপুর', 1, NULL, NULL, '2021-07-30 17:34:53', '2021-07-30 17:34:53'),
	(584, 60, 'Chhatak', 'ছাতক', 1, NULL, NULL, '2021-07-30 17:34:53', '2021-07-30 17:34:53'),
	(585, 60, 'Derai', 'দেড়াই', 1, NULL, NULL, '2021-07-30 17:34:53', '2021-07-30 17:34:53'),
	(586, 60, 'Dharampasha', 'ধরমপাশা', 1, NULL, NULL, '2021-07-30 17:34:53', '2021-07-30 17:34:53'),
	(587, 60, 'Dowarabazar', 'দোয়ারাবাজার', 1, NULL, NULL, '2021-07-30 17:34:53', '2021-07-30 17:34:53'),
	(588, 60, 'Jagannathpur', 'জগন্নাথপুর', 1, NULL, NULL, '2021-07-30 17:34:53', '2021-07-30 17:34:53'),
	(589, 60, 'Jamalganj', 'জামালগঞ্জ', 1, NULL, NULL, '2021-07-30 17:34:53', '2021-07-30 17:34:53'),
	(590, 60, 'Sulla', 'সুল্লা', 1, NULL, NULL, '2021-07-30 17:34:53', '2021-07-30 17:34:53'),
	(591, 60, 'Sunamganj Sadar', 'সুনামগঞ্জ সদর', 1, NULL, NULL, '2021-07-30 17:34:53', '2021-07-30 17:34:53'),
	(592, 60, 'Shanthiganj', 'শান্তিগঞ্জ', 1, NULL, NULL, '2021-07-30 17:34:53', '2021-07-30 17:34:53'),
	(593, 60, 'Tahirpur', 'তাহিরপুর', 1, NULL, NULL, '2021-07-30 17:34:53', '2021-07-30 17:34:53'),
	(594, 61, 'Sylhet Sada', 'সিলেট সদর', 1, NULL, NULL, '2021-07-30 17:34:53', '2021-07-30 17:34:53'),
	(595, 61, 'Beanibazar', 'বেয়ানিবাজার', 1, NULL, NULL, '2021-07-30 17:34:53', '2021-07-30 17:34:53'),
	(596, 61, 'Bishwanath', 'বিশ্বনাথ', 1, NULL, NULL, '2021-07-30 17:34:53', '2021-07-30 17:34:53'),
	(597, 61, 'Dakshin Surma', 'দক্ষিণ সুরমা', 1, NULL, NULL, '2021-07-30 17:34:53', '2021-07-30 17:34:53'),
	(598, 61, 'Balaganj', 'বালাগঞ্জ', 1, NULL, NULL, '2021-07-30 17:34:53', '2021-07-30 17:34:53'),
	(599, 61, 'Companiganj', 'কোম্পানিগঞ্জ', 1, NULL, NULL, '2021-07-30 17:34:53', '2021-07-30 17:34:53'),
	(600, 61, 'Fenchuganj', 'ফেঞ্চুগঞ্জ', 1, NULL, NULL, '2021-07-30 17:34:53', '2021-07-30 17:34:53'),
	(601, 61, 'Golapganj', 'গোলাপগঞ্জ', 1, NULL, NULL, '2021-07-30 17:34:53', '2021-07-30 17:34:53'),
	(602, 61, 'Gowainghat', 'গোয়াইনঘাট', 1, NULL, NULL, '2021-07-30 17:34:53', '2021-07-30 17:34:53'),
	(603, 61, 'Jaintiapur', 'জয়ন্তপুর', 1, NULL, NULL, '2021-07-30 17:34:53', '2021-07-30 17:34:53'),
	(604, 61, 'Kanaighat', 'কানাইঘাট', 1, NULL, NULL, '2021-07-30 17:34:53', '2021-07-30 17:34:53'),
	(605, 61, 'Zakiganj', 'জাকিগঞ্জ', 1, NULL, NULL, '2021-07-30 17:34:53', '2021-07-30 17:34:53'),
	(606, 61, 'Nobigonj', 'নবীগঞ্জ', 1, NULL, NULL, '2021-07-30 17:34:53', '2021-07-30 17:34:53'),
	(607, 61, 'Airport', 'বিমানবন্দর', 1, NULL, NULL, '2021-07-30 17:34:53', '2021-07-30 17:34:53'),
	(608, 61, 'Hazrat Shah Paran', 'হযরত শাহ পরাণ', 1, NULL, NULL, '2021-07-30 17:34:53', '2021-07-30 17:34:53'),
	(609, 61, 'Jalalabad', 'জালালাবাদ', 1, NULL, NULL, '2021-07-30 17:34:53', '2021-07-30 17:34:53'),
	(610, 61, 'Moglabazar', 'মোগলাবাজার', 1, NULL, NULL, '2021-07-30 17:34:53', '2021-07-30 17:34:53'),
	(611, 61, 'Osmani Nagar', 'ওসমানী নগর', 1, NULL, NULL, '2021-07-30 17:34:53', '2021-07-30 17:34:53'),
	(612, 61, 'South Surma', 'দক্ষিণ সুরমা', 1, NULL, NULL, '2021-07-30 17:34:53', '2021-07-30 17:34:53'),
	(613, 62, 'Dewanganj', 'দেওয়ানগঞ্জ', 1, NULL, NULL, '2021-07-30 17:34:53', '2021-07-30 17:34:53'),
	(614, 62, 'Baksiganj', 'বকসিগঞ্জ', 1, NULL, NULL, '2021-07-30 17:34:53', '2021-07-30 17:34:53'),
	(615, 62, 'Islampur', 'ইসলামপুর', 1, NULL, NULL, '2021-07-30 17:34:53', '2021-07-30 17:34:53'),
	(616, 62, 'Jamalpur Sadar', 'জামালপুর সদর', 1, NULL, NULL, '2021-07-30 17:34:53', '2021-07-30 17:34:53'),
	(617, 62, 'Madarganj', 'মাদারগঞ্জ', 1, NULL, NULL, '2021-07-30 17:34:53', '2021-07-30 17:34:53'),
	(618, 62, 'Melandaha', 'মেলানদাহা', 1, NULL, NULL, '2021-07-30 17:34:53', '2021-07-30 17:34:53'),
	(619, 62, 'Sarishabari', 'সরিষাবাড়ি', 1, NULL, NULL, '2021-07-30 17:34:53', '2021-07-30 17:34:53'),
	(620, 62, 'Narundi Police I.C', 'নারুন্দি', 1, NULL, NULL, '2021-07-30 17:34:53', '2021-07-30 17:34:53'),
	(621, 63, 'Bhaluka', 'ভালুকা', 1, NULL, NULL, '2021-07-30 17:34:53', '2021-07-30 17:34:53'),
	(622, 63, 'Trishal', 'ত্রিশাল', 1, NULL, NULL, '2021-07-30 17:34:53', '2021-07-30 17:34:53'),
	(623, 63, 'Haluaghat', 'হালুয়াঘাট', 1, NULL, NULL, '2021-07-30 17:34:53', '2021-07-30 17:34:53'),
	(624, 63, 'Muktagachha', 'মুক্তাগাছা', 1, NULL, NULL, '2021-07-30 17:34:53', '2021-07-30 17:34:53'),
	(625, 63, 'Dhobaura', 'ধবারুয়া', 1, NULL, NULL, '2021-07-30 17:34:53', '2021-07-30 17:34:53'),
	(626, 63, 'Fulbaria', 'ফুলবাড়িয়া', 1, NULL, NULL, '2021-07-30 17:34:53', '2021-07-30 17:34:53'),
	(627, 63, 'Gaffargaon', 'গফরগাঁও', 1, NULL, NULL, '2021-07-30 17:34:53', '2021-07-30 17:34:53'),
	(628, 63, 'Gauripur', 'গৌরিপুর', 1, NULL, NULL, '2021-07-30 17:34:53', '2021-07-30 17:34:53'),
	(629, 63, 'Ishwarganj', 'ঈশ্বরগঞ্জ', 1, NULL, NULL, '2021-07-30 17:34:53', '2021-07-30 17:34:53'),
	(630, 63, 'Mymensingh Sadar', 'ময়মনসিং সদর', 1, NULL, NULL, '2021-07-30 17:34:53', '2021-07-30 17:34:53'),
	(631, 63, 'Nandail', 'নন্দাইল', 1, NULL, NULL, '2021-07-30 17:34:53', '2021-07-30 17:34:53'),
	(632, 63, 'Phulpur', 'ফুলপুর', 1, NULL, NULL, '2021-07-30 17:34:53', '2021-07-30 17:34:53'),
	(633, 64, 'Kendua Upazilla', 'কেন্দুয়া', 1, NULL, NULL, '2021-07-30 17:34:53', '2021-07-30 17:34:53'),
	(634, 64, 'Atpara Upazilla', 'আটপাড়া', 1, NULL, NULL, '2021-07-30 17:34:53', '2021-07-30 17:34:53'),
	(635, 64, 'Barhatta Upazilla', 'বরহাট্টা', 1, NULL, NULL, '2021-07-30 17:34:53', '2021-07-30 17:34:53'),
	(636, 64, 'Durgapur Upazilla', 'দুর্গাপুর', 1, NULL, NULL, '2021-07-30 17:34:53', '2021-07-30 17:34:53'),
	(637, 64, 'Kalmakanda Upazilla', 'কলমাকান্দা', 1, NULL, NULL, '2021-07-30 17:34:53', '2021-07-30 17:34:53'),
	(638, 64, 'Madan Upazilla', 'মদন', 1, NULL, NULL, '2021-07-30 17:34:53', '2021-07-30 17:34:53'),
	(639, 64, 'Mohanganj Upazilla', 'মোহনগঞ্জ', 1, NULL, NULL, '2021-07-30 17:34:53', '2021-07-30 17:34:53'),
	(640, 64, 'Netrakona-S Upazilla', 'নেত্রকোনা সদর', 1, NULL, NULL, '2021-07-30 17:34:53', '2021-07-30 17:34:53'),
	(641, 64, 'Purbadhala Upazilla', 'পূর্বধলা', 1, NULL, NULL, '2021-07-30 17:34:53', '2021-07-30 17:34:53'),
	(642, 64, 'Khaliajuri Upazilla', 'খালিয়াজুরি', 1, NULL, NULL, '2021-07-30 17:34:53', '2021-07-30 17:34:53'),
	(643, 65, 'Jhenaigati', 'ঝিনাইগাতি', 1, NULL, NULL, '2021-07-30 17:34:53', '2021-07-30 17:34:53'),
	(644, 65, 'Nakla', 'নাকলা', 1, NULL, NULL, '2021-07-30 17:34:53', '2021-07-30 17:34:53'),
	(645, 65, 'Nalitabari', 'নালিতাবাড়ি', 1, NULL, NULL, '2021-07-30 17:34:53', '2021-07-30 17:34:53'),
	(646, 65, 'Sherpur Sadar', 'শেরপুর সদর', 1, NULL, NULL, '2021-07-30 17:34:53', '2021-07-30 17:34:53'),
	(647, 65, 'Sreebardi', 'শ্রীবরদি', 1, NULL, NULL, '2021-07-30 17:34:53', '2021-07-30 17:34:53'),
	(648, 19, 'Ramna Model Thana', 'রমনা থানা', 1, NULL, NULL, '2021-07-30 17:34:53', '2021-07-30 17:34:53'),
	(649, 19, 'Motijheel Thana', 'মতিঝিল থানা', 1, NULL, NULL, '2021-07-30 17:34:53', '2021-07-30 17:34:53'),
	(650, 19, 'Kotwali Thana', 'কোতোয়ালী থানা', 1, NULL, NULL, '2021-07-30 17:34:53', '2021-07-30 17:34:53'),
	(651, 19, 'Dhanmondi Thana', 'ধানমন্ডি থানা', 1, NULL, NULL, '2021-07-30 17:34:53', '2021-07-30 17:34:53'),
	(652, 19, 'Mohammadpur Thana', 'মোহাম্মদপুর থানা', 1, NULL, NULL, '2021-07-30 17:34:53', '2021-07-30 17:34:53'),
	(653, 19, 'Sutrapur Thana', 'সুত্রাপুর থানা', 1, NULL, NULL, '2021-07-30 17:34:53', '2021-07-30 17:34:53'),
	(654, 19, 'Tejgaon Model Thana', 'তেজগাঁও থানা', 1, NULL, NULL, '2021-07-30 17:34:53', '2021-07-30 17:34:53'),
	(655, 19, 'Gulshan Thana', 'গুলশান থানা', 1, NULL, NULL, '2021-07-30 17:34:53', '2021-07-30 17:34:53'),
	(656, 19, 'Lalbagh Thana', 'লালবাগ থানা', 1, NULL, NULL, '2021-07-30 17:34:53', '2021-07-30 17:34:53'),
	(657, 19, 'Mirpur Thana', 'মিরপুর থানা', 1, NULL, NULL, '2021-07-30 17:34:53', '2021-07-30 17:34:53'),
	(658, 19, 'Pallabi Thana', 'পল্লবী থানা', 1, NULL, NULL, '2021-07-30 17:34:53', '2021-07-30 17:34:53'),
	(659, 19, 'Sabujbag Thana', 'সবুজবাগ থানা', 1, NULL, NULL, '2021-07-30 17:34:53', '2021-07-30 17:34:53'),
	(660, 19, 'Cantonment Thana', 'ক্যান্টনমেন্ট থানা', 1, NULL, NULL, '2021-07-30 17:34:53', '2021-07-30 17:34:53'),
	(661, 19, 'Demra Thana', 'ডেমরা থানা', 1, NULL, NULL, '2021-07-30 17:34:53', '2021-07-30 17:34:53'),
	(662, 19, 'Hazaribagh Thana', 'হাজারীবাগ থানা', 1, NULL, NULL, '2021-07-30 17:34:53', '2021-07-30 17:34:53'),
	(663, 19, 'Shyampur Thana', 'শ্যামপুর থানা', 1, NULL, NULL, '2021-07-30 17:34:53', '2021-07-30 17:34:53'),
	(664, 19, 'Badda Thana', 'বাড্ডা থানা', 1, NULL, NULL, '2021-07-30 17:34:53', '2021-07-30 17:34:53'),
	(665, 19, 'Kafrul Thana', 'কাফরুল থানা', 1, NULL, NULL, '2021-07-30 17:34:53', '2021-07-30 17:34:53'),
	(666, 19, 'Kamringir Thana Char', 'কামরাঙ্গীর চর থানা', 1, NULL, NULL, '2021-07-30 17:34:53', '2021-07-30 17:34:53'),
	(667, 19, 'Khilgaon Thana', 'খিলগাঁও থানা', 1, NULL, NULL, '2021-07-30 17:34:53', '2021-07-30 17:34:53'),
	(668, 19, 'Uttara Model Thana', 'উত্তরা থানা', 1, NULL, NULL, '2021-07-30 17:34:53', '2021-07-30 17:34:53'),
	(669, 19, 'Shah Ali Thana', 'শাহ আলী থানা', 1, NULL, NULL, '2021-07-30 17:34:53', '2021-07-30 17:34:53'),
	(670, 19, 'Biman Bandar Thana', 'বিমান বন্দর থানা', 1, NULL, NULL, '2021-07-30 17:34:53', '2021-07-30 17:34:53'),
	(671, 19, 'Paltan Model Thana', 'পল্টন থানা', 1, NULL, NULL, '2021-07-30 17:34:53', '2021-07-30 17:34:53'),
	(672, 19, 'Adabar Thana', 'আদাবর থানা', 1, NULL, NULL, '2021-07-30 17:34:53', '2021-07-30 17:34:53'),
	(673, 19, 'Darus Salam Thana', 'দারুস সালাম থানা', 1, NULL, NULL, '2021-07-30 17:34:53', '2021-07-30 17:34:53'),
	(674, 19, 'Uttarkhan Thana', 'উত্তরখান থানা', 1, NULL, NULL, '2021-07-30 17:34:53', '2021-07-30 17:34:53'),
	(675, 19, 'Kamrangirchar Thana', 'কামরাঙ্গীরচর থানা', 1, NULL, NULL, '2021-07-30 17:34:53', '2021-07-30 17:34:53'),
	(676, 19, 'Kadamtoli Thana', 'কদমতলী থানা', 1, NULL, NULL, '2021-07-30 17:34:53', '2021-07-30 17:34:53'),
	(677, 19, 'Gendaria Thana', 'গেন্ডারিয়া থানা', 1, NULL, NULL, '2021-07-30 17:34:53', '2021-07-30 17:34:53'),
	(678, 19, 'Chalkbazar Thana', 'চকবাজার থানা', 1, NULL, NULL, '2021-07-30 17:34:53', '2021-07-30 17:34:53'),
	(679, 19, 'Tejgaon Industrial Thana', 'তেজগাঁও শিল্পাঞ্চল থানা', 1, NULL, NULL, '2021-07-30 17:34:53', '2021-07-30 17:34:53'),
	(680, 19, 'Turag Thana', 'তুরাগ থানা', 1, NULL, NULL, '2021-07-30 17:34:53', '2021-07-30 17:34:53'),
	(681, 19, 'Dakhinkhan Thana', 'দক্ষিণখান থানা', 1, NULL, NULL, '2021-07-30 17:34:53', '2021-07-30 17:34:53'),
	(682, 19, 'Bangshal Thana', 'বংশাল থানা', 1, NULL, NULL, '2021-07-30 17:34:53', '2021-07-30 17:34:53'),
	(683, 19, 'Bhashantek Thana', 'ভাষানটেক থানা', 1, NULL, NULL, '2021-07-30 17:34:53', '2021-07-30 17:34:53'),
	(684, 19, 'Bhatara Thana', 'ভাটারা থানা', 1, NULL, NULL, '2021-07-30 17:34:53', '2021-07-30 17:34:53'),
	(685, 19, 'Jatrabari Thana', 'যাত্রাবাড়ী থানা', 1, NULL, NULL, '2021-07-30 17:34:53', '2021-07-30 17:34:53'),
	(686, 19, 'Rampura Thana', 'রামপুরা থানা', 1, NULL, NULL, '2021-07-30 17:34:53', '2021-07-30 17:34:53'),
	(687, 19, 'Rupnagar Thana', 'রূপনগর থানা', 1, NULL, NULL, '2021-07-30 17:34:53', '2021-07-30 17:34:53'),
	(688, 19, 'Sherebangla Nagar Thana', 'শেরেবাংলা নগর থানা', 1, NULL, NULL, '2021-07-30 17:34:53', '2021-07-30 17:34:53'),
	(689, 19, 'Shahjahanpur Thana', 'শাহজাহানপুর থানা', 1, NULL, NULL, '2021-07-30 17:34:53', '2021-07-30 17:34:53'),
	(690, 19, 'Kalabagan', '', 1, NULL, NULL, '2021-07-30 17:34:53', '2021-07-30 17:34:53'),
	(691, 19, 'Adabor', '', 1, NULL, NULL, '2021-07-30 17:34:53', '2021-07-30 17:34:53'),
	(692, 19, 'Airport', '', 1, NULL, NULL, '2021-07-30 17:34:53', '2021-07-30 17:34:53'),
	(693, 19, 'Badda', '', 1, NULL, NULL, '2021-07-30 17:34:53', '2021-07-30 17:34:53'),
	(694, 19, 'Banani', '', 1, NULL, NULL, '2021-07-30 17:34:53', '2021-07-30 17:34:53'),
	(695, 19, 'Bangshal', '', 1, NULL, NULL, '2021-07-30 17:34:53', '2021-07-30 17:34:53'),
	(696, 19, 'Bhashantek', '', 1, NULL, NULL, '2021-07-30 17:34:53', '2021-07-30 17:34:53'),
	(697, 19, 'Cantonment', '', 1, NULL, NULL, '2021-07-30 17:34:53', '2021-07-30 17:34:53'),
	(698, 19, 'Chackbazar', '', 1, NULL, NULL, '2021-07-30 17:34:53', '2021-07-30 17:34:53'),
	(699, 19, 'Darussalam', '', 1, NULL, NULL, '2021-07-30 17:34:53', '2021-07-30 17:34:53'),
	(700, 19, 'Daskhinkhan', '', 1, NULL, NULL, '2021-07-30 17:34:53', '2021-07-30 17:34:53'),
	(701, 19, 'Demra', '', 1, NULL, NULL, '2021-07-30 17:34:53', '2021-07-30 17:34:53'),
	(702, 19, 'Dhamrai', '', 1, NULL, NULL, '2021-07-30 17:34:53', '2021-07-30 17:34:53'),
	(703, 19, 'Wari', '', 1, NULL, NULL, '2021-07-30 17:34:53', '2021-07-30 17:34:53'),
	(704, 19, 'Vatara', '', 1, NULL, NULL, '2021-07-30 17:34:53', '2021-07-30 17:34:53'),
	(705, 19, 'Uttarkhan', '', 1, NULL, NULL, '2021-07-30 17:34:53', '2021-07-30 17:34:53'),
	(706, 19, 'Uttara West', '', 1, NULL, NULL, '2021-07-30 17:34:53', '2021-07-30 17:34:53'),
	(707, 11, 'Test', '', 1, NULL, NULL, '2021-07-30 17:34:53', '2021-07-30 17:34:53'),
	(708, 63, 'Tarakanda', 'তারাকান্দা', 1, NULL, NULL, '2021-07-30 17:34:53', '2021-07-30 17:34:53'),
	(709, 19, 'Newmarket', 'Newmarket', 1, NULL, NULL, '2021-07-30 17:34:53', '2021-07-30 17:34:53'),
	(710, 19, 'Sever', 'Sever', 1, NULL, NULL, '2021-07-30 17:34:53', '2021-07-30 17:34:53'),
	(711, 19, 'KHILKHET', 'KHILKHET', 1, NULL, NULL, '2021-07-30 17:34:53', '2021-07-30 17:34:53');

-- Dumping structure for table iposolution.unions
CREATE TABLE IF NOT EXISTS `unions` (
  `id` int(10) unsigned NOT NULL AUTO_INCREMENT,
  `thana_id` int(11) DEFAULT NULL,
  `name_english` varchar(100) DEFAULT NULL,
  `name_bangla` varchar(100) DEFAULT NULL,
  `status` tinyint(4) DEFAULT '1',
  `created_by` int(11) DEFAULT NULL,
  `updated_by` int(11) DEFAULT NULL,
  `created_at` timestamp NULL DEFAULT NULL,
  `updated_at` timestamp NULL DEFAULT NULL,
  PRIMARY KEY (`id`)
) ENGINE=InnoDB AUTO_INCREMENT=184 DEFAULT CHARSET=utf8;

-- Dumping data for table iposolution.unions: ~181 rows (approximately)
INSERT INTO `unions` (`id`, `thana_id`, `name_english`, `name_bangla`, `status`, `created_by`, `updated_by`, `created_at`, `updated_at`) VALUES
	(2, 57, 'Nasirnagar', 'নাসিরনগর', 1, NULL, NULL, '2021-07-30 17:40:47', '2021-07-30 17:40:47'),
	(3, 62, 'Akhaura', 'আখাউরা', 1, NULL, NULL, '2021-07-30 17:40:47', '2021-07-30 17:40:47'),
	(4, 56, 'Ashuganj', 'আশুগঞ্জ', 1, NULL, NULL, '2021-07-30 17:40:47', '2021-07-30 17:40:47'),
	(5, 61, 'Kasba', 'কসবা', 1, NULL, NULL, '2021-07-30 17:40:47', '2021-07-30 17:40:47'),
	(6, 58, 'Nabinagar', 'নবীনগর', 1, NULL, NULL, '2021-07-30 17:40:47', '2021-07-30 17:40:47'),
	(7, 63, 'Bancharampur', 'বাঞ্ছারামপুর', 1, NULL, NULL, '2021-07-30 17:40:47', '2021-07-30 17:40:47'),
	(8, 64, 'Bijoynagar', 'বিজয় নগর', 1, NULL, NULL, '2021-07-30 17:40:47', '2021-07-30 17:40:47'),
	(9, 54, 'Brahmanbaria Sadar', 'ব্রাহ্মণবাড়িয়া সদর', 1, NULL, NULL, '2021-07-30 17:40:47', '2021-07-30 17:40:47'),
	(10, 60, 'Shahbazpur Town', 'শাহবাজপুর টাউন', 1, NULL, NULL, '2021-07-30 17:40:47', '2021-07-30 17:40:47'),
	(11, 59, 'Sarail', 'সরাইল', 1, NULL, NULL, '2021-07-30 17:40:47', '2021-07-30 17:40:47'),
	(12, 79, 'Baroyar Hat', 'বারোইয়ার হাট', 1, NULL, NULL, '2021-07-30 17:40:47', '2021-07-30 17:40:47'),
	(13, 342, 'Amlaba', 'আমলাব', 1, NULL, NULL, '2021-07-30 17:40:47', '2021-07-30 17:40:47'),
	(14, 342, 'Bajnaba', 'বাজনাব', 1, NULL, NULL, '2021-07-30 17:40:47', '2021-07-30 17:40:47'),
	(15, 342, 'Belabo', 'বেলাবো', 1, NULL, NULL, '2021-07-30 17:40:47', '2021-07-30 17:40:47'),
	(16, 342, 'Binnabayd', 'বিন্নাবাইদ', 1, NULL, NULL, '2021-07-30 17:40:47', '2021-07-30 17:40:47'),
	(17, 342, 'Charuzilab', 'চরউজিলাব', 1, NULL, NULL, '2021-07-30 17:40:47', '2021-07-30 17:40:47'),
	(18, 342, 'Naraynpur', 'নারায়নপুর', 1, NULL, NULL, '2021-07-30 17:40:47', '2021-07-30 17:40:47'),
	(19, 342, 'Sallabad', 'সল্লাবাদ', 1, NULL, NULL, '2021-07-30 17:40:47', '2021-07-30 17:40:47'),
	(20, 342, 'Patuli', 'পাটুলী', 1, NULL, NULL, '2021-07-30 17:40:47', '2021-07-30 17:40:47'),
	(21, 342, 'Diara', 'দেয়ারা', 1, NULL, NULL, '2021-07-30 17:40:47', '2021-07-30 17:40:47'),
	(22, 343, 'Barachapa', 'বড়চাপা', 1, NULL, NULL, '2021-07-30 17:40:47', '2021-07-30 17:40:47'),
	(23, 343, 'Chalakchar', 'চালাকচর', 1, NULL, NULL, '2021-07-30 17:40:47', '2021-07-30 17:40:47'),
	(24, 343, 'Charmandalia', 'চরমান্দালিয়া', 1, NULL, NULL, '2021-07-30 17:40:47', '2021-07-30 17:40:47'),
	(25, 343, 'Ekduaria', 'একদুয়ারিয়া', 1, NULL, NULL, '2021-07-30 17:40:47', '2021-07-30 17:40:47'),
	(26, 343, 'Gotashia', 'গোতাশিয়া', 1, NULL, NULL, '2021-07-30 17:40:47', '2021-07-30 17:40:47'),
	(27, 343, 'Kanchikata', 'কাচিকাটা', 1, NULL, NULL, '2021-07-30 17:40:47', '2021-07-30 17:40:47'),
	(28, 343, 'Khidirpur', 'খিদিরপুর', 1, NULL, NULL, '2021-07-30 17:40:47', '2021-07-30 17:40:47'),
	(29, 343, 'Shukundi', 'শুকুন্দি', 1, NULL, NULL, '2021-07-30 17:40:47', '2021-07-30 17:40:47'),
	(30, 343, 'Dawlatpur', 'দৌলতপুর', 1, NULL, NULL, '2021-07-30 17:40:47', '2021-07-30 17:40:47'),
	(31, 343, 'Krisnopur', 'কৃষ্ণপুর', 1, NULL, NULL, '2021-07-30 17:40:47', '2021-07-30 17:40:47'),
	(32, 343, 'Labutala', 'লেবুতলা', 1, NULL, NULL, '2021-07-30 17:40:47', '2021-07-30 17:40:47'),
	(33, 343, 'Chandanbari', 'চন্দনবাড়ী', 1, NULL, NULL, '2021-07-30 17:40:47', '2021-07-30 17:40:47'),
	(34, 344, 'Alokbali', 'আলোকবালী', 1, NULL, NULL, '2021-07-30 17:40:47', '2021-07-30 17:40:47'),
	(35, 344, 'Chardighaldi', 'চরদিঘলদী', 1, NULL, NULL, '2021-07-30 17:40:47', '2021-07-30 17:40:47'),
	(36, 344, 'Chinishpur', '', 1, NULL, NULL, '2021-07-30 17:40:47', '2021-07-30 17:40:47'),
	(37, 344, 'Hajipur', '', 1, NULL, NULL, '2021-07-30 17:40:47', '2021-07-30 17:40:47'),
	(38, 344, 'Karimpur', 'করিমপুর', 1, NULL, NULL, '2021-07-30 17:40:47', '2021-07-30 17:40:47'),
	(39, 344, 'Khathalia', 'কাঠালিয়া', 1, NULL, NULL, '2021-07-30 17:40:47', '2021-07-30 17:40:47'),
	(40, 344, 'Nuralapur', 'নূরালাপুর', 1, NULL, NULL, '2021-07-30 17:40:47', '2021-07-30 17:40:47'),
	(41, 344, 'Mahishasura', 'মহিষাশুড়া', 1, NULL, NULL, '2021-07-30 17:40:47', '2021-07-30 17:40:47'),
	(42, 344, 'Meherpara', 'মেহেড়পাড়া', 1, NULL, NULL, '2021-07-30 17:40:47', '2021-07-30 17:40:47'),
	(43, 344, 'Nazarpur', 'নজরপুর', 1, NULL, NULL, '2021-07-30 17:40:47', '2021-07-30 17:40:47'),
	(44, 344, 'Paikarchar', 'পাইকারচর', 1, NULL, NULL, '2021-07-30 17:40:47', '2021-07-30 17:40:47'),
	(45, 344, 'Panchdona', 'পাঁচদোনা', 1, NULL, NULL, '2021-07-30 17:40:47', '2021-07-30 17:40:47'),
	(46, 344, 'Silmandi', 'শিলমান্দী', 1, NULL, NULL, '2021-07-30 17:40:47', '2021-07-30 17:40:47'),
	(47, 344, 'Amdia 2', 'আমদিয়া  2', 1, NULL, NULL, '2021-07-30 17:40:47', '2021-07-30 17:40:47'),
	(48, 345, 'Danga', 'ডাংঙ্গা', 1, NULL, NULL, '2021-07-30 17:40:47', '2021-07-30 17:40:47'),
	(49, 345, 'Charsindur', 'চরসিন্দুর', 1, NULL, NULL, '2021-07-30 17:40:47', '2021-07-30 17:40:47'),
	(50, 345, 'Jinardi', 'জিনারদী', 1, NULL, NULL, '2021-07-30 17:40:47', '2021-07-30 17:40:47'),
	(51, 345, 'Gazaria', 'গজারিয়া', 1, NULL, NULL, '2021-07-30 17:40:47', '2021-07-30 17:40:47'),
	(52, 346, 'Chanpur', 'চানপুর', 1, NULL, NULL, '2021-07-30 17:40:47', '2021-07-30 17:40:47'),
	(53, 346, 'Alipura', 'অলিপুরা', 1, NULL, NULL, '2021-07-30 17:40:47', '2021-07-30 17:40:47'),
	(54, 346, 'Amirganj', 'আমিরগঞ্জ', 1, NULL, NULL, '2021-07-30 17:40:47', '2021-07-30 17:40:47'),
	(55, 346, 'Adiabad', 'আদিয়াবাদ', 1, NULL, NULL, '2021-07-30 17:40:47', '2021-07-30 17:40:47'),
	(56, 346, 'Banshgari', 'বাঁশগাড়ী', 1, NULL, NULL, '2021-07-30 17:40:47', '2021-07-30 17:40:47'),
	(57, 346, 'Chanderkandi', 'চান্দেরকান্দি', 1, NULL, NULL, '2021-07-30 17:40:47', '2021-07-30 17:40:47'),
	(58, 346, 'Chararalia', 'চরআড়ালিয়া', 1, NULL, NULL, '2021-07-30 17:40:47', '2021-07-30 17:40:47'),
	(59, 346, 'Charmadhua', 'চরমধুয়া', 1, NULL, NULL, '2021-07-30 17:40:47', '2021-07-30 17:40:47'),
	(60, 346, 'Charsubuddi', 'চরসুবুদ্দি', 1, NULL, NULL, '2021-07-30 17:40:47', '2021-07-30 17:40:47'),
	(61, 346, 'Daukarchar', '', 1, NULL, NULL, '2021-07-30 17:40:47', '2021-07-30 17:40:47'),
	(62, 346, 'Hairmara', 'হাইরমারা', 1, NULL, NULL, '2021-07-30 17:40:47', '2021-07-30 17:40:47'),
	(63, 346, 'Maheshpur', 'মহেষপুর', 1, NULL, NULL, '2021-07-30 17:40:47', '2021-07-30 17:40:47'),
	(64, 346, 'Maheshpur', 'মহেষপুর', 1, NULL, NULL, '2021-07-30 17:40:47', '2021-07-30 17:40:47'),
	(65, 346, 'Mirzanagar', 'মির্জানগর', 1, NULL, NULL, '2021-07-30 17:40:47', '2021-07-30 17:40:47'),
	(66, 346, 'Mirzarchar', 'মির্জারচর', 1, NULL, NULL, '2021-07-30 17:40:47', '2021-07-30 17:40:47'),
	(67, 346, 'Nilakhya', 'নিলক্ষ্যা', 1, NULL, NULL, '2021-07-30 17:40:47', '2021-07-30 17:40:47'),
	(68, 346, 'Palashtali', 'পলাশতলী', 1, NULL, NULL, '2021-07-30 17:40:47', '2021-07-30 17:40:47'),
	(69, 346, 'Paratali', 'পাড়াতলী', 1, NULL, NULL, '2021-07-30 17:40:47', '2021-07-30 17:40:47'),
	(70, 346, 'Sreenagar', 'শ্রীনগর', 1, NULL, NULL, '2021-07-30 17:40:47', '2021-07-30 17:40:47'),
	(71, 346, 'Roypura', 'রায়পুরা', 1, NULL, NULL, '2021-07-30 17:40:47', '2021-07-30 17:40:47'),
	(72, 346, 'Musapur', 'মুছাপুর', 1, NULL, NULL, '2021-07-30 17:40:47', '2021-07-30 17:40:47'),
	(73, 346, 'Uttarbakharnagar', 'উত্তর বাখরনগর', 1, NULL, NULL, '2021-07-30 17:40:47', '2021-07-30 17:40:47'),
	(74, 346, 'Marjal 2', 'মরজাল', 1, NULL, NULL, '2021-07-30 17:40:47', '2021-07-30 17:40:47'),
	(75, 347, 'Dulalpur', 'দুলালপুর', 1, NULL, NULL, '2021-07-30 17:40:47', '2021-07-30 17:40:47'),
	(76, 347, 'Joynagar', 'জয়নগর', 1, NULL, NULL, '2021-07-30 17:40:47', '2021-07-30 17:40:47'),
	(77, 347, 'Sadharchar', 'সাধারচর', 1, NULL, NULL, '2021-07-30 17:40:47', '2021-07-30 17:40:47'),
	(78, 347, 'Masimpur', 'মাছিমপুর', 1, NULL, NULL, '2021-07-30 17:40:47', '2021-07-30 17:40:47'),
	(79, 347, 'Chakradha', 'চক্রধা', 1, NULL, NULL, '2021-07-30 17:40:47', '2021-07-30 17:40:47'),
	(80, 347, 'Joshar', 'যোশর', 1, NULL, NULL, '2021-07-30 17:40:47', '2021-07-30 17:40:47'),
	(81, 347, 'Baghabo', 'বাঘাবু', 1, NULL, NULL, '2021-07-30 17:40:47', '2021-07-30 17:40:47'),
	(82, 347, 'Ayubpur', 'আয়ুবপুর', 1, NULL, NULL, '2021-07-30 17:40:47', '2021-07-30 17:40:47'),
	(83, 347, 'Putia', 'পুটিয়া', 1, NULL, NULL, '2021-07-30 17:40:47', '2021-07-30 17:40:47'),
	(84, 298, 'Bahadursadi', 'বাহাদুরশাদী', 1, NULL, NULL, '2021-07-30 17:40:47', '2021-07-30 17:40:47'),
	(85, 298, 'Baktarpur', 'বক্তারপুর', 1, NULL, NULL, '2021-07-30 17:40:47', '2021-07-30 17:40:47'),
	(86, 298, 'Jamalpurnew', 'জামালপুর', 1, NULL, NULL, '2021-07-30 17:40:47', '2021-07-30 17:40:47'),
	(87, 298, 'Jangalia', 'জাঙ্গালিয়া', 1, NULL, NULL, '2021-07-30 17:40:47', '2021-07-30 17:40:47'),
	(88, 298, 'Moktarpur', 'মোক্তারপুর', 1, NULL, NULL, '2021-07-30 17:40:47', '2021-07-30 17:40:47'),
	(89, 298, 'Nagari', 'নাগরী', 1, NULL, NULL, '2021-07-30 17:40:47', '2021-07-30 17:40:47'),
	(90, 298, 'Tumulia', 'তুমুলিয়া', 1, NULL, NULL, '2021-07-30 17:40:47', '2021-07-30 17:40:47'),
	(91, 294, 'Boali', 'বোয়ালী', 1, NULL, NULL, '2021-07-30 17:40:47', '2021-07-30 17:40:47'),
	(92, 294, 'Chapair', 'চাপাইর', 1, NULL, NULL, '2021-07-30 17:40:47', '2021-07-30 17:40:47'),
	(93, 294, 'Dhaliora', 'ঢালজোড়া', 1, NULL, NULL, '2021-07-30 17:40:47', '2021-07-30 17:40:47'),
	(94, 294, 'Fulbaria', 'ফুলবাড়ীয়া', 1, NULL, NULL, '2021-07-30 17:40:47', '2021-07-30 17:40:47'),
	(95, 294, 'Madhyapara', 'মধ্যপাড়া', 1, NULL, NULL, '2021-07-30 17:40:47', '2021-07-30 17:40:47'),
	(96, 294, 'Mouchak', 'মৌচাক', 1, NULL, NULL, '2021-07-30 17:40:47', '2021-07-30 17:40:47'),
	(97, 294, 'Sutrapur', 'সূত্রাপুর', 1, NULL, NULL, '2021-07-30 17:40:47', '2021-07-30 17:40:47'),
	(98, 294, 'Srifaltali', 'শ্রীফলতলী', 1, NULL, NULL, '2021-07-30 17:40:47', '2021-07-30 17:40:47'),
	(99, 293, 'Baria', 'বাড়ীয়া', 1, NULL, NULL, '2021-07-30 17:40:47', '2021-07-30 17:40:47'),
	(100, 293, 'Basan', 'বাসন', 1, NULL, NULL, '2021-07-30 17:40:47', '2021-07-30 17:40:47'),
	(101, 293, 'Gachha', 'গাছা', 1, NULL, NULL, '2021-07-30 17:40:47', '2021-07-30 17:40:47'),
	(102, 293, 'Kashimpur', 'কাশিমপুর', 1, NULL, NULL, '2021-07-30 17:40:47', '2021-07-30 17:40:47'),
	(103, 293, 'Kayaltia', 'কাউলতিয়া', 1, NULL, NULL, '2021-07-30 17:40:47', '2021-07-30 17:40:47'),
	(104, 293, 'Konabari', 'কোনাবাড়ী', 1, NULL, NULL, '2021-07-30 17:40:47', '2021-07-30 17:40:47'),
	(105, 293, 'Mirzapur', 'মির্জাপুর', 1, NULL, NULL, '2021-07-30 17:40:47', '2021-07-30 17:40:47'),
	(106, 293, 'Pubail', 'পূবাইল', 1, NULL, NULL, '2021-07-30 17:40:47', '2021-07-30 17:40:47'),
	(107, 297, 'Barmi', 'বরমী', 1, NULL, NULL, '2021-07-30 17:40:47', '2021-07-30 17:40:47'),
	(108, 297, 'Gazipur', 'গাজীপুর', 1, NULL, NULL, '2021-07-30 17:40:47', '2021-07-30 17:40:47'),
	(109, 297, 'Gosinga', 'গোসিংগা', 1, NULL, NULL, '2021-07-30 17:40:47', '2021-07-30 17:40:47'),
	(110, 297, 'Maona', 'মাওনা', 1, NULL, NULL, '2021-07-30 17:40:47', '2021-07-30 17:40:47'),
	(111, 297, 'Kaoraid', 'কাওরাইদ', 1, NULL, NULL, '2021-07-30 17:40:47', '2021-07-30 17:40:47'),
	(112, 297, 'Prahladpur', 'প্রহলাদপুর', 1, NULL, NULL, '2021-07-30 17:40:47', '2021-07-30 17:40:47'),
	(113, 297, 'Rajabari', 'রাজাবাড়ী', 1, NULL, NULL, '2021-07-30 17:40:47', '2021-07-30 17:40:47'),
	(114, 297, 'Telihati', 'তেলিহাটী', 1, NULL, NULL, '2021-07-30 17:40:47', '2021-07-30 17:40:47'),
	(115, 353, 'Binodpur', 'বিনোদপুর', 1, NULL, NULL, '2021-07-30 17:40:47', '2021-07-30 17:40:47'),
	(116, 353, 'Tulasar', 'তুলাসার', 1, NULL, NULL, '2021-07-30 17:40:47', '2021-07-30 17:40:47'),
	(117, 353, 'Palong', 'পালং', 1, NULL, NULL, '2021-07-30 17:40:47', '2021-07-30 17:40:47'),
	(118, 353, 'Domshar', 'ডোমসার', 1, NULL, NULL, '2021-07-30 17:40:47', '2021-07-30 17:40:47'),
	(119, 353, 'Rudrakar', 'রুদ্রকর', 1, NULL, NULL, '2021-07-30 17:40:47', '2021-07-30 17:40:47'),
	(120, 353, 'Angaria', 'আংগারিয়া', 1, NULL, NULL, '2021-07-30 17:40:47', '2021-07-30 17:40:47'),
	(121, 353, 'Chitolia', 'চিতলয়া', 1, NULL, NULL, '2021-07-30 17:40:47', '2021-07-30 17:40:47'),
	(122, 353, 'Mahmudpur', 'মাহমুদপুর', 1, NULL, NULL, '2021-07-30 17:40:47', '2021-07-30 17:40:47'),
	(123, 353, 'Chikondi', 'চিকন্দি', 1, NULL, NULL, '2021-07-30 17:40:47', '2021-07-30 17:40:47'),
	(124, 353, 'Chandrapur', 'চন্দ্রপুর', 1, NULL, NULL, '2021-07-30 17:40:47', '2021-07-30 17:40:47'),
	(125, 353, 'Shulpara', 'শৌলপাড়া', 1, NULL, NULL, '2021-07-30 17:40:47', '2021-07-30 17:40:47'),
	(126, 355, 'Kedarpur', 'কেদারপুর', 1, NULL, NULL, '2021-07-30 17:40:47', '2021-07-30 17:40:47'),
	(127, 355, 'Dingamanik', 'ডিংগামানিক', 1, NULL, NULL, '2021-07-30 17:40:47', '2021-07-30 17:40:47'),
	(128, 355, 'Garishar', 'ঘড়িষার', 1, NULL, NULL, '2021-07-30 17:40:47', '2021-07-30 17:40:47'),
	(129, 355, 'Nowpara', 'নওপাড়া', 1, NULL, NULL, '2021-07-30 17:40:47', '2021-07-30 17:40:47'),
	(130, 355, 'Moktererchar', 'মোত্তারেরচর', 1, NULL, NULL, '2021-07-30 17:40:47', '2021-07-30 17:40:47'),
	(131, 355, 'Charatra', 'চরআত্রা', 1, NULL, NULL, '2021-07-30 17:40:47', '2021-07-30 17:40:47'),
	(132, 355, 'Rajnagar', 'রাজনগর', 1, NULL, NULL, '2021-07-30 17:40:47', '2021-07-30 17:40:47'),
	(133, 355, 'Japsa', 'জপসা', 1, NULL, NULL, '2021-07-30 17:40:47', '2021-07-30 17:40:47'),
	(134, 355, 'Vojeshwar', 'ভোজেশ্বর', 1, NULL, NULL, '2021-07-30 17:40:47', '2021-07-30 17:40:47'),
	(135, 355, 'Fategongpur', 'ফতেজংপুর', 1, NULL, NULL, '2021-07-30 17:40:47', '2021-07-30 17:40:47'),
	(136, 355, 'Bijari', 'বিঝারি', 1, NULL, NULL, '2021-07-30 17:40:47', '2021-07-30 17:40:47'),
	(137, 355, 'Vumkhara', 'ভূমখাড়া', 1, NULL, NULL, '2021-07-30 17:40:47', '2021-07-30 17:40:47'),
	(138, 355, 'Nashason', 'নশাসন', 1, NULL, NULL, '2021-07-30 17:40:47', '2021-07-30 17:40:47'),
	(139, 356, 'Zajirasadar', 'জাজিরা সদর,', 1, NULL, NULL, '2021-07-30 17:40:47', '2021-07-30 17:40:47'),
	(140, 356, 'Mulna', 'মূলনা', 1, NULL, NULL, '2021-07-30 17:40:47', '2021-07-30 17:40:47'),
	(141, 356, 'Barokandi', 'বড়কান্দি', 1, NULL, NULL, '2021-07-30 17:40:47', '2021-07-30 17:40:47'),
	(142, 356, 'Bilaspur', 'বিলাসপুর', 1, NULL, NULL, '2021-07-30 17:40:47', '2021-07-30 17:40:47'),
	(143, 356, 'Kundarchar', 'কুন্ডেরচর', 1, NULL, NULL, '2021-07-30 17:40:47', '2021-07-30 17:40:47'),
	(144, 356, 'Palerchar', 'পালেরচর', 1, NULL, NULL, '2021-07-30 17:40:47', '2021-07-30 17:40:47'),
	(145, 356, 'Purbanawdoba', 'পুর্ব নাওডোবা', 1, NULL, NULL, '2021-07-30 17:40:47', '2021-07-30 17:40:47'),
	(146, 356, 'Nawdoba', 'নাওডোবা', 1, NULL, NULL, '2021-07-30 17:40:47', '2021-07-30 17:40:47'),
	(147, 356, 'Shenerchar,', 'সেনেরচর', 1, NULL, NULL, '2021-07-30 17:40:47', '2021-07-30 17:40:47'),
	(148, 356, 'Bknagar', 'বি. কে. নগর', 1, NULL, NULL, '2021-07-30 17:40:47', '2021-07-30 17:40:47'),
	(149, 356, 'Barogopalpur', 'বড়গোপালপুর', 1, NULL, NULL, '2021-07-30 17:40:47', '2021-07-30 17:40:47'),
	(150, 356, 'Jaynagor', ',জয়নগর', 1, NULL, NULL, '2021-07-30 17:40:47', '2021-07-30 17:40:47'),
	(151, 358, 'Nagerpara', 'নাগের পাড়া', 1, NULL, NULL, '2021-07-30 17:40:47', '2021-07-30 17:40:47'),
	(152, 358, 'Alaolpur', 'আলাওলপুর', 1, NULL, NULL, '2021-07-30 17:40:47', '2021-07-30 17:40:47'),
	(153, 358, 'Kodalpur', 'কোদালপুর', 1, NULL, NULL, '2021-07-30 17:40:47', '2021-07-30 17:40:47'),
	(154, 358, 'Goshairhat', 'গোসাইরহাট', 1, NULL, NULL, '2021-07-30 17:40:47', '2021-07-30 17:40:47'),
	(155, 358, 'Edilpur', 'ইদিলপুর', 1, NULL, NULL, '2021-07-30 17:40:47', '2021-07-30 17:40:47'),
	(156, 358, 'Nalmuri', 'নলমুড়ি', 1, NULL, NULL, '2021-07-30 17:40:47', '2021-07-30 17:40:47'),
	(157, 358, 'Samontasar', 'সামন্তসার', 1, NULL, NULL, '2021-07-30 17:40:47', '2021-07-30 17:40:47'),
	(158, 358, 'Kuchipatti', 'কুচাইপট্টি', 1, NULL, NULL, '2021-07-30 17:40:47', '2021-07-30 17:40:47'),
	(159, 357, 'Ramvadrapur', 'রামভদ্রপুর', 1, NULL, NULL, '2021-07-30 17:40:47', '2021-07-30 17:40:47'),
	(160, 357, 'Mahisar', 'মহিষার', 1, NULL, NULL, '2021-07-30 17:40:47', '2021-07-30 17:40:47'),
	(161, 357, 'Saygaon', 'ছয়গাঁও', 1, NULL, NULL, '2021-07-30 17:40:47', '2021-07-30 17:40:47'),
	(162, 357, 'Narayanpur', 'নারায়নপুর', 1, NULL, NULL, '2021-07-30 17:40:47', '2021-07-30 17:40:47'),
	(163, 357, 'Dmkhali', 'ডি.এম খালি', 1, NULL, NULL, '2021-07-30 17:40:47', '2021-07-30 17:40:47'),
	(164, 357, 'Charkumaria', 'চরকুমারিয়া', 1, NULL, NULL, '2021-07-30 17:40:47', '2021-07-30 17:40:47'),
	(165, 357, 'Sakhipur', 'সখিপুর', 1, NULL, NULL, '2021-07-30 17:40:47', '2021-07-30 17:40:47'),
	(166, 357, 'Kachikata', 'কাচিকাঁটা', 1, NULL, NULL, '2021-07-30 17:40:47', '2021-07-30 17:40:47'),
	(167, 357, 'Northtarabunia', 'উত্তর তারাবুনিয়া', 1, NULL, NULL, '2021-07-30 17:40:47', '2021-07-30 17:40:47'),
	(168, 357, 'Charvaga', 'চরভাগা', 1, NULL, NULL, '2021-07-30 17:40:47', '2021-07-30 17:40:47'),
	(169, 357, 'Arsinagar', 'আরশিনগর', 1, NULL, NULL, '2021-07-30 17:40:47', '2021-07-30 17:40:47'),
	(170, 357, 'Southtarabunia', 'দক্ষিন তারাবুনিয়া', 1, NULL, NULL, '2021-07-30 17:40:47', '2021-07-30 17:40:47'),
	(171, 357, 'Charsensas', 'চরসেনসাস', 1, NULL, NULL, '2021-07-30 17:40:47', '2021-07-30 17:40:47'),
	(172, 336, 'Satgram', 'সাতগ্রাম', 1, NULL, NULL, '2021-07-30 17:40:47', '2021-07-30 17:40:47'),
	(173, 336, 'Duptara', 'দুপ্তারা', 1, NULL, NULL, '2021-07-30 17:40:47', '2021-07-30 17:40:47'),
	(174, 336, 'Brahammandi', 'ব্রা‏হ্মন্দী', 1, NULL, NULL, '2021-07-30 17:40:47', '2021-07-30 17:40:47'),
	(175, 336, 'Fatepur', 'ফতেপুর', 1, NULL, NULL, '2021-07-30 17:40:47', '2021-07-30 17:40:47'),
	(176, 336, 'Bishnandi', 'বিশনন্দী', 1, NULL, NULL, '2021-07-30 17:40:47', '2021-07-30 17:40:47'),
	(177, 336, 'Mahmudpur', 'মাহমুদপুর', 1, NULL, NULL, '2021-07-30 17:40:47', '2021-07-30 17:40:47'),
	(178, 336, 'Highjadi', 'হাইজাদী', 1, NULL, NULL, '2021-07-30 17:40:47', '2021-07-30 17:40:47'),
	(179, 336, 'Uchitpura', 'উচিৎপুরা', 1, NULL, NULL, '2021-07-30 17:40:47', '2021-07-30 17:40:47'),
	(180, 336, 'Kalapaharia', 'কালাপাহাড়িয়া', 1, NULL, NULL, '2021-07-30 17:40:47', '2021-07-30 17:40:47'),
	(181, 336, 'KagkandaUP', 'খাগকান্দা', 1, NULL, NULL, '2021-07-30 17:40:47', '2021-07-30 17:40:47'),
	(182, 380, 'Test 2', 'টেস্ট 2', 1, NULL, NULL, '2021-07-30 17:40:47', '2021-07-30 17:40:47'),
	(183, 106, 'aaaaaa', NULL, 1, NULL, NULL, '2021-08-19 13:14:15', '2021-08-19 13:14:15');

-- Dumping structure for table iposolution.users_phone
CREATE TABLE IF NOT EXISTS `users_phone` (
  `id` int(10) unsigned NOT NULL AUTO_INCREMENT,
  `user_id` int(11) DEFAULT NULL,
  `phone_type_id` int(11) DEFAULT NULL,
  `phone_number` varchar(100) DEFAULT NULL,
  `created_by` int(11) DEFAULT NULL,
  `updated_by` int(11) DEFAULT NULL,
  `created_at` timestamp NULL DEFAULT NULL,
  `updated_at` timestamp NULL DEFAULT NULL,
  PRIMARY KEY (`id`)
) ENGINE=InnoDB AUTO_INCREMENT=16 DEFAULT CHARSET=utf8;

-- Dumping data for table iposolution.users_phone: ~11 rows (approximately)
INSERT INTO `users_phone` (`id`, `user_id`, `phone_type_id`, `phone_number`, `created_by`, `updated_by`, `created_at`, `updated_at`) VALUES
	(1, 1611, 1, '01790622186', NULL, NULL, '2021-08-20 14:39:08', '2021-08-20 14:39:08'),
	(2, 402, 3, '017', NULL, NULL, '2021-08-21 05:46:10', '2021-08-21 05:46:10'),
	(3, 402, 1, '01790622186', NULL, NULL, '2021-08-21 05:58:01', '2021-08-21 05:58:01'),
	(4, 402, 3, '0166666666', 1, NULL, '2021-08-21 06:43:38', '2021-08-21 06:43:38'),
	(5, 4073, 1, '01790622180', 1, NULL, '2021-08-22 12:29:23', '2021-08-22 12:29:23'),
	(6, 1, 3, '01790622183', 1, NULL, '2021-08-22 17:00:48', '2021-08-22 17:00:48'),
	(7, 5805, 1, '5554555', 1, NULL, '2021-08-29 17:41:22', '2021-09-15 14:03:00'),
	(8, 1611, 1, '01405169414', 1, NULL, '2021-09-08 13:06:54', '2021-09-08 13:06:54'),
	(10, 1611, 1, '014051694166', 1, NULL, '2021-09-08 13:23:14', '2021-09-08 13:23:14'),
	(11, 1611, 1, '014051694143', 1, NULL, '2021-09-08 13:23:26', '2021-09-08 13:23:26'),
	(12, 5805, 3, '01405169419', 1, NULL, '2021-09-15 14:22:32', '2021-09-15 14:22:32'),
	(13, 5805, 1, '01405169412', 1, NULL, '2021-09-15 14:23:20', '2021-09-15 14:23:20'),
	(14, 5805, 3, '01405169344', 1, NULL, '2021-09-15 14:24:20', '2021-09-15 14:24:20'),
	(15, 5803, 1, '01405169418', 1, NULL, '2021-11-22 07:48:22', '2021-11-22 07:48:22');

-- Dumping structure for table iposolution.users_phone_accounts
CREATE TABLE IF NOT EXISTS `users_phone_accounts` (
  `id` int(10) unsigned NOT NULL AUTO_INCREMENT,
  `user_id` int(11) DEFAULT NULL,
  `user_phone_id` int(11) DEFAULT NULL,
  `phone_account_id` int(11) DEFAULT NULL,
  `created_by` int(11) DEFAULT NULL,
  `updated_by` int(11) DEFAULT NULL,
  `created_at` timestamp NULL DEFAULT NULL,
  `updated_at` timestamp NULL DEFAULT NULL,
  PRIMARY KEY (`id`)
) ENGINE=InnoDB AUTO_INCREMENT=16 DEFAULT CHARSET=utf8;

-- Dumping data for table iposolution.users_phone_accounts: ~11 rows (approximately)
INSERT INTO `users_phone_accounts` (`id`, `user_id`, `user_phone_id`, `phone_account_id`, `created_by`, `updated_by`, `created_at`, `updated_at`) VALUES
	(1, 402, 4, 4, 1, NULL, '2021-08-21 06:43:38', '2021-08-21 06:43:38'),
	(2, 402, 3, 5, 1, NULL, '2021-08-21 06:43:38', '2021-08-21 06:43:38'),
	(3, 4073, 5, 4, 1, NULL, '2021-08-22 12:29:23', '2021-08-22 12:29:23'),
	(4, 4073, 5, 5, 1, NULL, '2021-08-22 12:29:23', '2021-08-22 12:29:23'),
	(5, 1, 6, 5, 1, NULL, '2021-08-22 17:00:48', '2021-08-22 17:00:48'),
	(6, 1611, 8, 4, 1, NULL, '2021-09-08 13:06:54', '2021-09-08 13:06:54'),
	(7, 1611, 8, 5, 1, NULL, '2021-09-08 13:06:54', '2021-09-08 13:06:54'),
	(8, 1611, 11, 5, 1, NULL, '2021-09-08 13:23:26', '2021-09-08 13:23:26'),
	(11, 5805, 7, 4, 1, NULL, '2021-09-15 14:21:58', '2021-09-15 14:21:58'),
	(12, 5805, 12, 4, 1, NULL, '2021-09-15 14:24:31', '2021-09-15 14:24:31'),
	(13, 5805, 12, 5, 1, NULL, '2021-09-15 14:24:31', '2021-09-15 14:24:31'),
	(14, 5803, 15, 4, 1, NULL, '2021-11-22 07:48:22', '2021-11-22 07:48:22'),
	(15, 5803, 15, 5, 1, NULL, '2021-11-22 07:48:22', '2021-11-22 07:48:22');

-- Dumping structure for table iposolution.users_social_profiles
CREATE TABLE IF NOT EXISTS `users_social_profiles` (
  `id` int(10) unsigned NOT NULL AUTO_INCREMENT,
  `user_id` int(10) unsigned DEFAULT NULL,
  `profile_type_id` int(11) DEFAULT NULL,
  `profile_url` varchar(150) DEFAULT NULL,
  `created_by` int(11) DEFAULT NULL,
  `updated_by` int(11) DEFAULT NULL,
  `created_at` timestamp NULL DEFAULT NULL,
  `updated_at` timestamp NULL DEFAULT NULL,
  PRIMARY KEY (`id`)
) ENGINE=InnoDB AUTO_INCREMENT=14 DEFAULT CHARSET=utf8;

-- Dumping data for table iposolution.users_social_profiles: ~9 rows (approximately)
INSERT INTO `users_social_profiles` (`id`, `user_id`, `profile_type_id`, `profile_url`, `created_by`, `updated_by`, `created_at`, `updated_at`) VALUES
	(1, 402, 2, 'https://www.facebook.com/', NULL, NULL, '2021-08-21 07:02:27', '2021-08-21 07:02:27'),
	(3, 4073, 2, 'https://www.facebook.com/', 1, NULL, '2021-08-22 12:29:31', '2021-08-22 12:29:31'),
	(4, 1, 2, 'https://www.facebook.com/', 1, NULL, '2021-08-22 17:00:59', '2021-08-22 17:00:59'),
	(7, 5805, 2, 'https://www.facebook.com/ddgggg', 1, NULL, '2021-08-26 06:46:53', '2021-08-30 16:50:43'),
	(8, 5805, 2, 'https://www.facebook.com/dd', 1, NULL, '2021-08-26 06:46:56', '2021-08-26 06:46:56'),
	(9, 1611, 2, 'https://www.facebook.com/', 1, NULL, '2021-08-26 06:52:20', '2021-08-26 06:52:20'),
	(10, 1611, 2, 'https://www.google.com/', 1, NULL, '2021-08-30 16:48:56', '2021-08-30 16:48:56'),
	(11, 5805, 6, 'https://www.google.com/555', 1, NULL, '2021-08-30 16:50:12', '2021-09-13 14:20:50'),
	(12, 1611, 6, 'https://www.google.com/', 1, NULL, '2021-09-01 08:49:40', '2021-09-15 13:55:05'),
	(13, 5803, 2, 'https://www.facebook.com/ddgggg', 1, NULL, '2021-11-25 07:41:26', '2021-11-25 07:41:26');

-- Dumping structure for table iposolution.user_documents
CREATE TABLE IF NOT EXISTS `user_documents` (
  `id` int(10) unsigned NOT NULL AUTO_INCREMENT,
  `user_id` int(10) unsigned DEFAULT NULL,
  `document_type_id` int(10) unsigned DEFAULT NULL,
  `file` varchar(100) DEFAULT NULL,
  `note` text,
  `created_by` int(10) DEFAULT NULL,
  `updated_by` int(10) DEFAULT NULL,
  `created_at` timestamp NULL DEFAULT NULL,
  `updated_at` timestamp NULL DEFAULT NULL,
  PRIMARY KEY (`id`) USING BTREE
) ENGINE=InnoDB AUTO_INCREMENT=3 DEFAULT CHARSET=utf8;

-- Dumping data for table iposolution.user_documents: ~0 rows (approximately)
INSERT INTO `user_documents` (`id`, `user_id`, `document_type_id`, `file`, `note`, `created_by`, `updated_by`, `created_at`, `updated_at`) VALUES
	(2, 5803, 7, '163870847737.gif', 'Test r', 1, 1, '2021-12-05 12:40:09', '2021-12-05 12:47:57');

-- Dumping structure for table iposolution.words
CREATE TABLE IF NOT EXISTS `words` (
  `id` int(10) unsigned NOT NULL AUTO_INCREMENT,
  `union_id` int(11) DEFAULT NULL,
  `name_english` varchar(100) DEFAULT NULL,
  `name_bangla` varchar(100) DEFAULT NULL,
  `status` tinyint(4) DEFAULT '1',
  `created_by` int(11) DEFAULT NULL,
  `updated_by` int(11) DEFAULT NULL,
  `created_at` timestamp NULL DEFAULT NULL,
  `updated_at` timestamp NULL DEFAULT NULL,
  PRIMARY KEY (`id`)
) ENGINE=InnoDB AUTO_INCREMENT=2 DEFAULT CHARSET=utf8;

-- Dumping data for table iposolution.words: ~0 rows (approximately)
INSERT INTO `words` (`id`, `union_id`, `name_english`, `name_bangla`, `status`, `created_by`, `updated_by`, `created_at`, `updated_at`) VALUES
	(1, 183, 'bbbbb', NULL, 1, NULL, NULL, '2021-08-19 13:14:46', '2021-08-19 13:14:46');

